-- Table structure for table `ec_shared_wishlists`
--

CREATE TABLE `ec_shared_wishlists` (
  `id` bigint unsigned NOT NULL AUTO_INCREMENT,
  `code` varchar(191) COLLATE utf8mb4_unicode_ci NOT NULL,
  `product_ids` text COLLATE utf8mb4_unicode_ci,
  `created_at` timestamp NULL DEFAULT NULL,
  `updated_at` timestamp NULL DEFAULT NULL,
  PRIMARY KEY (`id`),
  UNIQUE KEY `ec_shared_wishlists_code_unique` (`code`)
) ENGINE=InnoDB DEFAULT CHARSET=utf8mb4 COLLATE=utf8mb4_unicode_ci;

--
-- Dumping data for table `ec_shared_wishlists`
--


--
-- Table structure for table `ec_shipment_histories`
--

CREATE TABLE `ec_shipment_histories` (
  `id` bigint unsigned NOT NULL AUTO_INCREMENT,
  `action` varchar(120) COLLATE utf8mb4_unicode_ci NOT NULL,
  `description` varchar(400) COLLATE utf8mb4_unicode_ci DEFAULT NULL,
  `user_id` bigint unsigned DEFAULT NULL,
  `shipment_id` bigint unsigned NOT NULL,
  `order_id` bigint unsigned NOT NULL,
  `created_at` timestamp NULL DEFAULT NULL,
  `updated_at` timestamp NULL DEFAULT NULL,
  `user_type` varchar(191) COLLATE utf8mb4_unicode_ci NOT NULL DEFAULT 'Botble\\ACL\\Models\\User',
  PRIMARY KEY (`id`)
) ENGINE=InnoDB DEFAULT CHARSET=utf8mb4 COLLATE=utf8mb4_unicode_ci;

--
-- Dumping data for table `ec_shipment_histories`
--


--
-- Table structure for table `ec_shipments`
--

CREATE TABLE `ec_shipments` (
  `id` bigint unsigned NOT NULL AUTO_INCREMENT,
  `order_id` bigint unsigned NOT NULL,
  `user_id` bigint unsigned DEFAULT NULL,
  `weight` double DEFAULT '0',
  `shipment_id` varchar(120) COLLATE utf8mb4_unicode_ci DEFAULT NULL,
  `rate_id` varchar(120) COLLATE utf8mb4_unicode_ci DEFAULT NULL,
  `note` varchar(120) COLLATE utf8mb4_unicode_ci DEFAULT NULL,
  `status` varchar(120) COLLATE utf8mb4_unicode_ci NOT NULL DEFAULT 'pending',
  `cod_amount` decimal(15,2) DEFAULT '0.00',
  `cod_status` varchar(60) COLLATE utf8mb4_unicode_ci NOT NULL DEFAULT 'pending',
  `cross_checking_status` varchar(60) COLLATE utf8mb4_unicode_ci NOT NULL DEFAULT 'pending',
  `price` decimal(15,2) DEFAULT '0.00',
  `store_id` bigint unsigned DEFAULT NULL,
  `created_at` timestamp NULL DEFAULT NULL,
  `updated_at` timestamp NULL DEFAULT NULL,
  `tracking_id` varchar(191) COLLATE utf8mb4_unicode_ci DEFAULT NULL,
  `shipping_company_name` varchar(191) COLLATE utf8mb4_unicode_ci DEFAULT NULL,
  `tracking_link` varchar(191) COLLATE utf8mb4_unicode_ci DEFAULT NULL,
  `estimate_date_shipped` datetime DEFAULT NULL,
  `date_shipped` datetime DEFAULT NULL,
  `customer_delivered_confirmed_at` timestamp NULL DEFAULT NULL,
  `label_url` text COLLATE utf8mb4_unicode_ci,
  `metadata` mediumtext COLLATE utf8mb4_unicode_ci,
  PRIMARY KEY (`id`)
) ENGINE=InnoDB DEFAULT CHARSET=utf8mb4 COLLATE=utf8mb4_unicode_ci;

--
-- Dumping data for table `ec_shipments`
--


--
-- Table structure for table `ec_shipping`
--

CREATE TABLE `ec_shipping` (
  `id` bigint unsigned NOT NULL AUTO_INCREMENT,
  `title` varchar(191) COLLATE utf8mb4_unicode_ci DEFAULT NULL,
  `country` varchar(120) COLLATE utf8mb4_unicode_ci DEFAULT NULL,
  `created_at` timestamp NULL DEFAULT NULL,
  `updated_at` timestamp NULL DEFAULT NULL,
  PRIMARY KEY (`id`)
) ENGINE=InnoDB AUTO_INCREMENT=2 DEFAULT CHARSET=utf8mb4 COLLATE=utf8mb4_unicode_ci;

--
-- Dumping data for table `ec_shipping`
--

INSERT INTO `ec_shipping` VALUES (1,'All',NULL,'2025-05-01 21:06:37','2025-05-01 21:06:37');

--
-- Table structure for table `ec_shipping_rule_items`
--

CREATE TABLE `ec_shipping_rule_items` (
  `id` bigint unsigned NOT NULL AUTO_INCREMENT,
  `shipping_rule_id` bigint unsigned NOT NULL,
  `country` varchar(120) COLLATE utf8mb4_unicode_ci DEFAULT NULL,
  `state` varchar(120) COLLATE utf8mb4_unicode_ci DEFAULT NULL,
  `city` varchar(120) COLLATE utf8mb4_unicode_ci DEFAULT NULL,
  `zip_code` varchar(20) COLLATE utf8mb4_unicode_ci DEFAULT NULL,
  `adjustment_price` decimal(15,2) DEFAULT '0.00',
  `is_enabled` tinyint(1) NOT NULL DEFAULT '1',
  `created_at` timestamp NULL DEFAULT NULL,
  `updated_at` timestamp NULL DEFAULT NULL,
  PRIMARY KEY (`id`)
) ENGINE=InnoDB DEFAULT CHARSET=utf8mb4 COLLATE=utf8mb4_unicode_ci;

--
-- Dumping data for table `ec_shipping_rule_items`
--


--
-- Table structure for table `ec_shipping_rules`
--

CREATE TABLE `ec_shipping_rules` (
  `id` bigint unsigned NOT NULL AUTO_INCREMENT,
  `name` varchar(120) COLLATE utf8mb4_unicode_ci NOT NULL,
  `shipping_id` bigint unsigned NOT NULL,
  `type` varchar(24) COLLATE utf8mb4_unicode_ci DEFAULT 'based_on_price',
  `from` decimal(15,2) DEFAULT '0.00',
  `to` decimal(15,2) DEFAULT '0.00',
  `price` decimal(15,2) DEFAULT '0.00',
  `created_at` timestamp NULL DEFAULT NULL,
  `updated_at` timestamp NULL DEFAULT NULL,
  PRIMARY KEY (`id`)
) ENGINE=InnoDB AUTO_INCREMENT=4 DEFAULT CHARSET=utf8mb4 COLLATE=utf8mb4_unicode_ci;

--
-- Dumping data for table `ec_shipping_rules`
--

INSERT INTO `ec_shipping_rules` VALUES (1,'Free delivery',1,'based_on_price',1000.00,NULL,0.00,'2025-05-01 21:06:37','2025-05-01 21:06:37'),(2,'Flat Rate',1,'based_on_price',0.00,NULL,20.00,'2025-05-01 21:06:37','2025-05-01 21:06:37'),(3,'Local Pickup',1,'based_on_price',0.00,NULL,0.00,'2025-05-01 21:06:37','2025-05-01 21:06:37');

--
-- Table structure for table `ec_specification_attributes`
--

CREATE TABLE `ec_specification_attributes` (
  `id` bigint unsigned NOT NULL AUTO_INCREMENT,
  `group_id` bigint unsigned NOT NULL,
  `name` varchar(191) COLLATE utf8mb4_unicode_ci NOT NULL,
  `type` varchar(20) COLLATE utf8mb4_unicode_ci NOT NULL,
  `options` text COLLATE utf8mb4_unicode_ci,
  `default_value` varchar(191) COLLATE utf8mb4_unicode_ci DEFAULT NULL,
  `created_at` timestamp NULL DEFAULT NULL,
  `updated_at` timestamp NULL DEFAULT NULL,
  `author_type` varchar(191) COLLATE utf8mb4_unicode_ci DEFAULT NULL,
  `author_id` bigint unsigned DEFAULT NULL,
  PRIMARY KEY (`id`),
  KEY `ec_specification_attributes_author_type_author_id_index` (`author_type`,`author_id`)
) ENGINE=InnoDB AUTO_INCREMENT=9 DEFAULT CHARSET=utf8mb4 COLLATE=utf8mb4_unicode_ci;

--
-- Dumping data for table `ec_specification_attributes`
--

INSERT INTO `ec_specification_attributes` VALUES (1,1,'Height','text',NULL,NULL,'2025-05-01 21:06:45','2025-05-01 21:06:45',NULL,NULL),(2,1,'Width','text',NULL,NULL,'2025-05-01 21:06:45','2025-05-01 21:06:45',NULL,NULL),(3,1,'Weight','text',NULL,NULL,'2025-05-01 21:06:45','2025-05-01 21:06:45',NULL,NULL),(4,2,'Power','text',NULL,NULL,'2025-05-01 21:06:45','2025-05-01 21:06:45',NULL,NULL),(5,2,'Speed','text',NULL,NULL,'2025-05-01 21:06:45','2025-05-01 21:06:45',NULL,NULL),(6,3,'Battery Life','text',NULL,NULL,'2025-05-01 21:06:45','2025-05-01 21:06:45',NULL,NULL),(7,4,'Screen Size','text',NULL,NULL,'2025-05-01 21:06:45','2025-05-01 21:06:45',NULL,NULL),(8,4,'Resolution','select','[\"1920x1080\",\"2560x1440\",\"3840x2160\"]',NULL,'2025-05-01 21:06:45','2025-05-01 21:06:45',NULL,NULL);

--
-- Table structure for table `ec_specification_attributes_translations`
--

CREATE TABLE `ec_specification_attributes_translations` (
  `lang_code` varchar(20) COLLATE utf8mb4_unicode_ci NOT NULL,
  `ec_specification_attributes_id` bigint unsigned NOT NULL,
  `name` varchar(191) COLLATE utf8mb4_unicode_ci DEFAULT NULL,
  `options` text COLLATE utf8mb4_unicode_ci,
  `default_value` varchar(191) COLLATE utf8mb4_unicode_ci DEFAULT NULL,
  PRIMARY KEY (`lang_code`,`ec_specification_attributes_id`)
) ENGINE=InnoDB DEFAULT CHARSET=utf8mb4 COLLATE=utf8mb4_unicode_ci;

--
-- Dumping data for table `ec_specification_attributes_translations`
--


--
-- Table structure for table `ec_specification_groups`
--

CREATE TABLE `ec_specification_groups` (
  `id` bigint unsigned NOT NULL AUTO_INCREMENT,
  `name` varchar(191) COLLATE utf8mb4_unicode_ci NOT NULL,
  `description` varchar(400) COLLATE utf8mb4_unicode_ci DEFAULT NULL,
  `created_at` timestamp NULL DEFAULT NULL,
  `updated_at` timestamp NULL DEFAULT NULL,
  `author_type` varchar(191) COLLATE utf8mb4_unicode_ci DEFAULT NULL,
  `author_id` bigint unsigned DEFAULT NULL,
  PRIMARY KEY (`id`),
  KEY `ec_specification_groups_author_type_author_id_index` (`author_type`,`author_id`)
) ENGINE=InnoDB AUTO_INCREMENT=5 DEFAULT CHARSET=utf8mb4 COLLATE=utf8mb4_unicode_ci;

--
-- Dumping data for table `ec_specification_groups`
--

INSERT INTO `ec_specification_groups` VALUES (1,'Dimensions',NULL,'2025-05-01 21:06:45','2025-05-01 21:06:45',NULL,NULL),(2,'Performance',NULL,'2025-05-01 21:06:45','2025-05-01 21:06:45',NULL,NULL),(3,'Battery',NULL,'2025-05-01 21:06:45','2025-05-01 21:06:45',NULL,NULL),(4,'Display',NULL,'2025-05-01 21:06:45','2025-05-01 21:06:45',NULL,NULL);

--
-- Table structure for table `ec_specification_table_group`
--

CREATE TABLE `ec_specification_table_group` (
  `table_id` bigint unsigned NOT NULL,
  `group_id` bigint unsigned NOT NULL,
  `order` tinyint NOT NULL DEFAULT '0',
  PRIMARY KEY (`table_id`,`group_id`)
) ENGINE=InnoDB DEFAULT CHARSET=utf8mb4 COLLATE=utf8mb4_unicode_ci;

--
-- Dumping data for table `ec_specification_table_group`
--

INSERT INTO `ec_specification_table_group` VALUES (1,1,0),(1,2,0),(2,3,0),(2,4,0);

--
-- Table structure for table `ec_specification_tables`
--

CREATE TABLE `ec_specification_tables` (
  `id` bigint unsigned NOT NULL AUTO_INCREMENT,
  `name` varchar(191) COLLATE utf8mb4_unicode_ci NOT NULL,
  `description` varchar(400) COLLATE utf8mb4_unicode_ci DEFAULT NULL,
  `created_at` timestamp NULL DEFAULT NULL,
  `updated_at` timestamp NULL DEFAULT NULL,
  `author_type` varchar(191) COLLATE utf8mb4_unicode_ci DEFAULT NULL,
  `author_id` bigint unsigned DEFAULT NULL,
  PRIMARY KEY (`id`),
  KEY `ec_specification_tables_author_type_author_id_index` (`author_type`,`author_id`)
) ENGINE=InnoDB AUTO_INCREMENT=3 DEFAULT CHARSET=utf8mb4 COLLATE=utf8mb4_unicode_ci;

--
-- Dumping data for table `ec_specification_tables`
--

INSERT INTO `ec_specification_tables` VALUES (1,'General Specification',NULL,'2025-05-01 21:06:45','2025-05-01 21:06:45',NULL,NULL),(2,'Technical Specification',NULL,'2025-05-01 21:06:45','2025-05-01 21:06:45',NULL,NULL);

--
-- Table structure for table `ec_store_locators`
--

CREATE TABLE `ec_store_locators` (
  `id` bigint unsigned NOT NULL AUTO_INCREMENT,
  `name` varchar(60) COLLATE utf8mb4_unicode_ci NOT NULL,
  `email` varchar(60) COLLATE utf8mb4_unicode_ci DEFAULT NULL,
  `phone` varchar(20) COLLATE utf8mb4_unicode_ci NOT NULL,
  `address` varchar(191) COLLATE utf8mb4_unicode_ci NOT NULL,
  `country` varchar(120) COLLATE utf8mb4_unicode_ci DEFAULT NULL,
  `state` varchar(120) COLLATE utf8mb4_unicode_ci DEFAULT NULL,
  `city` varchar(120) COLLATE utf8mb4_unicode_ci DEFAULT NULL,
  `is_primary` tinyint(1) DEFAULT '0',
  `is_shipping_location` tinyint(1) DEFAULT '1',
  `created_at` timestamp NULL DEFAULT NULL,
  `updated_at` timestamp NULL DEFAULT NULL,
  `zip_code` varchar(20) COLLATE utf8mb4_unicode_ci DEFAULT NULL,
  PRIMARY KEY (`id`)
) ENGINE=InnoDB AUTO_INCREMENT=2 DEFAULT CHARSET=utf8mb4 COLLATE=utf8mb4_unicode_ci;

--
-- Dumping data for table `ec_store_locators`
--

INSERT INTO `ec_store_locators` VALUES (1,'Martfury','sales@botble.com','1800979769','502 New Street','AU','Brighton VIC','Brighton VIC',1,1,'2025-05-01 21:06:45','2025-05-01 21:06:45',NULL);

--
-- Table structure for table `ec_tax_products`
--

CREATE TABLE `ec_tax_products` (
  `tax_id` bigint unsigned NOT NULL,
  `product_id` bigint unsigned NOT NULL,
  PRIMARY KEY (`product_id`,`tax_id`),
  KEY `ec_tax_products_tax_id_index` (`tax_id`),
  KEY `ec_tax_products_product_id_index` (`product_id`)
) ENGINE=InnoDB DEFAULT CHARSET=utf8mb4 COLLATE=utf8mb4_unicode_ci;

--
-- Dumping data for table `ec_tax_products`
--

INSERT INTO `ec_tax_products` VALUES (1,1),(1,2),(1,3),(1,4),(1,5),(1,6),(1,7),(1,8),(1,9),(1,10),(1,11),(1,12),(1,13),(1,14),(1,15),(1,16),(1,17),(1,18),(1,19),(1,20),(1,21),(1,22),(1,23);

--
-- Table structure for table `ec_tax_rules`
--

CREATE TABLE `ec_tax_rules` (
  `id` bigint unsigned NOT NULL AUTO_INCREMENT,
  `tax_id` bigint unsigned NOT NULL,
  `country` varchar(120) COLLATE utf8mb4_unicode_ci DEFAULT NULL,
  `state` varchar(120) COLLATE utf8mb4_unicode_ci DEFAULT NULL,
  `city` varchar(120) COLLATE utf8mb4_unicode_ci DEFAULT NULL,
  `zip_code` varchar(20) COLLATE utf8mb4_unicode_ci DEFAULT NULL,
  `priority` int DEFAULT NULL,
  `is_enabled` tinyint(1) NOT NULL DEFAULT '1',
  `created_at` timestamp NULL DEFAULT NULL,
  `updated_at` timestamp NULL DEFAULT NULL,
  `percentage` float DEFAULT NULL,
  PRIMARY KEY (`id`)
) ENGINE=InnoDB DEFAULT CHARSET=utf8mb4 COLLATE=utf8mb4_unicode_ci;

--
-- Dumping data for table `ec_tax_rules`
--


--
-- Table structure for table `ec_taxes`
--

CREATE TABLE `ec_taxes` (
  `id` bigint unsigned NOT NULL AUTO_INCREMENT,
  `title` varchar(191) COLLATE utf8mb4_unicode_ci DEFAULT NULL,
  `percentage` float DEFAULT NULL,
  `priority` int DEFAULT NULL,
  `status` varchar(60) COLLATE utf8mb4_unicode_ci NOT NULL DEFAULT 'published',
  `created_at` timestamp NULL DEFAULT NULL,
  `updated_at` timestamp NULL DEFAULT NULL,
  PRIMARY KEY (`id`)
) ENGINE=InnoDB AUTO_INCREMENT=4 DEFAULT CHARSET=utf8mb4 COLLATE=utf8mb4_unicode_ci;

--
-- Dumping data for table `ec_taxes`
--

INSERT INTO `ec_taxes` VALUES (1,'VAT',10,1,'published','2025-05-01 21:06:37','2025-05-01 21:06:37'),(2,'None',0,2,'published','2025-05-01 21:06:37','2025-05-01 21:06:37'),(3,'Import Tax',15,3,'published','2025-05-01 21:06:37','2025-05-01 21:06:37');

--
-- Table structure for table `ec_taxes_translations`
--

CREATE TABLE `ec_taxes_translations` (
  `lang_code` varchar(191) COLLATE utf8mb4_unicode_ci NOT NULL,
  `ec_taxes_id` bigint unsigned NOT NULL,
  `title` varchar(191) COLLATE utf8mb4_unicode_ci DEFAULT NULL,
  PRIMARY KEY (`lang_code`,`ec_taxes_id`)
) ENGINE=InnoDB DEFAULT CHARSET=utf8mb4 COLLATE=utf8mb4_unicode_ci;

--
-- Dumping data for table `ec_taxes_translations`
--


--
-- Table structure for table `ec_wish_lists`
--

CREATE TABLE `ec_wish_lists` (
  `customer_id` bigint unsigned NOT NULL,
  `product_id` bigint unsigned NOT NULL,
  `created_at` timestamp NULL DEFAULT NULL,
  `updated_at` timestamp NULL DEFAULT NULL,
  PRIMARY KEY (`customer_id`,`product_id`),
  KEY `wishlist_relation_index` (`product_id`,`customer_id`)
) ENGINE=InnoDB DEFAULT CHARSET=utf8mb4 COLLATE=utf8mb4_unicode_ci;

--
-- Dumping data for table `ec_wish_lists`
--


--
-- Table structure for table `failed_jobs`
--

CREATE TABLE `failed_jobs` (
  `id` bigint unsigned NOT NULL AUTO_INCREMENT,
  `uuid` varchar(191) COLLATE utf8mb4_unicode_ci NOT NULL,
  `connection` text COLLATE utf8mb4_unicode_ci NOT NULL,
  `queue` text COLLATE utf8mb4_unicode_ci NOT NULL,
  `payload` longtext COLLATE utf8mb4_unicode_ci NOT NULL,
  `exception` longtext COLLATE utf8mb4_unicode_ci NOT NULL,
  `failed_at` timestamp NOT NULL DEFAULT CURRENT_TIMESTAMP,
  PRIMARY KEY (`id`),
  UNIQUE KEY `failed_jobs_uuid_unique` (`uuid`)
) ENGINE=InnoDB DEFAULT CHARSET=utf8mb4 COLLATE=utf8mb4_unicode_ci;

--
-- Dumping data for table `failed_jobs`
--


--
-- Table structure for table `faq_categories`
--

CREATE TABLE `faq_categories` (
  `id` bigint unsigned NOT NULL AUTO_INCREMENT,
  `name` varchar(120) COLLATE utf8mb4_unicode_ci NOT NULL,
  `order` tinyint NOT NULL DEFAULT '0',
  `status` varchar(60) COLLATE utf8mb4_unicode_ci NOT NULL DEFAULT 'published',
  `created_at` timestamp NULL DEFAULT NULL,
  `updated_at` timestamp NULL DEFAULT NULL,
  `description` varchar(400) COLLATE utf8mb4_unicode_ci DEFAULT NULL,
  PRIMARY KEY (`id`)
) ENGINE=InnoDB AUTO_INCREMENT=4 DEFAULT CHARSET=utf8mb4 COLLATE=utf8mb4_unicode_ci;

--
-- Dumping data for table `faq_categories`
--

INSERT INTO `faq_categories` VALUES (1,'SHIPPING',0,'published','2025-05-01 21:06:44','2025-05-01 21:06:44',NULL),(2,'PAYMENT',1,'published','2025-05-01 21:06:44','2025-05-01 21:06:44',NULL),(3,'ORDER &amp; RETURNS',2,'published','2025-05-01 21:06:44','2025-05-01 21:06:44',NULL);

--
-- Table structure for table `faq_categories_translations`
--

CREATE TABLE `faq_categories_translations` (
  `lang_code` varchar(20) COLLATE utf8mb4_unicode_ci NOT NULL,
  `faq_categories_id` bigint unsigned NOT NULL,
  `name` varchar(120) COLLATE utf8mb4_unicode_ci DEFAULT NULL,
  PRIMARY KEY (`lang_code`,`faq_categories_id`)
) ENGINE=InnoDB DEFAULT CHARSET=utf8mb4 COLLATE=utf8mb4_unicode_ci;

--
-- Dumping data for table `faq_categories_translations`
--


--
-- Table structure for table `faqs`
--

CREATE TABLE `faqs` (
  `id` bigint unsigned NOT NULL AUTO_INCREMENT,
  `question` text COLLATE utf8mb4_unicode_ci NOT NULL,
  `answer` text COLLATE utf8mb4_unicode_ci NOT NULL,
  `category_id` bigint unsigned NOT NULL,
  `status` varchar(60) COLLATE utf8mb4_unicode_ci NOT NULL DEFAULT 'published',
  `created_at` timestamp NULL DEFAULT NULL,
  `updated_at` timestamp NULL DEFAULT NULL,
  PRIMARY KEY (`id`)
) ENGINE=InnoDB AUTO_INCREMENT=11 DEFAULT CHARSET=utf8mb4 COLLATE=utf8mb4_unicode_ci;

--
-- Dumping data for table `faqs`
--

INSERT INTO `faqs` VALUES (1,'What Shipping Methods Are Available?','Ex Portland Pitchfork irure mustache. Eutra fap before they sold out literally. Aliquip ugh bicycle rights actually mlkshk, seitan squid craft beer tempor.',1,'published','2025-05-01 21:06:44','2025-05-01 21:06:44'),(2,'Do You Ship Internationally?','Hoodie tote bag mixtape tofu. Typewriter jean shorts wolf quinoa, messenger bag organic freegan cray.',1,'published','2025-05-01 21:06:44','2025-05-01 21:06:44'),(3,'How Long Will It Take To Get My Package?','Swag slow-carb quinoa VHS typewriter pork belly brunch, paleo single-origin coffee Wes Anderson. Flexitarian Pitchfork forage, literally paleo fap pour-over. Wes Anderson Pinterest YOLO fanny pack meggings, deep v XOXO chambray sustainable slow-carb raw denim church-key fap chillwave Etsy. +1 typewriter kitsch, American Apparel tofu Banksy Vice.',1,'published','2025-05-01 21:06:44','2025-05-01 21:06:44'),(4,'What Payment Methods Are Accepted?','Fashion axe DIY jean shorts, swag kale chips meh polaroid kogi butcher Wes Anderson chambray next level semiotics gentrify yr. Voluptate photo booth fugiat Vice. Austin sed Williamsburg, ea labore raw denim voluptate cred proident mixtape excepteur mustache. Twee chia photo booth readymade food truck, hoodie roof party swag keytar PBR DIY.',2,'published','2025-05-01 21:06:44','2025-05-01 21:06:44'),(5,'Is Buying On-Line Safe?','Art party authentic freegan semiotics jean shorts chia cred. Neutra Austin roof party Brooklyn, synth Thundercats swag 8-bit photo booth. Plaid letterpress leggings craft beer meh ethical Pinterest.',2,'published','2025-05-01 21:06:44','2025-05-01 21:06:44'),(6,'How do I place an Order?','Keytar cray slow-carb, Godard banh mi salvia pour-over. Slow-carb Odd Future seitan normcore. Master cleanse American Apparel gentrify flexitarian beard slow-carb next level. Raw denim polaroid paleo farm-to-table, put a bird on it lo-fi tattooed Wes Anderson Pinterest letterpress. Fingerstache McSweeney’s pour-over, letterpress Schlitz photo booth master cleanse bespoke hashtag chillwave gentrify.',3,'published','2025-05-01 21:06:44','2025-05-01 21:06:44'),(7,'How Can I Cancel Or Change My Order?','Plaid letterpress leggings craft beer meh ethical Pinterest. Art party authentic freegan semiotics jean shorts chia cred. Neutra Austin roof party Brooklyn, synth Thundercats swag 8-bit photo booth.',3,'published','2025-05-01 21:06:44','2025-05-01 21:06:44'),(8,'Do I need an account to place an order?','Thundercats swag 8-bit photo booth. Plaid letterpress leggings craft beer meh ethical Pinterest. Twee chia photo booth readymade food truck, hoodie roof party swag keytar PBR DIY. Cray ugh 3 wolf moon fap, fashion axe irony butcher cornhole typewriter chambray VHS banjo street art.',3,'published','2025-05-01 21:06:44','2025-05-01 21:06:44'),(9,'How Do I Track My Order?','Keytar cray slow-carb, Godard banh mi salvia pour-over. Slow-carb @Odd Future seitan normcore. Master cleanse American Apparel gentrify flexitarian beard slow-carb next level.',3,'published','2025-05-01 21:06:44','2025-05-01 21:06:44'),(10,'How Can I Return a Product?','Kale chips Truffaut Williamsburg, hashtag fixie Pinterest raw denim c hambray drinking vinegar Carles street art Bushwick gastropub. Wolf Tumblr paleo church-key. Plaid food truck Echo Park YOLO bitters hella, direct trade Thundercats leggings quinoa before they sold out. You probably haven’t heard of them wayfarers authentic umami drinking vinegar Pinterest Cosby sweater, fingerstache fap High Life.',3,'published','2025-05-01 21:06:44','2025-05-01 21:06:44');

--
-- Table structure for table `faqs_translations`
--

CREATE TABLE `faqs_translations` (
  `lang_code` varchar(20) COLLATE utf8mb4_unicode_ci NOT NULL,
  `faqs_id` bigint unsigned NOT NULL,
  `question` text COLLATE utf8mb4_unicode_ci,
  `answer` text COLLATE utf8mb4_unicode_ci,
  PRIMARY KEY (`lang_code`,`faqs_id`)
) ENGINE=InnoDB DEFAULT CHARSET=utf8mb4 COLLATE=utf8mb4_unicode_ci;

--
-- Dumping data for table `faqs_translations`
--


--
-- Table structure for table `jobs`
--

CREATE TABLE `jobs` (
  `id` bigint unsigned NOT NULL AUTO_INCREMENT,
  `queue` varchar(191) COLLATE utf8mb4_unicode_ci NOT NULL,
  `payload` longtext COLLATE utf8mb4_unicode_ci NOT NULL,
  `attempts` tinyint unsigned NOT NULL,
  `reserved_at` int unsigned DEFAULT NULL,
  `available_at` int unsigned NOT NULL,
  `created_at` int unsigned NOT NULL,
  PRIMARY KEY (`id`),
  KEY `jobs_queue_index` (`queue`)
) ENGINE=InnoDB DEFAULT CHARSET=utf8mb4 COLLATE=utf8mb4_unicode_ci;

--
-- Dumping data for table `jobs`
--


--
-- Table structure for table `language_meta`
--

CREATE TABLE `language_meta` (
  `lang_meta_id` bigint unsigned NOT NULL AUTO_INCREMENT,
  `lang_meta_code` varchar(20) COLLATE utf8mb4_unicode_ci DEFAULT NULL,
  `lang_meta_origin` varchar(32) COLLATE utf8mb4_unicode_ci NOT NULL,
  `reference_id` bigint unsigned NOT NULL,
  `reference_type` varchar(120) COLLATE utf8mb4_unicode_ci NOT NULL,
  PRIMARY KEY (`lang_meta_id`),
  KEY `language_meta_reference_id_index` (`reference_id`),
  KEY `meta_code_index` (`lang_meta_code`),
  KEY `meta_origin_index` (`lang_meta_origin`),
  KEY `meta_reference_type_index` (`reference_type`)
) ENGINE=InnoDB AUTO_INCREMENT=7 DEFAULT CHARSET=utf8mb4 COLLATE=utf8mb4_unicode_ci;

--
-- Dumping data for table `language_meta`
--

INSERT INTO `language_meta` VALUES (1,'en_US','06f334f0a78838b451685f29e8a00362',1,'Botble\\SimpleSlider\\Models\\SimpleSlider'),(2,'en_US','cbfc03c33577fb9fefe8ed0ff9321028',1,'Botble\\Menu\\Models\\MenuLocation'),(3,'en_US','2ee0b097f3b865888fac00ef47be15d2',1,'Botble\\Menu\\Models\\Menu'),(4,'en_US','3c24a99272184529424b78e60f2cff3d',2,'Botble\\Menu\\Models\\Menu'),(5,'en_US','4c8ce3f62c4f884676e30948e7e38e0e',3,'Botble\\Menu\\Models\\Menu'),(6,'en_US','c858e0779e7894a8d4c0315020737198',4,'Botble\\Menu\\Models\\Menu');

--
-- Table structure for table `languages`
--

CREATE TABLE `languages` (
  `lang_id` bigint unsigned NOT NULL AUTO_INCREMENT,
  `lang_name` varchar(120) COLLATE utf8mb4_unicode_ci NOT NULL,
  `lang_locale` varchar(20) COLLATE utf8mb4_unicode_ci NOT NULL,
  `lang_code` varchar(20) COLLATE utf8mb4_unicode_ci NOT NULL,
  `lang_flag` varchar(20) COLLATE utf8mb4_unicode_ci DEFAULT NULL,
  `lang_is_default` tinyint unsigned NOT NULL DEFAULT '0',
  `lang_order` int NOT NULL DEFAULT '0',
  `lang_is_rtl` tinyint unsigned NOT NULL DEFAULT '0',
  PRIMARY KEY (`lang_id`),
  KEY `lang_locale_index` (`lang_locale`),
  KEY `lang_code_index` (`lang_code`),
  KEY `lang_is_default_index` (`lang_is_default`)
) ENGINE=InnoDB AUTO_INCREMENT=2 DEFAULT CHARSET=utf8mb4 COLLATE=utf8mb4_unicode_ci;

--
-- Dumping data for table `languages`
--

INSERT INTO `languages` VALUES (1,'English','en','en_US','us',1,0,0);

--
-- Table structure for table `media_files`
--

CREATE TABLE `media_files` (
  `id` bigint unsigned NOT NULL AUTO_INCREMENT,
  `user_id` bigint unsigned NOT NULL,
  `name` varchar(191) COLLATE utf8mb4_unicode_ci NOT NULL,
  `alt` varchar(191) COLLATE utf8mb4_unicode_ci DEFAULT NULL,
  `folder_id` bigint unsigned NOT NULL DEFAULT '0',
  `mime_type` varchar(120) COLLATE utf8mb4_unicode_ci NOT NULL,
  `size` int NOT NULL,
  `url` varchar(191) COLLATE utf8mb4_unicode_ci NOT NULL,
  `options` text COLLATE utf8mb4_unicode_ci,
  `created_at` timestamp NULL DEFAULT NULL,
  `updated_at` timestamp NULL DEFAULT NULL,
  `deleted_at` timestamp NULL DEFAULT NULL,
  `visibility` varchar(191) COLLATE utf8mb4_unicode_ci NOT NULL DEFAULT 'public',
  PRIMARY KEY (`id`),
  KEY `media_files_user_id_index` (`user_id`),
  KEY `media_files_index` (`folder_id`,`user_id`,`created_at`)
) ENGINE=InnoDB AUTO_INCREMENT=160 DEFAULT CHARSET=utf8mb4 COLLATE=utf8mb4_unicode_ci;

--
-- Dumping data for table `media_files`
--

INSERT INTO `media_files` VALUES (1,0,'1','1',1,'image/jpeg',1613,'brands/1.jpg','[]','2025-05-01 21:06:10','2025-05-01 21:06:10',NULL,'public'),(2,0,'2','2',1,'image/jpeg',1613,'brands/2.jpg','[]','2025-05-01 21:06:10','2025-05-01 21:06:10',NULL,'public'),(3,0,'3','3',1,'image/jpeg',1613,'brands/3.jpg','[]','2025-05-01 21:06:11','2025-05-01 21:06:11',NULL,'public'),(4,0,'4','4',1,'image/jpeg',1613,'brands/4.jpg','[]','2025-05-01 21:06:11','2025-05-01 21:06:11',NULL,'public'),(5,0,'5','5',1,'image/jpeg',1613,'brands/5.jpg','[]','2025-05-01 21:06:11','2025-05-01 21:06:11',NULL,'public'),(6,0,'6','6',1,'image/jpeg',1613,'brands/6.jpg','[]','2025-05-01 21:06:11','2025-05-01 21:06:11',NULL,'public'),(7,0,'7','7',1,'image/jpeg',1613,'brands/7.jpg','[]','2025-05-01 21:06:11','2025-05-01 21:06:11',NULL,'public'),(8,0,'1','1',2,'image/jpeg',9803,'product-categories/1.jpg','[]','2025-05-01 21:06:11','2025-05-01 21:06:11',NULL,'public'),(9,0,'2','2',2,'image/jpeg',9803,'product-categories/2.jpg','[]','2025-05-01 21:06:12','2025-05-01 21:06:12',NULL,'public'),(10,0,'3','3',2,'image/jpeg',9803,'product-categories/3.jpg','[]','2025-05-01 21:06:12','2025-05-01 21:06:12',NULL,'public'),(11,0,'4','4',2,'image/jpeg',9803,'product-categories/4.jpg','[]','2025-05-01 21:06:12','2025-05-01 21:06:12',NULL,'public'),(12,0,'5','5',2,'image/jpeg',9803,'product-categories/5.jpg','[]','2025-05-01 21:06:12','2025-05-01 21:06:12',NULL,'public'),(13,0,'6','6',2,'image/jpeg',9803,'product-categories/6.jpg','[]','2025-05-01 21:06:12','2025-05-01 21:06:12',NULL,'public'),(14,0,'7','7',2,'image/jpeg',9803,'product-categories/7.jpg','[]','2025-05-01 21:06:13','2025-05-01 21:06:13',NULL,'public'),(15,0,'8','8',2,'image/jpeg',9803,'product-categories/8.jpg','[]','2025-05-01 21:06:13','2025-05-01 21:06:13',NULL,'public'),(16,0,'1','1',3,'image/jpeg',9803,'products/1.jpg','[]','2025-05-01 21:06:14','2025-05-01 21:06:14',NULL,'public'),(17,0,'10-1','10-1',3,'image/jpeg',9803,'products/10-1.jpg','[]','2025-05-01 21:06:14','2025-05-01 21:06:14',NULL,'public'),(18,0,'10-2','10-2',3,'image/jpeg',9803,'products/10-2.jpg','[]','2025-05-01 21:06:14','2025-05-01 21:06:14',NULL,'public'),(19,0,'10','10',3,'image/jpeg',9803,'products/10.jpg','[]','2025-05-01 21:06:14','2025-05-01 21:06:14',NULL,'public'),(20,0,'11-1','11-1',3,'image/jpeg',9803,'products/11-1.jpg','[]','2025-05-01 21:06:14','2025-05-01 21:06:14',NULL,'public'),(21,0,'11-2','11-2',3,'image/jpeg',9803,'products/11-2.jpg','[]','2025-05-01 21:06:14','2025-05-01 21:06:14',NULL,'public'),(22,0,'11-3','11-3',3,'image/jpeg',9803,'products/11-3.jpg','[]','2025-05-01 21:06:15','2025-05-01 21:06:15',NULL,'public'),(23,0,'11','11',3,'image/jpeg',9803,'products/11.jpg','[]','2025-05-01 21:06:15','2025-05-01 21:06:15',NULL,'public'),(24,0,'12-1','12-1',3,'image/jpeg',9803,'products/12-1.jpg','[]','2025-05-01 21:06:15','2025-05-01 21:06:15',NULL,'public'),(25,0,'12-2','12-2',3,'image/jpeg',9803,'products/12-2.jpg','[]','2025-05-01 21:06:15','2025-05-01 21:06:15',NULL,'public'),(26,0,'12-3','12-3',3,'image/jpeg',9803,'products/12-3.jpg','[]','2025-05-01 21:06:16','2025-05-01 21:06:16',NULL,'public'),(27,0,'12','12',3,'image/jpeg',9803,'products/12.jpg','[]','2025-05-01 21:06:16','2025-05-01 21:06:16',NULL,'public'),(28,0,'13-1','13-1',3,'image/jpeg',9803,'products/13-1.jpg','[]','2025-05-01 21:06:16','2025-05-01 21:06:16',NULL,'public'),(29,0,'13','13',3,'image/jpeg',9803,'products/13.jpg','[]','2025-05-01 21:06:16','2025-05-01 21:06:16',NULL,'public'),(30,0,'14','14',3,'image/jpeg',9803,'products/14.jpg','[]','2025-05-01 21:06:16','2025-05-01 21:06:16',NULL,'public'),(31,0,'15-1','15-1',3,'image/jpeg',9803,'products/15-1.jpg','[]','2025-05-01 21:06:17','2025-05-01 21:06:17',NULL,'public'),(32,0,'15','15',3,'image/jpeg',9803,'products/15.jpg','[]','2025-05-01 21:06:17','2025-05-01 21:06:17',NULL,'public'),(33,0,'16','16',3,'image/jpeg',9803,'products/16.jpg','[]','2025-05-01 21:06:17','2025-05-01 21:06:17',NULL,'public'),(34,0,'17-1','17-1',3,'image/jpeg',9803,'products/17-1.jpg','[]','2025-05-01 21:06:17','2025-05-01 21:06:17',NULL,'public'),(35,0,'17-2','17-2',3,'image/jpeg',9803,'products/17-2.jpg','[]','2025-05-01 21:06:17','2025-05-01 21:06:17',NULL,'public'),(36,0,'17-3','17-3',3,'image/jpeg',9803,'products/17-3.jpg','[]','2025-05-01 21:06:17','2025-05-01 21:06:17',NULL,'public'),(37,0,'17','17',3,'image/jpeg',9803,'products/17.jpg','[]','2025-05-01 21:06:18','2025-05-01 21:06:18',NULL,'public'),(38,0,'18-1','18-1',3,'image/jpeg',9803,'products/18-1.jpg','[]','2025-05-01 21:06:18','2025-05-01 21:06:18',NULL,'public'),(39,0,'18-2','18-2',3,'image/jpeg',9803,'products/18-2.jpg','[]','2025-05-01 21:06:18','2025-05-01 21:06:18',NULL,'public'),(40,0,'18-3','18-3',3,'image/jpeg',9803,'products/18-3.jpg','[]','2025-05-01 21:06:18','2025-05-01 21:06:18',NULL,'public'),(41,0,'18','18',3,'image/jpeg',9803,'products/18.jpg','[]','2025-05-01 21:06:18','2025-05-01 21:06:18',NULL,'public'),(42,0,'19-1','19-1',3,'image/jpeg',9803,'products/19-1.jpg','[]','2025-05-01 21:06:19','2025-05-01 21:06:19',NULL,'public'),(43,0,'19-2','19-2',3,'image/jpeg',9803,'products/19-2.jpg','[]','2025-05-01 21:06:19','2025-05-01 21:06:19',NULL,'public'),(44,0,'19-3','19-3',3,'image/jpeg',9803,'products/19-3.jpg','[]','2025-05-01 21:06:19','2025-05-01 21:06:19',NULL,'public'),(45,0,'19','19',3,'image/jpeg',9803,'products/19.jpg','[]','2025-05-01 21:06:19','2025-05-01 21:06:19',NULL,'public'),(46,0,'2-1','2-1',3,'image/jpeg',9803,'products/2-1.jpg','[]','2025-05-01 21:06:19','2025-05-01 21:06:19',NULL,'public'),(47,0,'2-2','2-2',3,'image/jpeg',9803,'products/2-2.jpg','[]','2025-05-01 21:06:20','2025-05-01 21:06:20',NULL,'public'),(48,0,'2-3','2-3',3,'image/jpeg',9803,'products/2-3.jpg','[]','2025-05-01 21:06:20','2025-05-01 21:06:20',NULL,'public'),(49,0,'2','2',3,'image/jpeg',9803,'products/2.jpg','[]','2025-05-01 21:06:20','2025-05-01 21:06:20',NULL,'public'),(50,0,'20-1','20-1',3,'image/jpeg',9803,'products/20-1.jpg','[]','2025-05-01 21:06:20','2025-05-01 21:06:20',NULL,'public'),(51,0,'20-2','20-2',3,'image/jpeg',9803,'products/20-2.jpg','[]','2025-05-01 21:06:20','2025-05-01 21:06:20',NULL,'public'),(52,0,'20-3','20-3',3,'image/jpeg',9803,'products/20-3.jpg','[]','2025-05-01 21:06:20','2025-05-01 21:06:20',NULL,'public'),(53,0,'20','20',3,'image/jpeg',9803,'products/20.jpg','[]','2025-05-01 21:06:21','2025-05-01 21:06:21',NULL,'public'),(54,0,'21-1','21-1',3,'image/jpeg',9803,'products/21-1.jpg','[]','2025-05-01 21:06:21','2025-05-01 21:06:21',NULL,'public'),(55,0,'21-2','21-2',3,'image/jpeg',9803,'products/21-2.jpg','[]','2025-05-01 21:06:21','2025-05-01 21:06:21',NULL,'public'),(56,0,'21','21',3,'image/jpeg',9803,'products/21.jpg','[]','2025-05-01 21:06:21','2025-05-01 21:06:21',NULL,'public'),(57,0,'22-1','22-1',3,'image/jpeg',9803,'products/22-1.jpg','[]','2025-05-01 21:06:21','2025-05-01 21:06:21',NULL,'public'),(58,0,'22-2','22-2',3,'image/jpeg',9803,'products/22-2.jpg','[]','2025-05-01 21:06:22','2025-05-01 21:06:22',NULL,'public'),(59,0,'22-3','22-3',3,'image/jpeg',9803,'products/22-3.jpg','[]','2025-05-01 21:06:22','2025-05-01 21:06:22',NULL,'public'),(60,0,'22','22',3,'image/jpeg',9803,'products/22.jpg','[]','2025-05-01 21:06:22','2025-05-01 21:06:22',NULL,'public'),(61,0,'23-1','23-1',3,'image/jpeg',9803,'products/23-1.jpg','[]','2025-05-01 21:06:22','2025-05-01 21:06:22',NULL,'public'),(62,0,'23-2','23-2',3,'image/jpeg',9803,'products/23-2.jpg','[]','2025-05-01 21:06:22','2025-05-01 21:06:22',NULL,'public'),(63,0,'23-3','23-3',3,'image/jpeg',9803,'products/23-3.jpg','[]','2025-05-01 21:06:22','2025-05-01 21:06:22',NULL,'public'),(64,0,'23','23',3,'image/jpeg',9803,'products/23.jpg','[]','2025-05-01 21:06:22','2025-05-01 21:06:22',NULL,'public'),(65,0,'3','3',3,'image/jpeg',9803,'products/3.jpg','[]','2025-05-01 21:06:23','2025-05-01 21:06:23',NULL,'public'),(66,0,'4-1','4-1',3,'image/jpeg',9803,'products/4-1.jpg','[]','2025-05-01 21:06:23','2025-05-01 21:06:23',NULL,'public'),(67,0,'4-2','4-2',3,'image/jpeg',9803,'products/4-2.jpg','[]','2025-05-01 21:06:23','2025-05-01 21:06:23',NULL,'public'),(68,0,'4-3','4-3',3,'image/jpeg',9803,'products/4-3.jpg','[]','2025-05-01 21:06:23','2025-05-01 21:06:23',NULL,'public'),(69,0,'4','4',3,'image/jpeg',9803,'products/4.jpg','[]','2025-05-01 21:06:23','2025-05-01 21:06:23',NULL,'public'),(70,0,'5-1','5-1',3,'image/jpeg',9803,'products/5-1.jpg','[]','2025-05-01 21:06:23','2025-05-01 21:06:23',NULL,'public'),(71,0,'5-2','5-2',3,'image/jpeg',9803,'products/5-2.jpg','[]','2025-05-01 21:06:23','2025-05-01 21:06:23',NULL,'public'),(72,0,'5-3','5-3',3,'image/jpeg',9803,'products/5-3.jpg','[]','2025-05-01 21:06:23','2025-05-01 21:06:23',NULL,'public'),(73,0,'5','5',3,'image/jpeg',9803,'products/5.jpg','[]','2025-05-01 21:06:24','2025-05-01 21:06:24',NULL,'public'),(74,0,'6','6',3,'image/jpeg',9803,'products/6.jpg','[]','2025-05-01 21:06:24','2025-05-01 21:06:24',NULL,'public'),(75,0,'7','7',3,'image/jpeg',9803,'products/7.jpg','[]','2025-05-01 21:06:24','2025-05-01 21:06:24',NULL,'public'),(76,0,'8-1','8-1',3,'image/jpeg',9803,'products/8-1.jpg','[]','2025-05-01 21:06:24','2025-05-01 21:06:24',NULL,'public'),(77,0,'8-2','8-2',3,'image/jpeg',9803,'products/8-2.jpg','[]','2025-05-01 21:06:24','2025-05-01 21:06:24',NULL,'public'),(78,0,'8-3','8-3',3,'image/jpeg',9803,'products/8-3.jpg','[]','2025-05-01 21:06:24','2025-05-01 21:06:24',NULL,'public'),(79,0,'8','8',3,'image/jpeg',9803,'products/8.jpg','[]','2025-05-01 21:06:24','2025-05-01 21:06:24',NULL,'public'),(80,0,'9-1','9-1',3,'image/jpeg',9803,'products/9-1.jpg','[]','2025-05-01 21:06:24','2025-05-01 21:06:24',NULL,'public'),(81,0,'9-2','9-2',3,'image/jpeg',9803,'products/9-2.jpg','[]','2025-05-01 21:06:25','2025-05-01 21:06:25',NULL,'public'),(82,0,'9','9',3,'image/jpeg',9803,'products/9.jpg','[]','2025-05-01 21:06:25','2025-05-01 21:06:25',NULL,'public'),(83,0,'1','1',4,'image/jpeg',9803,'customers/1.jpg','[]','2025-05-01 21:06:28','2025-05-01 21:06:28',NULL,'public'),(84,0,'10','10',4,'image/jpeg',9803,'customers/10.jpg','[]','2025-05-01 21:06:28','2025-05-01 21:06:28',NULL,'public'),(85,0,'2','2',4,'image/jpeg',9803,'customers/2.jpg','[]','2025-05-01 21:06:28','2025-05-01 21:06:28',NULL,'public'),(86,0,'3','3',4,'image/jpeg',9803,'customers/3.jpg','[]','2025-05-01 21:06:29','2025-05-01 21:06:29',NULL,'public'),(87,0,'4','4',4,'image/jpeg',9803,'customers/4.jpg','[]','2025-05-01 21:06:29','2025-05-01 21:06:29',NULL,'public'),(88,0,'5','5',4,'image/jpeg',9803,'customers/5.jpg','[]','2025-05-01 21:06:29','2025-05-01 21:06:29',NULL,'public'),(89,0,'6','6',4,'image/jpeg',9803,'customers/6.jpg','[]','2025-05-01 21:06:29','2025-05-01 21:06:29',NULL,'public'),(90,0,'7','7',4,'image/jpeg',9803,'customers/7.jpg','[]','2025-05-01 21:06:29','2025-05-01 21:06:29',NULL,'public'),(91,0,'8','8',4,'image/jpeg',9803,'customers/8.jpg','[]','2025-05-01 21:06:29','2025-05-01 21:06:29',NULL,'public'),(92,0,'9','9',4,'image/jpeg',9803,'customers/9.jpg','[]','2025-05-01 21:06:30','2025-05-01 21:06:30',NULL,'public'),(93,0,'1','1',5,'image/jpeg',9803,'news/1.jpg','[]','2025-05-01 21:06:38','2025-05-01 21:06:38',NULL,'public'),(94,0,'10','10',5,'image/jpeg',9803,'news/10.jpg','[]','2025-05-01 21:06:38','2025-05-01 21:06:38',NULL,'public'),(95,0,'11','11',5,'image/jpeg',9803,'news/11.jpg','[]','2025-05-01 21:06:38','2025-05-01 21:06:38',NULL,'public'),(96,0,'2','2',5,'image/jpeg',9803,'news/2.jpg','[]','2025-05-01 21:06:39','2025-05-01 21:06:39',NULL,'public'),(97,0,'3','3',5,'image/jpeg',9803,'news/3.jpg','[]','2025-05-01 21:06:39','2025-05-01 21:06:39',NULL,'public'),(98,0,'4','4',5,'image/jpeg',9803,'news/4.jpg','[]','2025-05-01 21:06:39','2025-05-01 21:06:39',NULL,'public'),(99,0,'5','5',5,'image/jpeg',9803,'news/5.jpg','[]','2025-05-01 21:06:39','2025-05-01 21:06:39',NULL,'public'),(100,0,'6','6',5,'image/jpeg',9803,'news/6.jpg','[]','2025-05-01 21:06:40','2025-05-01 21:06:40',NULL,'public'),(101,0,'7','7',5,'image/jpeg',9803,'news/7.jpg','[]','2025-05-01 21:06:40','2025-05-01 21:06:40',NULL,'public'),(102,0,'8','8',5,'image/jpeg',9803,'news/8.jpg','[]','2025-05-01 21:06:40','2025-05-01 21:06:40',NULL,'public'),(103,0,'9','9',5,'image/jpeg',9803,'news/9.jpg','[]','2025-05-01 21:06:40','2025-05-01 21:06:40',NULL,'public'),(104,0,'1-lg','1-lg',6,'image/jpeg',8828,'sliders/1-lg.jpg','[]','2025-05-01 21:06:41','2025-05-01 21:06:41',NULL,'public'),(105,0,'1-md','1-md',6,'image/jpeg',8828,'sliders/1-md.jpg','[]','2025-05-01 21:06:41','2025-05-01 21:06:41',NULL,'public'),(106,0,'1-sm','1-sm',6,'image/jpeg',8828,'sliders/1-sm.jpg','[]','2025-05-01 21:06:41','2025-05-01 21:06:41',NULL,'public'),(107,0,'2-lg','2-lg',6,'image/jpeg',8828,'sliders/2-lg.jpg','[]','2025-05-01 21:06:41','2025-05-01 21:06:41',NULL,'public'),(108,0,'2-md','2-md',6,'image/jpeg',8828,'sliders/2-md.jpg','[]','2025-05-01 21:06:42','2025-05-01 21:06:42',NULL,'public'),(109,0,'2-sm','2-sm',6,'image/jpeg',8828,'sliders/2-sm.jpg','[]','2025-05-01 21:06:42','2025-05-01 21:06:42',NULL,'public'),(110,0,'3-lg','3-lg',6,'image/jpeg',8828,'sliders/3-lg.jpg','[]','2025-05-01 21:06:42','2025-05-01 21:06:42',NULL,'public'),(111,0,'3-md','3-md',6,'image/jpeg',8828,'sliders/3-md.jpg','[]','2025-05-01 21:06:42','2025-05-01 21:06:42',NULL,'public'),(112,0,'3-sm','3-sm',6,'image/jpeg',8828,'sliders/3-sm.jpg','[]','2025-05-01 21:06:42','2025-05-01 21:06:42',NULL,'public'),(113,0,'1','1',7,'image/jpeg',3613,'promotion/1.jpg','[]','2025-05-01 21:06:43','2025-05-01 21:06:43',NULL,'public'),(114,0,'2','2',7,'image/jpeg',3613,'promotion/2.jpg','[]','2025-05-01 21:06:43','2025-05-01 21:06:43',NULL,'public'),(115,0,'3','3',7,'image/jpeg',5391,'promotion/3.jpg','[]','2025-05-01 21:06:43','2025-05-01 21:06:43',NULL,'public'),(116,0,'4','4',7,'image/jpeg',5391,'promotion/4.jpg','[]','2025-05-01 21:06:43','2025-05-01 21:06:43',NULL,'public'),(117,0,'5','5',7,'image/jpeg',5391,'promotion/5.jpg','[]','2025-05-01 21:06:43','2025-05-01 21:06:43',NULL,'public'),(118,0,'6','6',7,'image/jpeg',5391,'promotion/6.jpg','[]','2025-05-01 21:06:43','2025-05-01 21:06:43',NULL,'public'),(119,0,'7','7',7,'image/jpeg',5391,'promotion/7.jpg','[]','2025-05-01 21:06:43','2025-05-01 21:06:43',NULL,'public'),(120,0,'8','8',7,'image/jpeg',5391,'promotion/8.jpg','[]','2025-05-01 21:06:43','2025-05-01 21:06:43',NULL,'public'),(121,0,'9','9',7,'image/jpeg',5391,'promotion/9.jpg','[]','2025-05-01 21:06:44','2025-05-01 21:06:44',NULL,'public'),(122,0,'cod','cod',8,'image/png',12121,'payments/cod.png','[]','2025-05-01 21:06:44','2025-05-01 21:06:44',NULL,'public'),(123,0,'bank-transfer','bank-transfer',8,'image/png',29089,'payments/bank-transfer.png','[]','2025-05-01 21:06:44','2025-05-01 21:06:44',NULL,'public'),(124,0,'stripe','stripe',8,'image/webp',7516,'payments/stripe.webp','[]','2025-05-01 21:06:44','2025-05-01 21:06:44',NULL,'public'),(125,0,'paypal','paypal',8,'image/png',3001,'payments/paypal.png','[]','2025-05-01 21:06:44','2025-05-01 21:06:44',NULL,'public'),(126,0,'mollie','mollie',8,'image/png',8968,'payments/mollie.png','[]','2025-05-01 21:06:44','2025-05-01 21:06:44',NULL,'public'),(127,0,'paystack','paystack',8,'image/png',31015,'payments/paystack.png','[]','2025-05-01 21:06:45','2025-05-01 21:06:45',NULL,'public'),(128,0,'razorpay','razorpay',8,'image/png',8489,'payments/razorpay.png','[]','2025-05-01 21:06:45','2025-05-01 21:06:45',NULL,'public'),(129,0,'sslcommerz','sslcommerz',8,'image/png',3482,'payments/sslcommerz.png','[]','2025-05-01 21:06:45','2025-05-01 21:06:45',NULL,'public'),(130,0,'app','app',9,'image/png',8667,'general/app.png','[]','2025-05-01 21:06:46','2025-05-01 21:06:46',NULL,'public'),(131,0,'coming-soon','coming-soon',9,'image/jpeg',22253,'general/coming-soon.jpg','[]','2025-05-01 21:06:46','2025-05-01 21:06:46',NULL,'public'),(132,0,'favicon','favicon',9,'image/png',5047,'general/favicon.png','[]','2025-05-01 21:06:46','2025-05-01 21:06:46',NULL,'public'),(133,0,'logo-dark','logo-dark',9,'image/png',1562,'general/logo-dark.png','[]','2025-05-01 21:06:46','2025-05-01 21:06:46',NULL,'public'),(134,0,'logo-light','logo-light',9,'image/png',1529,'general/logo-light.png','[]','2025-05-01 21:06:46','2025-05-01 21:06:46',NULL,'public'),(135,0,'logo','logo',9,'image/png',1441,'general/logo.png','[]','2025-05-01 21:06:46','2025-05-01 21:06:46',NULL,'public'),(136,0,'newsletter','newsletter',9,'image/jpeg',9778,'general/newsletter.jpg','[]','2025-05-01 21:06:46','2025-05-01 21:06:46',NULL,'public'),(137,0,'payment-method-1','payment-method-1',9,'image/jpeg',1128,'general/payment-method-1.jpg','[]','2025-05-01 21:06:46','2025-05-01 21:06:46',NULL,'public'),(138,0,'payment-method-2','payment-method-2',9,'image/jpeg',1184,'general/payment-method-2.jpg','[]','2025-05-01 21:06:46','2025-05-01 21:06:46',NULL,'public'),(139,0,'payment-method-3','payment-method-3',9,'image/jpeg',1109,'general/payment-method-3.jpg','[]','2025-05-01 21:06:47','2025-05-01 21:06:47',NULL,'public'),(140,0,'payment-method-4','payment-method-4',9,'image/jpeg',944,'general/payment-method-4.jpg','[]','2025-05-01 21:06:47','2025-05-01 21:06:47',NULL,'public'),(141,0,'payment-method-5','payment-method-5',9,'image/jpeg',964,'general/payment-method-5.jpg','[]','2025-05-01 21:06:47','2025-05-01 21:06:47',NULL,'public'),(142,0,'placeholder','placeholder',9,'image/png',12344,'general/placeholder.png','[]','2025-05-01 21:06:47','2025-05-01 21:06:47',NULL,'public'),(143,0,'1','1',10,'image/png',9022,'stores/1.png','[]','2025-05-01 21:06:47','2025-05-01 21:06:47',NULL,'public'),(144,0,'10','10',10,'image/png',4384,'stores/10.png','[]','2025-05-01 21:06:47','2025-05-01 21:06:47',NULL,'public'),(145,0,'11','11',10,'image/png',4706,'stores/11.png','[]','2025-05-01 21:06:47','2025-05-01 21:06:47',NULL,'public'),(146,0,'12','12',10,'image/png',5075,'stores/12.png','[]','2025-05-01 21:06:47','2025-05-01 21:06:47',NULL,'public'),(147,0,'13','13',10,'image/png',3700,'stores/13.png','[]','2025-05-01 21:06:48','2025-05-01 21:06:48',NULL,'public'),(148,0,'14','14',10,'image/png',4239,'stores/14.png','[]','2025-05-01 21:06:48','2025-05-01 21:06:48',NULL,'public'),(149,0,'15','15',10,'image/png',5304,'stores/15.png','[]','2025-05-01 21:06:48','2025-05-01 21:06:48',NULL,'public'),(150,0,'16','16',10,'image/png',4796,'stores/16.png','[]','2025-05-01 21:06:48','2025-05-01 21:06:48',NULL,'public'),(151,0,'17','17',10,'image/png',4919,'stores/17.png','[]','2025-05-01 21:06:48','2025-05-01 21:06:48',NULL,'public'),(152,0,'2','2',10,'image/png',8598,'stores/2.png','[]','2025-05-01 21:06:48','2025-05-01 21:06:48',NULL,'public'),(153,0,'3','3',10,'image/png',7888,'stores/3.png','[]','2025-05-01 21:06:48','2025-05-01 21:06:48',NULL,'public'),(154,0,'4','4',10,'image/png',8393,'stores/4.png','[]','2025-05-01 21:06:48','2025-05-01 21:06:48',NULL,'public'),(155,0,'5','5',10,'image/png',10159,'stores/5.png','[]','2025-05-01 21:06:48','2025-05-01 21:06:48',NULL,'public'),(156,0,'6','6',10,'image/png',10312,'stores/6.png','[]','2025-05-01 21:06:49','2025-05-01 21:06:49',NULL,'public'),(157,0,'7','7',10,'image/png',3764,'stores/7.png','[]','2025-05-01 21:06:49','2025-05-01 21:06:49',NULL,'public'),(158,0,'8','8',10,'image/png',4237,'stores/8.png','[]','2025-05-01 21:06:49','2025-05-01 21:06:49',NULL,'public'),(159,0,'9','9',10,'image/png',4096,'stores/9.png','[]','2025-05-01 21:06:49','2025-05-01 21:06:49',NULL,'public');

--
-- Table structure for table `media_folders`
--

CREATE TABLE `media_folders` (
  `id` bigint unsigned NOT NULL AUTO_INCREMENT,
  `user_id` bigint unsigned NOT NULL,
  `name` varchar(191) COLLATE utf8mb4_unicode_ci DEFAULT NULL,
  `color` varchar(191) COLLATE utf8mb4_unicode_ci DEFAULT NULL,
  `slug` varchar(191) COLLATE utf8mb4_unicode_ci DEFAULT NULL,
  `parent_id` bigint unsigned NOT NULL DEFAULT '0',
  `created_at` timestamp NULL DEFAULT NULL,
  `updated_at` timestamp NULL DEFAULT NULL,
  `deleted_at` timestamp NULL DEFAULT NULL,
  PRIMARY KEY (`id`),
  KEY `media_folders_user_id_index` (`user_id`),
  KEY `media_folders_index` (`parent_id`,`user_id`,`created_at`)
) ENGINE=InnoDB AUTO_INCREMENT=11 DEFAULT CHARSET=utf8mb4 COLLATE=utf8mb4_unicode_ci;

--
-- Dumping data for table `media_folders`
--

INSERT INTO `media_folders` VALUES (1,0,'brands',NULL,'brands',0,'2025-05-01 21:06:10','2025-05-01 21:06:10',NULL),(2,0,'product-categories',NULL,'product-categories',0,'2025-05-01 21:06:11','2025-05-01 21:06:11',NULL),(3,0,'products',NULL,'products',0,'2025-05-01 21:06:14','2025-05-01 21:06:14',NULL),(4,0,'customers',NULL,'customers',0,'2025-05-01 21:06:28','2025-05-01 21:06:28',NULL),(5,0,'news',NULL,'news',0,'2025-05-01 21:06:38','2025-05-01 21:06:38',NULL),(6,0,'sliders',NULL,'sliders',0,'2025-05-01 21:06:41','2025-05-01 21:06:41',NULL),(7,0,'promotion',NULL,'promotion',0,'2025-05-01 21:06:43','2025-05-01 21:06:43',NULL),(8,0,'payments',NULL,'payments',0,'2025-05-01 21:06:44','2025-05-01 21:06:44',NULL),(9,0,'general',NULL,'general',0,'2025-05-01 21:06:46','2025-05-01 21:06:46',NULL),(10,0,'stores',NULL,'stores',0,'2025-05-01 21:06:47','2025-05-01 21:06:47',NULL);

--
-- Table structure for table `media_settings`
--

CREATE TABLE `media_settings` (
  `id` bigint unsigned NOT NULL AUTO_INCREMENT,
  `key` varchar(120) COLLATE utf8mb4_unicode_ci NOT NULL,
  `value` text COLLATE utf8mb4_unicode_ci,
  `media_id` bigint unsigned DEFAULT NULL,
  `user_id` bigint unsigned DEFAULT NULL,
  `created_at` timestamp NULL DEFAULT NULL,
  `updated_at` timestamp NULL DEFAULT NULL,
  PRIMARY KEY (`id`)
) ENGINE=InnoDB DEFAULT CHARSET=utf8mb4 COLLATE=utf8mb4_unicode_ci;

--
-- Dumping data for table `media_settings`
--


--
-- Table structure for table `menu_locations`
--

CREATE TABLE `menu_locations` (
  `id` bigint unsigned NOT NULL AUTO_INCREMENT,
  `menu_id` bigint unsigned NOT NULL,
  `location` varchar(191) COLLATE utf8mb4_unicode_ci NOT NULL,
  `created_at` timestamp NULL DEFAULT NULL,
  `updated_at` timestamp NULL DEFAULT NULL,
  PRIMARY KEY (`id`),
  KEY `menu_locations_menu_id_created_at_index` (`menu_id`,`created_at`)
) ENGINE=InnoDB AUTO_INCREMENT=2 DEFAULT CHARSET=utf8mb4 COLLATE=utf8mb4_unicode_ci;

--
-- Dumping data for table `menu_locations`
--

INSERT INTO `menu_locations` VALUES (1,1,'main-menu','2025-05-01 21:06:45','2025-05-01 21:06:45');

--
-- Table structure for table `menu_nodes`
--

CREATE TABLE `menu_nodes` (
  `id` bigint unsigned NOT NULL AUTO_INCREMENT,
  `menu_id` bigint unsigned NOT NULL,
  `parent_id` bigint unsigned NOT NULL DEFAULT '0',
  `reference_id` bigint unsigned DEFAULT NULL,
  `reference_type` varchar(191) COLLATE utf8mb4_unicode_ci DEFAULT NULL,
  `url` varchar(191) COLLATE utf8mb4_unicode_ci DEFAULT NULL,
  `icon_font` varchar(191) COLLATE utf8mb4_unicode_ci DEFAULT NULL,
  `position` tinyint unsigned NOT NULL DEFAULT '0',
  `title` varchar(191) COLLATE utf8mb4_unicode_ci DEFAULT NULL,
  `css_class` varchar(191) COLLATE utf8mb4_unicode_ci DEFAULT NULL,
  `target` varchar(20) COLLATE utf8mb4_unicode_ci NOT NULL DEFAULT '_self',
  `has_child` tinyint unsigned NOT NULL DEFAULT '0',
  `created_at` timestamp NULL DEFAULT NULL,
  `updated_at` timestamp NULL DEFAULT NULL,
  PRIMARY KEY (`id`),
  KEY `menu_nodes_menu_id_index` (`menu_id`),
  KEY `menu_nodes_parent_id_index` (`parent_id`),
  KEY `reference_id` (`reference_id`),
  KEY `reference_type` (`reference_type`)
) ENGINE=InnoDB AUTO_INCREMENT=29 DEFAULT CHARSET=utf8mb4 COLLATE=utf8mb4_unicode_ci;

--
-- Dumping data for table `menu_nodes`
--

INSERT INTO `menu_nodes` VALUES (1,1,0,NULL,NULL,'/',NULL,0,'Home',NULL,'_self',0,'2025-05-01 21:06:45','2025-05-01 21:06:45'),(2,1,0,NULL,NULL,'#',NULL,1,'Pages',NULL,'_self',1,'2025-05-01 21:06:45','2025-05-01 21:06:45'),(3,1,2,2,'Botble\\Page\\Models\\Page','/about-us',NULL,0,'About us',NULL,'_self',0,'2025-05-01 21:06:45','2025-05-01 21:06:46'),(4,1,2,3,'Botble\\Page\\Models\\Page','/terms-of-use',NULL,1,'Terms Of Use',NULL,'_self',0,'2025-05-01 21:06:45','2025-05-01 21:06:46'),(5,1,2,4,'Botble\\Page\\Models\\Page','/terms-conditions',NULL,2,'Terms & Conditions',NULL,'_self',0,'2025-05-01 21:06:45','2025-05-01 21:06:46'),(6,1,2,5,'Botble\\Page\\Models\\Page','/refund-policy',NULL,3,'Refund Policy',NULL,'_self',0,'2025-05-01 21:06:45','2025-05-01 21:06:46'),(7,1,2,12,'Botble\\Page\\Models\\Page','/coming-soon',NULL,4,'Coming soon',NULL,'_self',0,'2025-05-01 21:06:45','2025-05-01 21:06:46'),(8,1,0,NULL,NULL,'/products',NULL,2,'Products',NULL,'_self',1,'2025-05-01 21:06:45','2025-05-01 21:06:45'),(9,1,8,NULL,NULL,'/products',NULL,0,'All products',NULL,'_self',0,'2025-05-01 21:06:45','2025-05-01 21:06:45'),(10,1,8,15,'Botble\\Ecommerce\\Models\\ProductCategory',NULL,NULL,1,'Products Of Category',NULL,'_self',0,'2025-05-01 21:06:46','2025-05-01 21:06:46'),(11,1,8,NULL,NULL,'/products/beat-headphone',NULL,2,'Product Single',NULL,'_self',0,'2025-05-01 21:06:46','2025-05-01 21:06:46'),(12,1,0,NULL,NULL,'/stores',NULL,3,'Stores',NULL,'_self',0,'2025-05-01 21:06:46','2025-05-01 21:06:46'),(13,1,0,6,'Botble\\Page\\Models\\Page',NULL,NULL,4,'Blog',NULL,'_self',0,'2025-05-01 21:06:46','2025-05-01 21:06:46'),(14,1,0,7,'Botble\\Page\\Models\\Page',NULL,NULL,5,'FAQs',NULL,'_self',0,'2025-05-01 21:06:46','2025-05-01 21:06:46'),(15,1,0,8,'Botble\\Page\\Models\\Page',NULL,NULL,6,'Contact',NULL,'_self',0,'2025-05-01 21:06:46','2025-05-01 21:06:46'),(16,2,0,3,'Botble\\Page\\Models\\Page',NULL,NULL,0,'Terms Of Use',NULL,'_self',0,'2025-05-01 21:06:46','2025-05-01 21:06:46'),(17,2,0,4,'Botble\\Page\\Models\\Page',NULL,NULL,1,'Terms & Conditions',NULL,'_self',0,'2025-05-01 21:06:46','2025-05-01 21:06:46'),(18,2,0,5,'Botble\\Page\\Models\\Page',NULL,NULL,2,'Refund Policy',NULL,'_self',0,'2025-05-01 21:06:46','2025-05-01 21:06:46'),(19,2,0,7,'Botble\\Page\\Models\\Page',NULL,NULL,3,'FAQs',NULL,'_self',0,'2025-05-01 21:06:46','2025-05-01 21:06:46'),(20,2,0,NULL,NULL,'/nothing',NULL,4,'404 Page',NULL,'_self',0,'2025-05-01 21:06:46','2025-05-01 21:06:46'),(21,3,0,2,'Botble\\Page\\Models\\Page',NULL,NULL,0,'About us',NULL,'_self',0,'2025-05-01 21:06:46','2025-05-01 21:06:46'),(22,3,0,10,'Botble\\Page\\Models\\Page',NULL,NULL,1,'Affiliate',NULL,'_self',0,'2025-05-01 21:06:46','2025-05-01 21:06:46'),(23,3,0,11,'Botble\\Page\\Models\\Page',NULL,NULL,2,'Career',NULL,'_self',0,'2025-05-01 21:06:46','2025-05-01 21:06:46'),(24,3,0,8,'Botble\\Page\\Models\\Page',NULL,NULL,3,'Contact us',NULL,'_self',0,'2025-05-01 21:06:46','2025-05-01 21:06:46'),(25,4,0,6,'Botble\\Page\\Models\\Page',NULL,NULL,0,'Our blog',NULL,'_self',0,'2025-05-01 21:06:46','2025-05-01 21:06:46'),(26,4,0,NULL,NULL,'/cart',NULL,1,'Cart',NULL,'_self',0,'2025-05-01 21:06:46','2025-05-01 21:06:46'),(27,4,0,NULL,NULL,'/customer/overview',NULL,2,'My account',NULL,'_self',0,'2025-05-01 21:06:46','2025-05-01 21:06:46'),(28,4,0,NULL,NULL,'/products',NULL,3,'Shop',NULL,'_self',0,'2025-05-01 21:06:46','2025-05-01 21:06:46');

--
-- Table structure for table `menus`
--

CREATE TABLE `menus` (
  `id` bigint unsigned NOT NULL AUTO_INCREMENT,
  `name` varchar(120) COLLATE utf8mb4_unicode_ci NOT NULL,
  `slug` varchar(120) COLLATE utf8mb4_unicode_ci DEFAULT NULL,
  `status` varchar(60) COLLATE utf8mb4_unicode_ci NOT NULL DEFAULT 'published',
  `created_at` timestamp NULL DEFAULT NULL,
  `updated_at` timestamp NULL DEFAULT NULL,
  PRIMARY KEY (`id`),
  UNIQUE KEY `menus_slug_unique` (`slug`)
) ENGINE=InnoDB AUTO_INCREMENT=5 DEFAULT CHARSET=utf8mb4 COLLATE=utf8mb4_unicode_ci;

--
-- Dumping data for table `menus`
--

INSERT INTO `menus` VALUES (1,'Main menu','main-menu','published','2025-05-01 21:06:45','2025-05-01 21:06:45'),(2,'Quick links','quick-links','published','2025-05-01 21:06:46','2025-05-01 21:06:46'),(3,'Company','company','published','2025-05-01 21:06:46','2025-05-01 21:06:46'),(4,'Business','business','published','2025-05-01 21:06:46','2025-05-01 21:06:46');

--
-- Table structure for table `meta_boxes`
--

CREATE TABLE `meta_boxes` (
  `id` bigint unsigned NOT NULL AUTO_INCREMENT,
  `meta_key` varchar(191) COLLATE utf8mb4_unicode_ci NOT NULL,
  `meta_value` text COLLATE utf8mb4_unicode_ci,
  `reference_id` bigint unsigned NOT NULL,
  `reference_type` varchar(120) COLLATE utf8mb4_unicode_ci NOT NULL,
  `created_at` timestamp NULL DEFAULT NULL,
  `updated_at` timestamp NULL DEFAULT NULL,
  PRIMARY KEY (`id`),
  KEY `meta_boxes_reference_id_index` (`reference_id`)
) ENGINE=InnoDB AUTO_INCREMENT=44 DEFAULT CHARSET=utf8mb4 COLLATE=utf8mb4_unicode_ci;

--
-- Dumping data for table `meta_boxes`
--

INSERT INTO `meta_boxes` VALUES (1,'icon','[\"icon-star\"]',1,'Botble\\Ecommerce\\Models\\ProductCategory','2025-05-01 21:06:13','2025-05-01 21:06:13'),(2,'icon','[\"icon-laundry\"]',2,'Botble\\Ecommerce\\Models\\ProductCategory','2025-05-01 21:06:13','2025-05-01 21:06:13'),(3,'icon','[\"icon-shirt\"]',16,'Botble\\Ecommerce\\Models\\ProductCategory','2025-05-01 21:06:13','2025-05-01 21:06:13'),(4,'icon','[\"icon-desktop\"]',17,'Botble\\Ecommerce\\Models\\ProductCategory','2025-05-01 21:06:13','2025-05-01 21:06:13'),(5,'icon','[\"icon-lampshade\"]',28,'Botble\\Ecommerce\\Models\\ProductCategory','2025-05-01 21:06:13','2025-05-01 21:06:13'),(6,'icon','[\"icon-heart-pulse\"]',29,'Botble\\Ecommerce\\Models\\ProductCategory','2025-05-01 21:06:13','2025-05-01 21:06:13'),(7,'icon','[\"icon-diamond2\"]',30,'Botble\\Ecommerce\\Models\\ProductCategory','2025-05-01 21:06:13','2025-05-01 21:06:13'),(8,'icon','[\"icon-desktop\"]',31,'Botble\\Ecommerce\\Models\\ProductCategory','2025-05-01 21:06:13','2025-05-01 21:06:13'),(9,'icon','[\"icon-smartphone\"]',32,'Botble\\Ecommerce\\Models\\ProductCategory','2025-05-01 21:06:13','2025-05-01 21:06:13'),(10,'icon','[\"icon-baby-bottle\"]',33,'Botble\\Ecommerce\\Models\\ProductCategory','2025-05-01 21:06:13','2025-05-01 21:06:13'),(11,'icon','[\"icon-baseball\"]',34,'Botble\\Ecommerce\\Models\\ProductCategory','2025-05-01 21:06:13','2025-05-01 21:06:13'),(12,'icon','[\"icon-book2\"]',35,'Botble\\Ecommerce\\Models\\ProductCategory','2025-05-01 21:06:13','2025-05-01 21:06:13'),(13,'icon','[\"icon-car-siren\"]',36,'Botble\\Ecommerce\\Models\\ProductCategory','2025-05-01 21:06:13','2025-05-01 21:06:13'),(14,'icon','[\"icon-wrench\"]',37,'Botble\\Ecommerce\\Models\\ProductCategory','2025-05-01 21:06:13','2025-05-01 21:06:13'),(15,'faq_schema_config','[[[{\"key\":\"question\",\"value\":\"What Shipping Methods Are Available?\"},{\"key\":\"answer\",\"value\":\"Ex Portland Pitchfork irure mustache. Eutra fap before they sold out literally. Aliquip ugh bicycle rights actually mlkshk, seitan squid craft beer tempor.\"}],[{\"key\":\"question\",\"value\":\"Do You Ship Internationally?\"},{\"key\":\"answer\",\"value\":\"Hoodie tote bag mixtape tofu. Typewriter jean shorts wolf quinoa, messenger bag organic freegan cray.\"}],[{\"key\":\"question\",\"value\":\"How Long Will It Take To Get My Package?\"},{\"key\":\"answer\",\"value\":\"Swag slow-carb quinoa VHS typewriter pork belly brunch, paleo single-origin coffee Wes Anderson. Flexitarian Pitchfork forage, literally paleo fap pour-over. Wes Anderson Pinterest YOLO fanny pack meggings, deep v XOXO chambray sustainable slow-carb raw denim church-key fap chillwave Etsy. +1 typewriter kitsch, American Apparel tofu Banksy Vice.\"}],[{\"key\":\"question\",\"value\":\"What Payment Methods Are Accepted?\"},{\"key\":\"answer\",\"value\":\"Fashion axe DIY jean shorts, swag kale chips meh polaroid kogi butcher Wes Anderson chambray next level semiotics gentrify yr. Voluptate photo booth fugiat Vice. Austin sed Williamsburg, ea labore raw denim voluptate cred proident mixtape excepteur mustache. Twee chia photo booth readymade food truck, hoodie roof party swag keytar PBR DIY.\"}],[{\"key\":\"question\",\"value\":\"Is Buying On-Line Safe?\"},{\"key\":\"answer\",\"value\":\"Art party authentic freegan semiotics jean shorts chia cred. Neutra Austin roof party Brooklyn, synth Thundercats swag 8-bit photo booth. Plaid letterpress leggings craft beer meh ethical Pinterest.\"}]]]',1,'Botble\\Ecommerce\\Models\\Product','2025-05-01 21:06:25','2025-05-01 21:06:25'),(16,'faq_schema_config','[[[{\"key\":\"question\",\"value\":\"What Shipping Methods Are Available?\"},{\"key\":\"answer\",\"value\":\"Ex Portland Pitchfork irure mustache. Eutra fap before they sold out literally. Aliquip ugh bicycle rights actually mlkshk, seitan squid craft beer tempor.\"}],[{\"key\":\"question\",\"value\":\"Do You Ship Internationally?\"},{\"key\":\"answer\",\"value\":\"Hoodie tote bag mixtape tofu. Typewriter jean shorts wolf quinoa, messenger bag organic freegan cray.\"}],[{\"key\":\"question\",\"value\":\"How Long Will It Take To Get My Package?\"},{\"key\":\"answer\",\"value\":\"Swag slow-carb quinoa VHS typewriter pork belly brunch, paleo single-origin coffee Wes Anderson. Flexitarian Pitchfork forage, literally paleo fap pour-over. Wes Anderson Pinterest YOLO fanny pack meggings, deep v XOXO chambray sustainable slow-carb raw denim church-key fap chillwave Etsy. +1 typewriter kitsch, American Apparel tofu Banksy Vice.\"}],[{\"key\":\"question\",\"value\":\"What Payment Methods Are Accepted?\"},{\"key\":\"answer\",\"value\":\"Fashion axe DIY jean shorts, swag kale chips meh polaroid kogi butcher Wes Anderson chambray next level semiotics gentrify yr. Voluptate photo booth fugiat Vice. Austin sed Williamsburg, ea labore raw denim voluptate cred proident mixtape excepteur mustache. Twee chia photo booth readymade food truck, hoodie roof party swag keytar PBR DIY.\"}],[{\"key\":\"question\",\"value\":\"Is Buying On-Line Safe?\"},{\"key\":\"answer\",\"value\":\"Art party authentic freegan semiotics jean shorts chia cred. Neutra Austin roof party Brooklyn, synth Thundercats swag 8-bit photo booth. Plaid letterpress leggings craft beer meh ethical Pinterest.\"}]]]',2,'Botble\\Ecommerce\\Models\\Product','2025-05-01 21:06:25','2025-05-01 21:06:25'),(17,'faq_schema_config','[[[{\"key\":\"question\",\"value\":\"What Shipping Methods Are Available?\"},{\"key\":\"answer\",\"value\":\"Ex Portland Pitchfork irure mustache. Eutra fap before they sold out literally. Aliquip ugh bicycle rights actually mlkshk, seitan squid craft beer tempor.\"}],[{\"key\":\"question\",\"value\":\"Do You Ship Internationally?\"},{\"key\":\"answer\",\"value\":\"Hoodie tote bag mixtape tofu. Typewriter jean shorts wolf quinoa, messenger bag organic freegan cray.\"}],[{\"key\":\"question\",\"value\":\"How Long Will It Take To Get My Package?\"},{\"key\":\"answer\",\"value\":\"Swag slow-carb quinoa VHS typewriter pork belly brunch, paleo single-origin coffee Wes Anderson. Flexitarian Pitchfork forage, literally paleo fap pour-over. Wes Anderson Pinterest YOLO fanny pack meggings, deep v XOXO chambray sustainable slow-carb raw denim church-key fap chillwave Etsy. +1 typewriter kitsch, American Apparel tofu Banksy Vice.\"}],[{\"key\":\"question\",\"value\":\"What Payment Methods Are Accepted?\"},{\"key\":\"answer\",\"value\":\"Fashion axe DIY jean shorts, swag kale chips meh polaroid kogi butcher Wes Anderson chambray next level semiotics gentrify yr. Voluptate photo booth fugiat Vice. Austin sed Williamsburg, ea labore raw denim voluptate cred proident mixtape excepteur mustache. Twee chia photo booth readymade food truck, hoodie roof party swag keytar PBR DIY.\"}],[{\"key\":\"question\",\"value\":\"Is Buying On-Line Safe?\"},{\"key\":\"answer\",\"value\":\"Art party authentic freegan semiotics jean shorts chia cred. Neutra Austin roof party Brooklyn, synth Thundercats swag 8-bit photo booth. Plaid letterpress leggings craft beer meh ethical Pinterest.\"}]]]',3,'Botble\\Ecommerce\\Models\\Product','2025-05-01 21:06:25','2025-05-01 21:06:25'),(18,'faq_schema_config','[[[{\"key\":\"question\",\"value\":\"What Shipping Methods Are Available?\"},{\"key\":\"answer\",\"value\":\"Ex Portland Pitchfork irure mustache. Eutra fap before they sold out literally. Aliquip ugh bicycle rights actually mlkshk, seitan squid craft beer tempor.\"}],[{\"key\":\"question\",\"value\":\"Do You Ship Internationally?\"},{\"key\":\"answer\",\"value\":\"Hoodie tote bag mixtape tofu. Typewriter jean shorts wolf quinoa, messenger bag organic freegan cray.\"}],[{\"key\":\"question\",\"value\":\"How Long Will It Take To Get My Package?\"},{\"key\":\"answer\",\"value\":\"Swag slow-carb quinoa VHS typewriter pork belly brunch, paleo single-origin coffee Wes Anderson. Flexitarian Pitchfork forage, literally paleo fap pour-over. Wes Anderson Pinterest YOLO fanny pack meggings, deep v XOXO chambray sustainable slow-carb raw denim church-key fap chillwave Etsy. +1 typewriter kitsch, American Apparel tofu Banksy Vice.\"}],[{\"key\":\"question\",\"value\":\"What Payment Methods Are Accepted?\"},{\"key\":\"answer\",\"value\":\"Fashion axe DIY jean shorts, swag kale chips meh polaroid kogi butcher Wes Anderson chambray next level semiotics gentrify yr. Voluptate photo booth fugiat Vice. Austin sed Williamsburg, ea labore raw denim voluptate cred proident mixtape excepteur mustache. Twee chia photo booth readymade food truck, hoodie roof party swag keytar PBR DIY.\"}],[{\"key\":\"question\",\"value\":\"Is Buying On-Line Safe?\"},{\"key\":\"answer\",\"value\":\"Art party authentic freegan semiotics jean shorts chia cred. Neutra Austin roof party Brooklyn, synth Thundercats swag 8-bit photo booth. Plaid letterpress leggings craft beer meh ethical Pinterest.\"}]]]',4,'Botble\\Ecommerce\\Models\\Product','2025-05-01 21:06:25','2025-05-01 21:06:25'),(19,'faq_schema_config','[[[{\"key\":\"question\",\"value\":\"What Shipping Methods Are Available?\"},{\"key\":\"answer\",\"value\":\"Ex Portland Pitchfork irure mustache. Eutra fap before they sold out literally. Aliquip ugh bicycle rights actually mlkshk, seitan squid craft beer tempor.\"}],[{\"key\":\"question\",\"value\":\"Do You Ship Internationally?\"},{\"key\":\"answer\",\"value\":\"Hoodie tote bag mixtape tofu. Typewriter jean shorts wolf quinoa, messenger bag organic freegan cray.\"}],[{\"key\":\"question\",\"value\":\"How Long Will It Take To Get My Package?\"},{\"key\":\"answer\",\"value\":\"Swag slow-carb quinoa VHS typewriter pork belly brunch, paleo single-origin coffee Wes Anderson. Flexitarian Pitchfork forage, literally paleo fap pour-over. Wes Anderson Pinterest YOLO fanny pack meggings, deep v XOXO chambray sustainable slow-carb raw denim church-key fap chillwave Etsy. +1 typewriter kitsch, American Apparel tofu Banksy Vice.\"}],[{\"key\":\"question\",\"value\":\"What Payment Methods Are Accepted?\"},{\"key\":\"answer\",\"value\":\"Fashion axe DIY jean shorts, swag kale chips meh polaroid kogi butcher Wes Anderson chambray next level semiotics gentrify yr. Voluptate photo booth fugiat Vice. Austin sed Williamsburg, ea labore raw denim voluptate cred proident mixtape excepteur mustache. Twee chia photo booth readymade food truck, hoodie roof party swag keytar PBR DIY.\"}],[{\"key\":\"question\",\"value\":\"Is Buying On-Line Safe?\"},{\"key\":\"answer\",\"value\":\"Art party authentic freegan semiotics jean shorts chia cred. Neutra Austin roof party Brooklyn, synth Thundercats swag 8-bit photo booth. Plaid letterpress leggings craft beer meh ethical Pinterest.\"}]]]',5,'Botble\\Ecommerce\\Models\\Product','2025-05-01 21:06:25','2025-05-01 21:06:25'),(20,'faq_schema_config','[[[{\"key\":\"question\",\"value\":\"What Shipping Methods Are Available?\"},{\"key\":\"answer\",\"value\":\"Ex Portland Pitchfork irure mustache. Eutra fap before they sold out literally. Aliquip ugh bicycle rights actually mlkshk, seitan squid craft beer tempor.\"}],[{\"key\":\"question\",\"value\":\"Do You Ship Internationally?\"},{\"key\":\"answer\",\"value\":\"Hoodie tote bag mixtape tofu. Typewriter jean shorts wolf quinoa, messenger bag organic freegan cray.\"}],[{\"key\":\"question\",\"value\":\"How Long Will It Take To Get My Package?\"},{\"key\":\"answer\",\"value\":\"Swag slow-carb quinoa VHS typewriter pork belly brunch, paleo single-origin coffee Wes Anderson. Flexitarian Pitchfork forage, literally paleo fap pour-over. Wes Anderson Pinterest YOLO fanny pack meggings, deep v XOXO chambray sustainable slow-carb raw denim church-key fap chillwave Etsy. +1 typewriter kitsch, American Apparel tofu Banksy Vice.\"}],[{\"key\":\"question\",\"value\":\"What Payment Methods Are Accepted?\"},{\"key\":\"answer\",\"value\":\"Fashion axe DIY jean shorts, swag kale chips meh polaroid kogi butcher Wes Anderson chambray next level semiotics gentrify yr. Voluptate photo booth fugiat Vice. Austin sed Williamsburg, ea labore raw denim voluptate cred proident mixtape excepteur mustache. Twee chia photo booth readymade food truck, hoodie roof party swag keytar PBR DIY.\"}],[{\"key\":\"question\",\"value\":\"Is Buying On-Line Safe?\"},{\"key\":\"answer\",\"value\":\"Art party authentic freegan semiotics jean shorts chia cred. Neutra Austin roof party Brooklyn, synth Thundercats swag 8-bit photo booth. Plaid letterpress leggings craft beer meh ethical Pinterest.\"}]]]',6,'Botble\\Ecommerce\\Models\\Product','2025-05-01 21:06:26','2025-05-01 21:06:26'),(21,'faq_schema_config','[[[{\"key\":\"question\",\"value\":\"What Shipping Methods Are Available?\"},{\"key\":\"answer\",\"value\":\"Ex Portland Pitchfork irure mustache. Eutra fap before they sold out literally. Aliquip ugh bicycle rights actually mlkshk, seitan squid craft beer tempor.\"}],[{\"key\":\"question\",\"value\":\"Do You Ship Internationally?\"},{\"key\":\"answer\",\"value\":\"Hoodie tote bag mixtape tofu. Typewriter jean shorts wolf quinoa, messenger bag organic freegan cray.\"}],[{\"key\":\"question\",\"value\":\"How Long Will It Take To Get My Package?\"},{\"key\":\"answer\",\"value\":\"Swag slow-carb quinoa VHS typewriter pork belly brunch, paleo single-origin coffee Wes Anderson. Flexitarian Pitchfork forage, literally paleo fap pour-over. Wes Anderson Pinterest YOLO fanny pack meggings, deep v XOXO chambray sustainable slow-carb raw denim church-key fap chillwave Etsy. +1 typewriter kitsch, American Apparel tofu Banksy Vice.\"}],[{\"key\":\"question\",\"value\":\"What Payment Methods Are Accepted?\"},{\"key\":\"answer\",\"value\":\"Fashion axe DIY jean shorts, swag kale chips meh polaroid kogi butcher Wes Anderson chambray next level semiotics gentrify yr. Voluptate photo booth fugiat Vice. Austin sed Williamsburg, ea labore raw denim voluptate cred proident mixtape excepteur mustache. Twee chia photo booth readymade food truck, hoodie roof party swag keytar PBR DIY.\"}],[{\"key\":\"question\",\"value\":\"Is Buying On-Line Safe?\"},{\"key\":\"answer\",\"value\":\"Art party authentic freegan semiotics jean shorts chia cred. Neutra Austin roof party Brooklyn, synth Thundercats swag 8-bit photo booth. Plaid letterpress leggings craft beer meh ethical Pinterest.\"}]]]',7,'Botble\\Ecommerce\\Models\\Product','2025-05-01 21:06:26','2025-05-01 21:06:26'),(22,'faq_schema_config','[[[{\"key\":\"question\",\"value\":\"What Shipping Methods Are Available?\"},{\"key\":\"answer\",\"value\":\"Ex Portland Pitchfork irure mustache. Eutra fap before they sold out literally. Aliquip ugh bicycle rights actually mlkshk, seitan squid craft beer tempor.\"}],[{\"key\":\"question\",\"value\":\"Do You Ship Internationally?\"},{\"key\":\"answer\",\"value\":\"Hoodie tote bag mixtape tofu. Typewriter jean shorts wolf quinoa, messenger bag organic freegan cray.\"}],[{\"key\":\"question\",\"value\":\"How Long Will It Take To Get My Package?\"},{\"key\":\"answer\",\"value\":\"Swag slow-carb quinoa VHS typewriter pork belly brunch, paleo single-origin coffee Wes Anderson. Flexitarian Pitchfork forage, literally paleo fap pour-over. Wes Anderson Pinterest YOLO fanny pack meggings, deep v XOXO chambray sustainable slow-carb raw denim church-key fap chillwave Etsy. +1 typewriter kitsch, American Apparel tofu Banksy Vice.\"}],[{\"key\":\"question\",\"value\":\"What Payment Methods Are Accepted?\"},{\"key\":\"answer\",\"value\":\"Fashion axe DIY jean shorts, swag kale chips meh polaroid kogi butcher Wes Anderson chambray next level semiotics gentrify yr. Voluptate photo booth fugiat Vice. Austin sed Williamsburg, ea labore raw denim voluptate cred proident mixtape excepteur mustache. Twee chia photo booth readymade food truck, hoodie roof party swag keytar PBR DIY.\"}],[{\"key\":\"question\",\"value\":\"Is Buying On-Line Safe?\"},{\"key\":\"answer\",\"value\":\"Art party authentic freegan semiotics jean shorts chia cred. Neutra Austin roof party Brooklyn, synth Thundercats swag 8-bit photo booth. Plaid letterpress leggings craft beer meh ethical Pinterest.\"}]]]',8,'Botble\\Ecommerce\\Models\\Product','2025-05-01 21:06:26','2025-05-01 21:06:26'),(23,'faq_schema_config','[[[{\"key\":\"question\",\"value\":\"What Shipping Methods Are Available?\"},{\"key\":\"answer\",\"value\":\"Ex Portland Pitchfork irure mustache. Eutra fap before they sold out literally. Aliquip ugh bicycle rights actually mlkshk, seitan squid craft beer tempor.\"}],[{\"key\":\"question\",\"value\":\"Do You Ship Internationally?\"},{\"key\":\"answer\",\"value\":\"Hoodie tote bag mixtape tofu. Typewriter jean shorts wolf quinoa, messenger bag organic freegan cray.\"}],[{\"key\":\"question\",\"value\":\"How Long Will It Take To Get My Package?\"},{\"key\":\"answer\",\"value\":\"Swag slow-carb quinoa VHS typewriter pork belly brunch, paleo single-origin coffee Wes Anderson. Flexitarian Pitchfork forage, literally paleo fap pour-over. Wes Anderson Pinterest YOLO fanny pack meggings, deep v XOXO chambray sustainable slow-carb raw denim church-key fap chillwave Etsy. +1 typewriter kitsch, American Apparel tofu Banksy Vice.\"}],[{\"key\":\"question\",\"value\":\"What Payment Methods Are Accepted?\"},{\"key\":\"answer\",\"value\":\"Fashion axe DIY jean shorts, swag kale chips meh polaroid kogi butcher Wes Anderson chambray next level semiotics gentrify yr. Voluptate photo booth fugiat Vice. Austin sed Williamsburg, ea labore raw denim voluptate cred proident mixtape excepteur mustache. Twee chia photo booth readymade food truck, hoodie roof party swag keytar PBR DIY.\"}],[{\"key\":\"question\",\"value\":\"Is Buying On-Line Safe?\"},{\"key\":\"answer\",\"value\":\"Art party authentic freegan semiotics jean shorts chia cred. Neutra Austin roof party Brooklyn, synth Thundercats swag 8-bit photo booth. Plaid letterpress leggings craft beer meh ethical Pinterest.\"}]]]',9,'Botble\\Ecommerce\\Models\\Product','2025-05-01 21:06:26','2025-05-01 21:06:26'),(24,'faq_schema_config','[[[{\"key\":\"question\",\"value\":\"What Shipping Methods Are Available?\"},{\"key\":\"answer\",\"value\":\"Ex Portland Pitchfork irure mustache. Eutra fap before they sold out literally. Aliquip ugh bicycle rights actually mlkshk, seitan squid craft beer tempor.\"}],[{\"key\":\"question\",\"value\":\"Do You Ship Internationally?\"},{\"key\":\"answer\",\"value\":\"Hoodie tote bag mixtape tofu. Typewriter jean shorts wolf quinoa, messenger bag organic freegan cray.\"}],[{\"key\":\"question\",\"value\":\"How Long Will It Take To Get My Package?\"},{\"key\":\"answer\",\"value\":\"Swag slow-carb quinoa VHS typewriter pork belly brunch, paleo single-origin coffee Wes Anderson. Flexitarian Pitchfork forage, literally paleo fap pour-over. Wes Anderson Pinterest YOLO fanny pack meggings, deep v XOXO chambray sustainable slow-carb raw denim church-key fap chillwave Etsy. +1 typewriter kitsch, American Apparel tofu Banksy Vice.\"}],[{\"key\":\"question\",\"value\":\"What Payment Methods Are Accepted?\"},{\"key\":\"answer\",\"value\":\"Fashion axe DIY jean shorts, swag kale chips meh polaroid kogi butcher Wes Anderson chambray next level semiotics gentrify yr. Voluptate photo booth fugiat Vice. Austin sed Williamsburg, ea labore raw denim voluptate cred proident mixtape excepteur mustache. Twee chia photo booth readymade food truck, hoodie roof party swag keytar PBR DIY.\"}],[{\"key\":\"question\",\"value\":\"Is Buying On-Line Safe?\"},{\"key\":\"answer\",\"value\":\"Art party authentic freegan semiotics jean shorts chia cred. Neutra Austin roof party Brooklyn, synth Thundercats swag 8-bit photo booth. Plaid letterpress leggings craft beer meh ethical Pinterest.\"}]]]',10,'Botble\\Ecommerce\\Models\\Product','2025-05-01 21:06:26','2025-05-01 21:06:26'),(25,'faq_schema_config','[[[{\"key\":\"question\",\"value\":\"What Shipping Methods Are Available?\"},{\"key\":\"answer\",\"value\":\"Ex Portland Pitchfork irure mustache. Eutra fap before they sold out literally. Aliquip ugh bicycle rights actually mlkshk, seitan squid craft beer tempor.\"}],[{\"key\":\"question\",\"value\":\"Do You Ship Internationally?\"},{\"key\":\"answer\",\"value\":\"Hoodie tote bag mixtape tofu. Typewriter jean shorts wolf quinoa, messenger bag organic freegan cray.\"}],[{\"key\":\"question\",\"value\":\"How Long Will It Take To Get My Package?\"},{\"key\":\"answer\",\"value\":\"Swag slow-carb quinoa VHS typewriter pork belly brunch, paleo single-origin coffee Wes Anderson. Flexitarian Pitchfork forage, literally paleo fap pour-over. Wes Anderson Pinterest YOLO fanny pack meggings, deep v XOXO chambray sustainable slow-carb raw denim church-key fap chillwave Etsy. +1 typewriter kitsch, American Apparel tofu Banksy Vice.\"}],[{\"key\":\"question\",\"value\":\"What Payment Methods Are Accepted?\"},{\"key\":\"answer\",\"value\":\"Fashion axe DIY jean shorts, swag kale chips meh polaroid kogi butcher Wes Anderson chambray next level semiotics gentrify yr. Voluptate photo booth fugiat Vice. Austin sed Williamsburg, ea labore raw denim voluptate cred proident mixtape excepteur mustache. Twee chia photo booth readymade food truck, hoodie roof party swag keytar PBR DIY.\"}],[{\"key\":\"question\",\"value\":\"Is Buying On-Line Safe?\"},{\"key\":\"answer\",\"value\":\"Art party authentic freegan semiotics jean shorts chia cred. Neutra Austin roof party Brooklyn, synth Thundercats swag 8-bit photo booth. Plaid letterpress leggings craft beer meh ethical Pinterest.\"}]]]',11,'Botble\\Ecommerce\\Models\\Product','2025-05-01 21:06:26','2025-05-01 21:06:26'),(26,'faq_schema_config','[[[{\"key\":\"question\",\"value\":\"What Shipping Methods Are Available?\"},{\"key\":\"answer\",\"value\":\"Ex Portland Pitchfork irure mustache. Eutra fap before they sold out literally. Aliquip ugh bicycle rights actually mlkshk, seitan squid craft beer tempor.\"}],[{\"key\":\"question\",\"value\":\"Do You Ship Internationally?\"},{\"key\":\"answer\",\"value\":\"Hoodie tote bag mixtape tofu. Typewriter jean shorts wolf quinoa, messenger bag organic freegan cray.\"}],[{\"key\":\"question\",\"value\":\"How Long Will It Take To Get My Package?\"},{\"key\":\"answer\",\"value\":\"Swag slow-carb quinoa VHS typewriter pork belly brunch, paleo single-origin coffee Wes Anderson. Flexitarian Pitchfork forage, literally paleo fap pour-over. Wes Anderson Pinterest YOLO fanny pack meggings, deep v XOXO chambray sustainable slow-carb raw denim church-key fap chillwave Etsy. +1 typewriter kitsch, American Apparel tofu Banksy Vice.\"}],[{\"key\":\"question\",\"value\":\"What Payment Methods Are Accepted?\"},{\"key\":\"answer\",\"value\":\"Fashion axe DIY jean shorts, swag kale chips meh polaroid kogi butcher Wes Anderson chambray next level semiotics gentrify yr. Voluptate photo booth fugiat Vice. Austin sed Williamsburg, ea labore raw denim voluptate cred proident mixtape excepteur mustache. Twee chia photo booth readymade food truck, hoodie roof party swag keytar PBR DIY.\"}],[{\"key\":\"question\",\"value\":\"Is Buying On-Line Safe?\"},{\"key\":\"answer\",\"value\":\"Art party authentic freegan semiotics jean shorts chia cred. Neutra Austin roof party Brooklyn, synth Thundercats swag 8-bit photo booth. Plaid letterpress leggings craft beer meh ethical Pinterest.\"}]]]',12,'Botble\\Ecommerce\\Models\\Product','2025-05-01 21:06:26','2025-05-01 21:06:26'),(27,'faq_schema_config','[[[{\"key\":\"question\",\"value\":\"What Shipping Methods Are Available?\"},{\"key\":\"answer\",\"value\":\"Ex Portland Pitchfork irure mustache. Eutra fap before they sold out literally. Aliquip ugh bicycle rights actually mlkshk, seitan squid craft beer tempor.\"}],[{\"key\":\"question\",\"value\":\"Do You Ship Internationally?\"},{\"key\":\"answer\",\"value\":\"Hoodie tote bag mixtape tofu. Typewriter jean shorts wolf quinoa, messenger bag organic freegan cray.\"}],[{\"key\":\"question\",\"value\":\"How Long Will It Take To Get My Package?\"},{\"key\":\"answer\",\"value\":\"Swag slow-carb quinoa VHS typewriter pork belly brunch, paleo single-origin coffee Wes Anderson. Flexitarian Pitchfork forage, literally paleo fap pour-over. Wes Anderson Pinterest YOLO fanny pack meggings, deep v XOXO chambray sustainable slow-carb raw denim church-key fap chillwave Etsy. +1 typewriter kitsch, American Apparel tofu Banksy Vice.\"}],[{\"key\":\"question\",\"value\":\"What Payment Methods Are Accepted?\"},{\"key\":\"answer\",\"value\":\"Fashion axe DIY jean shorts, swag kale chips meh polaroid kogi butcher Wes Anderson chambray next level semiotics gentrify yr. Voluptate photo booth fugiat Vice. Austin sed Williamsburg, ea labore raw denim voluptate cred proident mixtape excepteur mustache. Twee chia photo booth readymade food truck, hoodie roof party swag keytar PBR DIY.\"}],[{\"key\":\"question\",\"value\":\"Is Buying On-Line Safe?\"},{\"key\":\"answer\",\"value\":\"Art party authentic freegan semiotics jean shorts chia cred. Neutra Austin roof party Brooklyn, synth Thundercats swag 8-bit photo booth. Plaid letterpress leggings craft beer meh ethical Pinterest.\"}]]]',13,'Botble\\Ecommerce\\Models\\Product','2025-05-01 21:06:26','2025-05-01 21:06:26'),(28,'faq_schema_config','[[[{\"key\":\"question\",\"value\":\"What Shipping Methods Are Available?\"},{\"key\":\"answer\",\"value\":\"Ex Portland Pitchfork irure mustache. Eutra fap before they sold out literally. Aliquip ugh bicycle rights actually mlkshk, seitan squid craft beer tempor.\"}],[{\"key\":\"question\",\"value\":\"Do You Ship Internationally?\"},{\"key\":\"answer\",\"value\":\"Hoodie tote bag mixtape tofu. Typewriter jean shorts wolf quinoa, messenger bag organic freegan cray.\"}],[{\"key\":\"question\",\"value\":\"How Long Will It Take To Get My Package?\"},{\"key\":\"answer\",\"value\":\"Swag slow-carb quinoa VHS typewriter pork belly brunch, paleo single-origin coffee Wes Anderson. Flexitarian Pitchfork forage, literally paleo fap pour-over. Wes Anderson Pinterest YOLO fanny pack meggings, deep v XOXO chambray sustainable slow-carb raw denim church-key fap chillwave Etsy. +1 typewriter kitsch, American Apparel tofu Banksy Vice.\"}],[{\"key\":\"question\",\"value\":\"What Payment Methods Are Accepted?\"},{\"key\":\"answer\",\"value\":\"Fashion axe DIY jean shorts, swag kale chips meh polaroid kogi butcher Wes Anderson chambray next level semiotics gentrify yr. Voluptate photo booth fugiat Vice. Austin sed Williamsburg, ea labore raw denim voluptate cred proident mixtape excepteur mustache. Twee chia photo booth readymade food truck, hoodie roof party swag keytar PBR DIY.\"}],[{\"key\":\"question\",\"value\":\"Is Buying On-Line Safe?\"},{\"key\":\"answer\",\"value\":\"Art party authentic freegan semiotics jean shorts chia cred. Neutra Austin roof party Brooklyn, synth Thundercats swag 8-bit photo booth. Plaid letterpress leggings craft beer meh ethical Pinterest.\"}]]]',14,'Botble\\Ecommerce\\Models\\Product','2025-05-01 21:06:26','2025-05-01 21:06:26'),(29,'faq_schema_config','[[[{\"key\":\"question\",\"value\":\"What Shipping Methods Are Available?\"},{\"key\":\"answer\",\"value\":\"Ex Portland Pitchfork irure mustache. Eutra fap before they sold out literally. Aliquip ugh bicycle rights actually mlkshk, seitan squid craft beer tempor.\"}],[{\"key\":\"question\",\"value\":\"Do You Ship Internationally?\"},{\"key\":\"answer\",\"value\":\"Hoodie tote bag mixtape tofu. Typewriter jean shorts wolf quinoa, messenger bag organic freegan cray.\"}],[{\"key\":\"question\",\"value\":\"How Long Will It Take To Get My Package?\"},{\"key\":\"answer\",\"value\":\"Swag slow-carb quinoa VHS typewriter pork belly brunch, paleo single-origin coffee Wes Anderson. Flexitarian Pitchfork forage, literally paleo fap pour-over. Wes Anderson Pinterest YOLO fanny pack meggings, deep v XOXO chambray sustainable slow-carb raw denim church-key fap chillwave Etsy. +1 typewriter kitsch, American Apparel tofu Banksy Vice.\"}],[{\"key\":\"question\",\"value\":\"What Payment Methods Are Accepted?\"},{\"key\":\"answer\",\"value\":\"Fashion axe DIY jean shorts, swag kale chips meh polaroid kogi butcher Wes Anderson chambray next level semiotics gentrify yr. Voluptate photo booth fugiat Vice. Austin sed Williamsburg, ea labore raw denim voluptate cred proident mixtape excepteur mustache. Twee chia photo booth readymade food truck, hoodie roof party swag keytar PBR DIY.\"}],[{\"key\":\"question\",\"value\":\"Is Buying On-Line Safe?\"},{\"key\":\"answer\",\"value\":\"Art party authentic freegan semiotics jean shorts chia cred. Neutra Austin roof party Brooklyn, synth Thundercats swag 8-bit photo booth. Plaid letterpress leggings craft beer meh ethical Pinterest.\"}]]]',15,'Botble\\Ecommerce\\Models\\Product','2025-05-01 21:06:26','2025-05-01 21:06:26'),(30,'faq_schema_config','[[[{\"key\":\"question\",\"value\":\"What Shipping Methods Are Available?\"},{\"key\":\"answer\",\"value\":\"Ex Portland Pitchfork irure mustache. Eutra fap before they sold out literally. Aliquip ugh bicycle rights actually mlkshk, seitan squid craft beer tempor.\"}],[{\"key\":\"question\",\"value\":\"Do You Ship Internationally?\"},{\"key\":\"answer\",\"value\":\"Hoodie tote bag mixtape tofu. Typewriter jean shorts wolf quinoa, messenger bag organic freegan cray.\"}],[{\"key\":\"question\",\"value\":\"How Long Will It Take To Get My Package?\"},{\"key\":\"answer\",\"value\":\"Swag slow-carb quinoa VHS typewriter pork belly brunch, paleo single-origin coffee Wes Anderson. Flexitarian Pitchfork forage, literally paleo fap pour-over. Wes Anderson Pinterest YOLO fanny pack meggings, deep v XOXO chambray sustainable slow-carb raw denim church-key fap chillwave Etsy. +1 typewriter kitsch, American Apparel tofu Banksy Vice.\"}],[{\"key\":\"question\",\"value\":\"What Payment Methods Are Accepted?\"},{\"key\":\"answer\",\"value\":\"Fashion axe DIY jean shorts, swag kale chips meh polaroid kogi butcher Wes Anderson chambray next level semiotics gentrify yr. Voluptate photo booth fugiat Vice. Austin sed Williamsburg, ea labore raw denim voluptate cred proident mixtape excepteur mustache. Twee chia photo booth readymade food truck, hoodie roof party swag keytar PBR DIY.\"}],[{\"key\":\"question\",\"value\":\"Is Buying On-Line Safe?\"},{\"key\":\"answer\",\"value\":\"Art party authentic freegan semiotics jean shorts chia cred. Neutra Austin roof party Brooklyn, synth Thundercats swag 8-bit photo booth. Plaid letterpress leggings craft beer meh ethical Pinterest.\"}]]]',16,'Botble\\Ecommerce\\Models\\Product','2025-05-01 21:06:26','2025-05-01 21:06:26'),(31,'faq_schema_config','[[[{\"key\":\"question\",\"value\":\"What Shipping Methods Are Available?\"},{\"key\":\"answer\",\"value\":\"Ex Portland Pitchfork irure mustache. Eutra fap before they sold out literally. Aliquip ugh bicycle rights actually mlkshk, seitan squid craft beer tempor.\"}],[{\"key\":\"question\",\"value\":\"Do You Ship Internationally?\"},{\"key\":\"answer\",\"value\":\"Hoodie tote bag mixtape tofu. Typewriter jean shorts wolf quinoa, messenger bag organic freegan cray.\"}],[{\"key\":\"question\",\"value\":\"How Long Will It Take To Get My Package?\"},{\"key\":\"answer\",\"value\":\"Swag slow-carb quinoa VHS typewriter pork belly brunch, paleo single-origin coffee Wes Anderson. Flexitarian Pitchfork forage, literally paleo fap pour-over. Wes Anderson Pinterest YOLO fanny pack meggings, deep v XOXO chambray sustainable slow-carb raw denim church-key fap chillwave Etsy. +1 typewriter kitsch, American Apparel tofu Banksy Vice.\"}],[{\"key\":\"question\",\"value\":\"What Payment Methods Are Accepted?\"},{\"key\":\"answer\",\"value\":\"Fashion axe DIY jean shorts, swag kale chips meh polaroid kogi butcher Wes Anderson chambray next level semiotics gentrify yr. Voluptate photo booth fugiat Vice. Austin sed Williamsburg, ea labore raw denim voluptate cred proident mixtape excepteur mustache. Twee chia photo booth readymade food truck, hoodie roof party swag keytar PBR DIY.\"}],[{\"key\":\"question\",\"value\":\"Is Buying On-Line Safe?\"},{\"key\":\"answer\",\"value\":\"Art party authentic freegan semiotics jean shorts chia cred. Neutra Austin roof party Brooklyn, synth Thundercats swag 8-bit photo booth. Plaid letterpress leggings craft beer meh ethical Pinterest.\"}]]]',17,'Botble\\Ecommerce\\Models\\Product','2025-05-01 21:06:26','2025-05-01 21:06:26'),(32,'faq_schema_config','[[[{\"key\":\"question\",\"value\":\"What Shipping Methods Are Available?\"},{\"key\":\"answer\",\"value\":\"Ex Portland Pitchfork irure mustache. Eutra fap before they sold out literally. Aliquip ugh bicycle rights actually mlkshk, seitan squid craft beer tempor.\"}],[{\"key\":\"question\",\"value\":\"Do You Ship Internationally?\"},{\"key\":\"answer\",\"value\":\"Hoodie tote bag mixtape tofu. Typewriter jean shorts wolf quinoa, messenger bag organic freegan cray.\"}],[{\"key\":\"question\",\"value\":\"How Long Will It Take To Get My Package?\"},{\"key\":\"answer\",\"value\":\"Swag slow-carb quinoa VHS typewriter pork belly brunch, paleo single-origin coffee Wes Anderson. Flexitarian Pitchfork forage, literally paleo fap pour-over. Wes Anderson Pinterest YOLO fanny pack meggings, deep v XOXO chambray sustainable slow-carb raw denim church-key fap chillwave Etsy. +1 typewriter kitsch, American Apparel tofu Banksy Vice.\"}],[{\"key\":\"question\",\"value\":\"What Payment Methods Are Accepted?\"},{\"key\":\"answer\",\"value\":\"Fashion axe DIY jean shorts, swag kale chips meh polaroid kogi butcher Wes Anderson chambray next level semiotics gentrify yr. Voluptate photo booth fugiat Vice. Austin sed Williamsburg, ea labore raw denim voluptate cred proident mixtape excepteur mustache. Twee chia photo booth readymade food truck, hoodie roof party swag keytar PBR DIY.\"}],[{\"key\":\"question\",\"value\":\"Is Buying On-Line Safe?\"},{\"key\":\"answer\",\"value\":\"Art party authentic freegan semiotics jean shorts chia cred. Neutra Austin roof party Brooklyn, synth Thundercats swag 8-bit photo booth. Plaid letterpress leggings craft beer meh ethical Pinterest.\"}]]]',18,'Botble\\Ecommerce\\Models\\Product','2025-05-01 21:06:26','2025-05-01 21:06:26'),(33,'faq_schema_config','[[[{\"key\":\"question\",\"value\":\"What Shipping Methods Are Available?\"},{\"key\":\"answer\",\"value\":\"Ex Portland Pitchfork irure mustache. Eutra fap before they sold out literally. Aliquip ugh bicycle rights actually mlkshk, seitan squid craft beer tempor.\"}],[{\"key\":\"question\",\"value\":\"Do You Ship Internationally?\"},{\"key\":\"answer\",\"value\":\"Hoodie tote bag mixtape tofu. Typewriter jean shorts wolf quinoa, messenger bag organic freegan cray.\"}],[{\"key\":\"question\",\"value\":\"How Long Will It Take To Get My Package?\"},{\"key\":\"answer\",\"value\":\"Swag slow-carb quinoa VHS typewriter pork belly brunch, paleo single-origin coffee Wes Anderson. Flexitarian Pitchfork forage, literally paleo fap pour-over. Wes Anderson Pinterest YOLO fanny pack meggings, deep v XOXO chambray sustainable slow-carb raw denim church-key fap chillwave Etsy. +1 typewriter kitsch, American Apparel tofu Banksy Vice.\"}],[{\"key\":\"question\",\"value\":\"What Payment Methods Are Accepted?\"},{\"key\":\"answer\",\"value\":\"Fashion axe DIY jean shorts, swag kale chips meh polaroid kogi butcher Wes Anderson chambray next level semiotics gentrify yr. Voluptate photo booth fugiat Vice. Austin sed Williamsburg, ea labore raw denim voluptate cred proident mixtape excepteur mustache. Twee chia photo booth readymade food truck, hoodie roof party swag keytar PBR DIY.\"}],[{\"key\":\"question\",\"value\":\"Is Buying On-Line Safe?\"},{\"key\":\"answer\",\"value\":\"Art party authentic freegan semiotics jean shorts chia cred. Neutra Austin roof party Brooklyn, synth Thundercats swag 8-bit photo booth. Plaid letterpress leggings craft beer meh ethical Pinterest.\"}]]]',19,'Botble\\Ecommerce\\Models\\Product','2025-05-01 21:06:26','2025-05-01 21:06:26'),(34,'faq_schema_config','[[[{\"key\":\"question\",\"value\":\"What Shipping Methods Are Available?\"},{\"key\":\"answer\",\"value\":\"Ex Portland Pitchfork irure mustache. Eutra fap before they sold out literally. Aliquip ugh bicycle rights actually mlkshk, seitan squid craft beer tempor.\"}],[{\"key\":\"question\",\"value\":\"Do You Ship Internationally?\"},{\"key\":\"answer\",\"value\":\"Hoodie tote bag mixtape tofu. Typewriter jean shorts wolf quinoa, messenger bag organic freegan cray.\"}],[{\"key\":\"question\",\"value\":\"How Long Will It Take To Get My Package?\"},{\"key\":\"answer\",\"value\":\"Swag slow-carb quinoa VHS typewriter pork belly brunch, paleo single-origin coffee Wes Anderson. Flexitarian Pitchfork forage, literally paleo fap pour-over. Wes Anderson Pinterest YOLO fanny pack meggings, deep v XOXO chambray sustainable slow-carb raw denim church-key fap chillwave Etsy. +1 typewriter kitsch, American Apparel tofu Banksy Vice.\"}],[{\"key\":\"question\",\"value\":\"What Payment Methods Are Accepted?\"},{\"key\":\"answer\",\"value\":\"Fashion axe DIY jean shorts, swag kale chips meh polaroid kogi butcher Wes Anderson chambray next level semiotics gentrify yr. Voluptate photo booth fugiat Vice. Austin sed Williamsburg, ea labore raw denim voluptate cred proident mixtape excepteur mustache. Twee chia photo booth readymade food truck, hoodie roof party swag keytar PBR DIY.\"}],[{\"key\":\"question\",\"value\":\"Is Buying On-Line Safe?\"},{\"key\":\"answer\",\"value\":\"Art party authentic freegan semiotics jean shorts chia cred. Neutra Austin roof party Brooklyn, synth Thundercats swag 8-bit photo booth. Plaid letterpress leggings craft beer meh ethical Pinterest.\"}]]]',20,'Botble\\Ecommerce\\Models\\Product','2025-05-01 21:06:26','2025-05-01 21:06:26'),(35,'faq_schema_config','[[[{\"key\":\"question\",\"value\":\"What Shipping Methods Are Available?\"},{\"key\":\"answer\",\"value\":\"Ex Portland Pitchfork irure mustache. Eutra fap before they sold out literally. Aliquip ugh bicycle rights actually mlkshk, seitan squid craft beer tempor.\"}],[{\"key\":\"question\",\"value\":\"Do You Ship Internationally?\"},{\"key\":\"answer\",\"value\":\"Hoodie tote bag mixtape tofu. Typewriter jean shorts wolf quinoa, messenger bag organic freegan cray.\"}],[{\"key\":\"question\",\"value\":\"How Long Will It Take To Get My Package?\"},{\"key\":\"answer\",\"value\":\"Swag slow-carb quinoa VHS typewriter pork belly brunch, paleo single-origin coffee Wes Anderson. Flexitarian Pitchfork forage, literally paleo fap pour-over. Wes Anderson Pinterest YOLO fanny pack meggings, deep v XOXO chambray sustainable slow-carb raw denim church-key fap chillwave Etsy. +1 typewriter kitsch, American Apparel tofu Banksy Vice.\"}],[{\"key\":\"question\",\"value\":\"What Payment Methods Are Accepted?\"},{\"key\":\"answer\",\"value\":\"Fashion axe DIY jean shorts, swag kale chips meh polaroid kogi butcher Wes Anderson chambray next level semiotics gentrify yr. Voluptate photo booth fugiat Vice. Austin sed Williamsburg, ea labore raw denim voluptate cred proident mixtape excepteur mustache. Twee chia photo booth readymade food truck, hoodie roof party swag keytar PBR DIY.\"}],[{\"key\":\"question\",\"value\":\"Is Buying On-Line Safe?\"},{\"key\":\"answer\",\"value\":\"Art party authentic freegan semiotics jean shorts chia cred. Neutra Austin roof party Brooklyn, synth Thundercats swag 8-bit photo booth. Plaid letterpress leggings craft beer meh ethical Pinterest.\"}]]]',21,'Botble\\Ecommerce\\Models\\Product','2025-05-01 21:06:26','2025-05-01 21:06:26'),(36,'faq_schema_config','[[[{\"key\":\"question\",\"value\":\"What Shipping Methods Are Available?\"},{\"key\":\"answer\",\"value\":\"Ex Portland Pitchfork irure mustache. Eutra fap before they sold out literally. Aliquip ugh bicycle rights actually mlkshk, seitan squid craft beer tempor.\"}],[{\"key\":\"question\",\"value\":\"Do You Ship Internationally?\"},{\"key\":\"answer\",\"value\":\"Hoodie tote bag mixtape tofu. Typewriter jean shorts wolf quinoa, messenger bag organic freegan cray.\"}],[{\"key\":\"question\",\"value\":\"How Long Will It Take To Get My Package?\"},{\"key\":\"answer\",\"value\":\"Swag slow-carb quinoa VHS typewriter pork belly brunch, paleo single-origin coffee Wes Anderson. Flexitarian Pitchfork forage, literally paleo fap pour-over. Wes Anderson Pinterest YOLO fanny pack meggings, deep v XOXO chambray sustainable slow-carb raw denim church-key fap chillwave Etsy. +1 typewriter kitsch, American Apparel tofu Banksy Vice.\"}],[{\"key\":\"question\",\"value\":\"What Payment Methods Are Accepted?\"},{\"key\":\"answer\",\"value\":\"Fashion axe DIY jean shorts, swag kale chips meh polaroid kogi butcher Wes Anderson chambray next level semiotics gentrify yr. Voluptate photo booth fugiat Vice. Austin sed Williamsburg, ea labore raw denim voluptate cred proident mixtape excepteur mustache. Twee chia photo booth readymade food truck, hoodie roof party swag keytar PBR DIY.\"}],[{\"key\":\"question\",\"value\":\"Is Buying On-Line Safe?\"},{\"key\":\"answer\",\"value\":\"Art party authentic freegan semiotics jean shorts chia cred. Neutra Austin roof party Brooklyn, synth Thundercats swag 8-bit photo booth. Plaid letterpress leggings craft beer meh ethical Pinterest.\"}]]]',22,'Botble\\Ecommerce\\Models\\Product','2025-05-01 21:06:26','2025-05-01 21:06:26'),(37,'faq_schema_config','[[[{\"key\":\"question\",\"value\":\"What Shipping Methods Are Available?\"},{\"key\":\"answer\",\"value\":\"Ex Portland Pitchfork irure mustache. Eutra fap before they sold out literally. Aliquip ugh bicycle rights actually mlkshk, seitan squid craft beer tempor.\"}],[{\"key\":\"question\",\"value\":\"Do You Ship Internationally?\"},{\"key\":\"answer\",\"value\":\"Hoodie tote bag mixtape tofu. Typewriter jean shorts wolf quinoa, messenger bag organic freegan cray.\"}],[{\"key\":\"question\",\"value\":\"How Long Will It Take To Get My Package?\"},{\"key\":\"answer\",\"value\":\"Swag slow-carb quinoa VHS typewriter pork belly brunch, paleo single-origin coffee Wes Anderson. Flexitarian Pitchfork forage, literally paleo fap pour-over. Wes Anderson Pinterest YOLO fanny pack meggings, deep v XOXO chambray sustainable slow-carb raw denim church-key fap chillwave Etsy. +1 typewriter kitsch, American Apparel tofu Banksy Vice.\"}],[{\"key\":\"question\",\"value\":\"What Payment Methods Are Accepted?\"},{\"key\":\"answer\",\"value\":\"Fashion axe DIY jean shorts, swag kale chips meh polaroid kogi butcher Wes Anderson chambray next level semiotics gentrify yr. Voluptate photo booth fugiat Vice. Austin sed Williamsburg, ea labore raw denim voluptate cred proident mixtape excepteur mustache. Twee chia photo booth readymade food truck, hoodie roof party swag keytar PBR DIY.\"}],[{\"key\":\"question\",\"value\":\"Is Buying On-Line Safe?\"},{\"key\":\"answer\",\"value\":\"Art party authentic freegan semiotics jean shorts chia cred. Neutra Austin roof party Brooklyn, synth Thundercats swag 8-bit photo booth. Plaid letterpress leggings craft beer meh ethical Pinterest.\"}]]]',23,'Botble\\Ecommerce\\Models\\Product','2025-05-01 21:06:26','2025-05-01 21:06:26'),(38,'tablet_image','[\"sliders\\/1-md.jpg\"]',1,'Botble\\SimpleSlider\\Models\\SimpleSliderItem','2025-05-01 21:06:42','2025-05-01 21:06:42'),(39,'mobile_image','[\"sliders\\/1-sm.jpg\"]',1,'Botble\\SimpleSlider\\Models\\SimpleSliderItem','2025-05-01 21:06:42','2025-05-01 21:06:42'),(40,'tablet_image','[\"sliders\\/2-md.jpg\"]',2,'Botble\\SimpleSlider\\Models\\SimpleSliderItem','2025-05-01 21:06:42','2025-05-01 21:06:42'),(41,'mobile_image','[\"sliders\\/2-sm.jpg\"]',2,'Botble\\SimpleSlider\\Models\\SimpleSliderItem','2025-05-01 21:06:42','2025-05-01 21:06:42'),(42,'tablet_image','[\"sliders\\/3-md.jpg\"]',3,'Botble\\SimpleSlider\\Models\\SimpleSliderItem','2025-05-01 21:06:42','2025-05-01 21:06:42'),(43,'mobile_image','[\"sliders\\/3-sm.jpg\"]',3,'Botble\\SimpleSlider\\Models\\SimpleSliderItem','2025-05-01 21:06:42','2025-05-01 21:06:42');

--
-- Table structure for table `migrations`
--

CREATE TABLE `migrations` (
  `id` int unsigned NOT NULL AUTO_INCREMENT,
  `migration` varchar(191) COLLATE utf8mb4_unicode_ci NOT NULL,
  `batch` int NOT NULL,
  PRIMARY KEY (`id`)
) ENGINE=InnoDB AUTO_INCREMENT=224 DEFAULT CHARSET=utf8mb4 COLLATE=utf8mb4_unicode_ci;

--
-- Dumping data for table `migrations`
--

INSERT INTO `migrations` VALUES (1,'0001_01_01_000001_create_cache_table',1),(2,'2013_04_09_032329_create_base_tables',1),(3,'2013_04_09_062329_create_revisions_table',1),(4,'2014_10_12_000000_create_users_table',1),(5,'2014_10_12_100000_create_password_reset_tokens_table',1),(6,'2016_06_10_230148_create_acl_tables',1),(7,'2016_06_14_230857_create_menus_table',1),(8,'2016_06_28_221418_create_pages_table',1),(9,'2016_10_05_074239_create_setting_table',1),(10,'2016_11_28_032840_create_dashboard_widget_tables',1),(11,'2016_12_16_084601_create_widgets_table',1),(12,'2017_05_09_070343_create_media_tables',1),(13,'2017_11_03_070450_create_slug_table',1),(14,'2019_01_05_053554_create_jobs_table',1),(15,'2019_08_19_000000_create_failed_jobs_table',1),(16,'2019_12_14_000001_create_personal_access_tokens_table',1),(17,'2021_08_02_084121_fix_old_shortcode',1),(18,'2022_04_20_100851_add_index_to_media_table',1),(19,'2022_04_20_101046_add_index_to_menu_table',1),(20,'2022_07_10_034813_move_lang_folder_to_root',1),(21,'2022_08_04_051940_add_missing_column_expires_at',1),(22,'2022_09_01_000001_create_admin_notifications_tables',1),(23,'2022_10_14_024629_drop_column_is_featured',1),(24,'2022_11_18_063357_add_missing_timestamp_in_table_settings',1),(25,'2022_12_02_093615_update_slug_index_columns',1),(26,'2023_01_30_024431_add_alt_to_media_table',1),(27,'2023_02_16_042611_drop_table_password_resets',1),(28,'2023_04_23_005903_add_column_permissions_to_admin_notifications',1),(29,'2023_05_10_075124_drop_column_id_in_role_users_table',1),(30,'2023_08_21_090810_make_page_content_nullable',1),(31,'2023_09_14_021936_update_index_for_slugs_table',1),(32,'2023_12_07_095130_add_color_column_to_media_folders_table',1),(33,'2023_12_17_162208_make_sure_column_color_in_media_folders_nullable',1),(34,'2024_04_04_110758_update_value_column_in_user_meta_table',1),(35,'2024_05_04_030654_improve_social_links',1),(36,'2024_05_12_091229_add_column_visibility_to_table_media_files',1),(37,'2024_07_07_091316_fix_column_url_in_menu_nodes_table',1),(38,'2024_07_12_100000_change_random_hash_for_media',1),(39,'2024_09_30_024515_create_sessions_table',1),(40,'2020_11_18_150916_ads_create_ads_table',2),(41,'2021_12_02_035301_add_ads_translations_table',2),(42,'2023_04_17_062645_add_open_in_new_tab',2),(43,'2023_11_07_023805_add_tablet_mobile_image',2),(44,'2024_04_01_043317_add_google_adsense_slot_id_to_ads_table',2),(45,'2025_04_21_000000_add_tablet_mobile_image_to_ads_translations_table',2),(46,'2024_04_27_100730_improve_analytics_setting',3),(47,'2015_06_29_025744_create_audit_history',4),(48,'2023_11_14_033417_change_request_column_in_table_audit_histories',4),(49,'2025_04_03_000001_add_user_type_to_audit_histories_table',4),(50,'2015_06_18_033822_create_blog_table',5),(51,'2021_02_16_092633_remove_default_value_for_author_type',5),(52,'2021_12_03_030600_create_blog_translations',5),(53,'2022_04_19_113923_add_index_to_table_posts',5),(54,'2023_08_29_074620_make_column_author_id_nullable',5),(55,'2024_07_30_091615_fix_order_column_in_categories_table',5),(56,'2025_01_06_033807_add_default_value_for_categories_author_type',5),(57,'2016_06_17_091537_create_contacts_table',6),(58,'2023_11_10_080225_migrate_contact_blacklist_email_domains_to_core',6),(59,'2024_03_20_080001_migrate_change_attribute_email_to_nullable_form_contacts_table',6),(60,'2024_03_25_000001_update_captcha_settings_for_contact',6),(61,'2024_04_19_063914_create_custom_fields_table',6),(62,'2020_03_05_041139_create_ecommerce_tables',7),(63,'2021_01_01_044147_ecommerce_create_flash_sale_table',7),(64,'2021_01_17_082713_add_column_is_featured_to_product_collections_table',7),(65,'2021_01_18_024333_add_zip_code_into_table_customer_addresses',7),(66,'2021_02_18_073505_update_table_ec_reviews',7),(67,'2021_03_10_024419_add_column_confirmed_at_to_table_ec_customers',7),(68,'2021_03_10_025153_change_column_tax_amount',7),(69,'2021_03_20_033103_add_column_availability_to_table_ec_products',7),(70,'2021_04_28_074008_ecommerce_create_product_label_table',7),(71,'2021_05_31_173037_ecommerce_create_ec_products_translations',7),(72,'2021_08_17_105016_remove_column_currency_id_in_some_tables',7),(73,'2021_08_30_142128_add_images_column_to_ec_reviews_table',7),(74,'2021_10_04_030050_add_column_created_by_to_table_ec_products',7),(75,'2021_10_05_122616_add_status_column_to_ec_customers_table',7),(76,'2021_11_03_025806_nullable_phone_number_in_ec_customer_addresses',7),(77,'2021_11_23_071403_correct_languages_for_product_variations',7),(78,'2021_11_28_031808_add_product_tags_translations',7),(79,'2021_12_01_031123_add_featured_image_to_ec_products',7),(80,'2022_01_01_033107_update_table_ec_shipments',7),(81,'2022_02_16_042457_improve_product_attribute_sets',7),(82,'2022_03_22_075758_correct_product_name',7),(83,'2022_04_19_113334_add_index_to_ec_products',7),(84,'2022_04_28_144405_remove_unused_table',7),(85,'2022_05_05_115015_create_ec_customer_recently_viewed_products_table',7),(86,'2022_05_18_143720_add_index_to_table_ec_product_categories',7),(87,'2022_06_16_095633_add_index_to_some_tables',7),(88,'2022_06_30_035148_create_order_referrals_table',7),(89,'2022_07_24_153815_add_completed_at_to_ec_orders_table',7),(90,'2022_08_14_032836_create_ec_order_returns_table',7),(91,'2022_08_14_033554_create_ec_order_return_items_table',7),(92,'2022_08_15_040324_add_billing_address',7),(93,'2022_08_30_091114_support_digital_products_table',7),(94,'2022_09_13_095744_create_options_table',7),(95,'2022_09_13_104347_create_option_value_table',7),(96,'2022_10_05_163518_alter_table_ec_order_product',7),(97,'2022_10_12_041517_create_invoices_table',7),(98,'2022_10_12_142226_update_orders_table',7),(99,'2022_10_13_024916_update_table_order_returns',7),(100,'2022_10_21_030830_update_columns_in_ec_shipments_table',7),(101,'2022_10_28_021046_update_columns_in_ec_shipments_table',7),(102,'2022_11_16_034522_update_type_column_in_ec_shipping_rules_table',7),(103,'2022_11_19_041643_add_ec_tax_product_table',7),(104,'2022_12_12_063830_update_tax_defadult_in_ec_tax_products_table',7),(105,'2022_12_17_041532_fix_address_in_order_invoice',7),(106,'2022_12_26_070329_create_ec_product_views_table',7),(107,'2023_01_04_033051_fix_product_categories',7),(108,'2023_01_09_050400_add_ec_global_options_translations_table',7),(109,'2023_01_10_093754_add_missing_option_value_id',7),(110,'2023_01_17_082713_add_column_barcode_and_cost_per_item_to_product_table',7),(111,'2023_01_26_021854_add_ec_customer_used_coupons_table',7),(112,'2023_02_08_015900_update_options_column_in_ec_order_product_table',7),(113,'2023_02_27_095752_remove_duplicate_reviews',7),(114,'2023_03_20_115757_add_user_type_column_to_ec_shipment_histories_table',7),(115,'2023_04_21_082427_create_ec_product_categorizables_table',7),(116,'2023_05_03_011331_add_missing_column_price_into_invoice_items_table',7),(117,'2023_05_17_025812_fix_invoice_issue',7),(118,'2023_05_26_073140_move_option_make_phone_field_optional_at_checkout_page_to_mandatory_fields',7),(119,'2023_05_27_144611_fix_exchange_rate_setting',7),(120,'2023_06_22_084331_add_generate_license_code_to_ec_products_table',7),(121,'2023_06_30_042512_create_ec_order_tax_information_table',7),(122,'2023_07_14_022724_remove_column_id_from_ec_product_collection_products',7),(123,'2023_08_09_012940_remove_column_status_in_ec_product_attributes',7),(124,'2023_08_15_064505_create_ec_tax_rules_table',7),(125,'2023_08_21_021819_make_column_address_in_ec_customer_addresses_nullable',7),(126,'2023_08_22_094114_drop_unique_for_barcode',7),(127,'2023_08_30_031811_add_apply_via_url_column_to_ec_discounts_table',7),(128,'2023_09_07_094312_add_index_to_product_sku_and_translations',7),(129,'2023_09_19_024955_create_discount_product_categories_table',7),(130,'2023_10_17_070728_add_icon_and_icon_image_to_product_categories_table',7),(131,'2023_11_22_154643_add_unique_in_table_ec_products_variations',7),(132,'2023_11_27_032313_add_price_columns_to_ec_product_cross_sale_relations_table',7),(133,'2023_12_06_023945_add_display_on_checkout_column_to_ec_discounts_table',7),(134,'2023_12_25_040604_ec_create_review_replies_table',7),(135,'2023_12_26_090340_add_private_notes_column_to_ec_customers_table',7),(136,'2024_01_16_070706_fix_translation_tables',7),(137,'2024_01_23_075227_add_proof_file_to_ec_orders_table',7),(138,'2024_03_26_041531_add_cancel_reason_to_ec_orders_table',7),(139,'2024_03_27_062402_create_ec_customer_deletion_requests_table',7),(140,'2024_03_29_042242_migrate_old_captcha_settings',7),(141,'2024_03_29_093946_create_ec_order_return_histories_table',7),(142,'2024_04_01_063523_add_customer_columns_to_ec_reviews_table',7),(143,'2024_04_15_092654_migrate_ecommerce_google_tag_manager_code_setting',7),(144,'2024_04_16_035713_add_min_max_order_quantity_columns_to_products_table',7),(145,'2024_05_07_073153_improve_table_wishlist',7),(146,'2024_05_07_093703_add_missing_zip_code_into_table_store_locators',7),(147,'2024_05_15_021503_fix_invoice_path',7),(148,'2024_06_20_160724_create_ec_shared_wishlists_table',7),(149,'2024_06_28_025104_add_notify_attachment_updated_column_to_ec_products_table',7),(150,'2024_07_03_030900_add_downloaded_at_column_to_ec_order_product_table',7),(151,'2024_07_14_071826_make_customer_email_nullable',7),(152,'2024_07_15_104916_add_video_media_column_to_ec_products_table',7),(153,'2024_07_26_052530_add_percentage_to_tax_rules_table',7),(154,'2024_08_14_123028_add_customer_delivered_confirmed_at_column_to_ec_shipments_table',7),(155,'2024_08_19_132849_create_specification_tables',7),(156,'2024_09_07_060744_add_author_column_to_specification_tables',7),(157,'2024_09_14_064023_add_can_use_with_flash_sale_column_to_ec_discounts_table',7),(158,'2024_09_25_073928_remove_wrong_product_slugs',7),(159,'2025_01_15_050230_migrate_old_theme_options',7),(160,'2025_01_17_082713_correct_column_barcode_and_cost_per_item_to_product_table',7),(161,'2025_01_24_044641_migrate_old_country_data',7),(162,'2025_01_28_233602_add_private_notes_into_ec_orders_table',7),(163,'2025_02_13_021247_add_tax_translations',7),(164,'2025_02_24_152621_add_text_color_to_product_labels_table',7),(165,'2025_04_12_000001_add_payment_fee_to_ec_orders_table',7),(166,'2025_04_12_000002_add_payment_fee_to_ec_invoices_table',7),(167,'2018_07_09_221238_create_faq_table',8),(168,'2021_12_03_082134_create_faq_translations',8),(169,'2023_11_17_063408_add_description_column_to_faq_categories_table',8),(170,'2016_10_03_032336_create_languages_table',9),(171,'2023_09_14_022423_add_index_for_language_table',9),(172,'2021_10_25_021023_fix-priority-load-for-language-advanced',10),(173,'2021_12_03_075608_create_page_translations',10),(174,'2023_07_06_011444_create_slug_translations_table',10),(175,'2019_11_18_061011_create_country_table',11),(176,'2021_12_03_084118_create_location_translations',11),(177,'2021_12_03_094518_migrate_old_location_data',11),(178,'2021_12_10_034440_switch_plugin_location_to_use_language_advanced',11),(179,'2022_01_16_085908_improve_plugin_location',11),(180,'2022_08_04_052122_delete_location_backup_tables',11),(181,'2023_04_23_061847_increase_state_translations_abbreviation_column',11),(182,'2023_07_26_041451_add_more_columns_to_location_table',11),(183,'2023_07_27_041451_add_more_columns_to_location_translation_table',11),(184,'2023_08_15_073307_drop_unique_in_states_cities_translations',11),(185,'2023_10_21_065016_make_state_id_in_table_cities_nullable',11),(186,'2024_08_17_094600_add_image_into_countries',11),(187,'2025_01_08_093652_add_zip_code_to_cities',11),(188,'2021_07_06_030002_create_marketplace_table',12),(189,'2021_09_04_150137_add_vendor_verified_at_to_ec_customers_table',12),(190,'2021_10_04_033903_add_column_approved_by_into_table_ec_products',12),(191,'2021_10_06_124943_add_transaction_id_column_to_mp_customer_withdrawals_table',12),(192,'2021_10_10_054216_add_columns_to_mp_customer_revenues_table',12),(193,'2021_12_06_031304_update_table_mp_customer_revenues',12),(194,'2022_10_19_152916_add_columns_to_mp_stores_table',12),(195,'2022_10_20_062849_create_mp_category_sale_commissions_table',12),(196,'2022_11_02_071413_add_more_info_for_store',12),(197,'2022_11_02_080444_add_tax_info',12),(198,'2023_02_01_062030_add_store_translations',12),(199,'2023_02_13_032133_update_fee_column_mp_customer_revenues_table',12),(200,'2023_02_17_023648_fix_store_prefix',12),(201,'2024_04_03_062451_add_cover_image_to_table_mp_stores',12),(202,'2024_05_07_082630_create_mp_messages_table',12),(203,'2024_07_19_131849_add_documents_to_mp_stores_table',12),(204,'2024_08_18_083119_add_tax_id_column_to_mp_stores_table',12),(205,'2024_08_27_141244_add_block_reason_to_ec_customers_table',12),(206,'2024_09_17_125408_add_square_logo_to_stores_table',12),(207,'2017_10_24_154832_create_newsletter_table',13),(208,'2024_03_25_000001_update_captcha_settings_for_newsletter',13),(209,'2017_05_18_080441_create_payment_tables',14),(210,'2021_03_27_144913_add_customer_type_into_table_payments',14),(211,'2021_05_24_034720_make_column_currency_nullable',14),(212,'2021_08_09_161302_add_metadata_column_to_payments_table',14),(213,'2021_10_19_020859_update_metadata_field',14),(214,'2022_06_28_151901_activate_paypal_stripe_plugin',14),(215,'2022_07_07_153354_update_charge_id_in_table_payments',14),(216,'2024_07_04_083133_create_payment_logs_table',14),(217,'2025_04_12_000003_add_payment_fee_to_payments_table',14),(218,'2025_05_22_000001_add_payment_fee_type_to_settings_table',14),(219,'2017_07_11_140018_create_simple_slider_table',15),(220,'2025_04_08_040931_create_social_logins_table',16),(221,'2024_09_14_100108_add_stripe_connect_details_to_ec_customers_table',17),(222,'2016_10_07_193005_create_translations_table',18),(223,'2023_12_12_105220_drop_translations_table',18);

--
-- Table structure for table `mp_category_sale_commissions`
--

CREATE TABLE `mp_category_sale_commissions` (
  `id` bigint unsigned NOT NULL AUTO_INCREMENT,
  `product_category_id` bigint unsigned NOT NULL,
  `commission_percentage` decimal(8,2) NOT NULL DEFAULT '0.00',
  PRIMARY KEY (`id`),
  UNIQUE KEY `mp_category_sale_commissions_product_category_id_unique` (`product_category_id`)
) ENGINE=InnoDB DEFAULT CHARSET=utf8mb4 COLLATE=utf8mb4_unicode_ci;

--
-- Dumping data for table `mp_category_sale_commissions`
--


--
-- Table structure for table `mp_customer_revenues`
--

CREATE TABLE `mp_customer_revenues` (
  `id` bigint unsigned NOT NULL AUTO_INCREMENT,
  `customer_id` bigint unsigned DEFAULT NULL,
  `order_id` bigint unsigned DEFAULT NULL,
  `sub_amount` decimal(15,2) unsigned DEFAULT '0.00',
  `fee` decimal(15,2) unsigned DEFAULT '0.00',
  `amount` decimal(15,2) unsigned DEFAULT '0.00',
  `current_balance` decimal(15,2) unsigned DEFAULT '0.00',
  `currency` varchar(120) COLLATE utf8mb4_unicode_ci DEFAULT NULL,
  `description` text COLLATE utf8mb4_unicode_ci,
  `created_at` timestamp NULL DEFAULT NULL,
  `updated_at` timestamp NULL DEFAULT NULL,
  `user_id` bigint unsigned NOT NULL DEFAULT '0',
  `type` varchar(60) COLLATE utf8mb4_unicode_ci DEFAULT NULL,
  PRIMARY KEY (`id`)
) ENGINE=InnoDB DEFAULT CHARSET=utf8mb4 COLLATE=utf8mb4_unicode_ci;

--
-- Dumping data for table `mp_customer_revenues`
--


--
-- Table structure for table `mp_customer_withdrawals`
--

CREATE TABLE `mp_customer_withdrawals` (
  `id` bigint unsigned NOT NULL AUTO_INCREMENT,
  `customer_id` bigint unsigned DEFAULT NULL,
  `fee` decimal(15,2) unsigned DEFAULT '0.00',
  `amount` decimal(15,2) unsigned DEFAULT '0.00',
  `current_balance` decimal(15,2) unsigned DEFAULT '0.00',
  `currency` varchar(120) COLLATE utf8mb4_unicode_ci DEFAULT NULL,
  `description` text COLLATE utf8mb4_unicode_ci,
  `bank_info` text COLLATE utf8mb4_unicode_ci,
  `payment_channel` varchar(60) COLLATE utf8mb4_unicode_ci DEFAULT NULL,
  `user_id` bigint unsigned NOT NULL DEFAULT '0',
  `status` varchar(60) COLLATE utf8mb4_unicode_ci NOT NULL DEFAULT 'pending',
  `images` text COLLATE utf8mb4_unicode_ci,
  `created_at` timestamp NULL DEFAULT NULL,
  `updated_at` timestamp NULL DEFAULT NULL,
  `transaction_id` varchar(60) COLLATE utf8mb4_unicode_ci DEFAULT NULL,
  PRIMARY KEY (`id`)
) ENGINE=InnoDB DEFAULT CHARSET=utf8mb4 COLLATE=utf8mb4_unicode_ci;

--
-- Dumping data for table `mp_customer_withdrawals`
--


--
-- Table structure for table `mp_messages`
--

CREATE TABLE `mp_messages` (
  `id` bigint unsigned NOT NULL AUTO_INCREMENT,
  `store_id` bigint unsigned NOT NULL,
  `customer_id` bigint unsigned DEFAULT NULL,
  `name` varchar(60) COLLATE utf8mb4_unicode_ci NOT NULL,
  `email` varchar(60) COLLATE utf8mb4_unicode_ci NOT NULL,
  `content` longtext COLLATE utf8mb4_unicode_ci NOT NULL,
  `created_at` timestamp NULL DEFAULT NULL,
  `updated_at` timestamp NULL DEFAULT NULL,
  PRIMARY KEY (`id`)
) ENGINE=InnoDB DEFAULT CHARSET=utf8mb4 COLLATE=utf8mb4_unicode_ci;

--
-- Dumping data for table `mp_messages`
--


--
-- Table structure for table `mp_stores`
--

CREATE TABLE `mp_stores` (
  `id` bigint unsigned NOT NULL AUTO_INCREMENT,
  `name` varchar(191) COLLATE utf8mb4_unicode_ci NOT NULL,
  `email` varchar(60) COLLATE utf8mb4_unicode_ci DEFAULT NULL,
  `phone` varchar(20) COLLATE utf8mb4_unicode_ci DEFAULT NULL,
  `address` varchar(191) COLLATE utf8mb4_unicode_ci DEFAULT NULL,
  `country` varchar(120) COLLATE utf8mb4_unicode_ci DEFAULT NULL,
  `state` varchar(120) COLLATE utf8mb4_unicode_ci DEFAULT NULL,
  `city` varchar(120) COLLATE utf8mb4_unicode_ci DEFAULT NULL,
  `customer_id` bigint unsigned DEFAULT NULL,
  `logo` varchar(191) COLLATE utf8mb4_unicode_ci DEFAULT NULL,
  `logo_square` varchar(255) COLLATE utf8mb4_unicode_ci DEFAULT NULL,
  `cover_image` varchar(191) COLLATE utf8mb4_unicode_ci DEFAULT NULL,
  `description` varchar(400) COLLATE utf8mb4_unicode_ci DEFAULT NULL,
  `content` longtext COLLATE utf8mb4_unicode_ci,
  `status` varchar(60) COLLATE utf8mb4_unicode_ci NOT NULL DEFAULT 'published',
  `vendor_verified_at` datetime DEFAULT NULL,
  `created_at` timestamp NULL DEFAULT NULL,
  `updated_at` timestamp NULL DEFAULT NULL,
  `zip_code` varchar(20) COLLATE utf8mb4_unicode_ci DEFAULT NULL,
  `company` varchar(191) COLLATE utf8mb4_unicode_ci DEFAULT NULL,
  `tax_id` varchar(191) COLLATE utf8mb4_unicode_ci DEFAULT NULL,
  `certificate_file` varchar(191) COLLATE utf8mb4_unicode_ci DEFAULT NULL,
  `government_id_file` varchar(191) COLLATE utf8mb4_unicode_ci DEFAULT NULL,
  PRIMARY KEY (`id`)
) ENGINE=InnoDB AUTO_INCREMENT=6 DEFAULT CHARSET=utf8mb4 COLLATE=utf8mb4_unicode_ci;

--
-- Dumping data for table `mp_stores`
--

INSERT INTO `mp_stores` VALUES (1,'GoPro','emmerich.diana@example.com','+12816843234','215 Abernathy Ford Suite 855','CK','Idaho','Lake Gonzaloport',2,'stores/1.png',NULL,NULL,'Ea vel neque ea blanditiis.','Vel ut voluptatem eveniet excepturi quaerat et. Libero error at aliquid ad voluptatem.','published',NULL,'2025-05-01 21:06:51','2025-05-01 21:06:51',NULL,NULL,NULL,NULL,NULL),(2,'Global Office','alanis.yundt@example.com','+16237637213','4682 Yundt Hills','DO','Nevada','Katherineport',5,'stores/2.png',NULL,NULL,'Ut et quae ullam rem quo quia.','Occaecati qui commodi qui et nam dolores. Quo quis aut blanditiis expedita.','published',NULL,'2025-05-01 21:06:51','2025-05-01 21:06:51',NULL,NULL,NULL,NULL,NULL),(3,'Young Shop','neichmann@example.net','+19848746185','9084 Maverick Inlet','AG','New Jersey','New Judah',6,'stores/3.png',NULL,NULL,'Consectetur qui dolorem velit qui.','Eos itaque molestiae sit autem. Ea et amet et dignissimos nam. Accusamus molestiae autem quia et dolores quis delectus.','published',NULL,'2025-05-01 21:06:51','2025-05-01 21:06:51',NULL,NULL,NULL,NULL,NULL),(4,'Global Store','austin.rutherford@example.net','+19135837108','85027 Eloise Keys Apt. 579','CV','Connecticut','East Stephanchester',7,'stores/4.png',NULL,NULL,'Ex dicta minus sint molestias consequatur est.','Totam enim ut adipisci. Et quisquam ea quia. Voluptas et id voluptas est iure fugiat velit autem.','published',NULL,'2025-05-01 21:06:51','2025-05-01 21:06:51',NULL,NULL,NULL,NULL,NULL),(5,'Robert’s Store','white.ora@example.com','+17746434915','49487 Sawayn Stravenue Apt. 366','GL','West Virginia','Rowlandhaven',10,'stores/5.png',NULL,NULL,'Maiores ut tenetur unde quo nam qui.','Illum rerum quia fugit dolorem. Perspiciatis beatae laboriosam commodi aut. Rerum magni earum sunt consectetur.','published',NULL,'2025-05-01 21:06:51','2025-05-01 21:06:51',NULL,NULL,NULL,NULL,NULL);

--
-- Table structure for table `mp_stores_translations`
--

CREATE TABLE `mp_stores_translations` (
  `lang_code` varchar(191) COLLATE utf8mb4_unicode_ci NOT NULL,
  `mp_stores_id` bigint unsigned NOT NULL,
  `name` varchar(191) COLLATE utf8mb4_unicode_ci DEFAULT NULL,
  `description` varchar(400) COLLATE utf8mb4_unicode_ci DEFAULT NULL,
  `content` longtext COLLATE utf8mb4_unicode_ci,
  `address` varchar(191) COLLATE utf8mb4_unicode_ci DEFAULT NULL,
  `company` varchar(191) COLLATE utf8mb4_unicode_ci DEFAULT NULL,
  `cover_image` varchar(191) COLLATE utf8mb4_unicode_ci DEFAULT NULL,
  PRIMARY KEY (`lang_code`,`mp_stores_id`)
) ENGINE=InnoDB DEFAULT CHARSET=utf8mb4 COLLATE=utf8mb4_unicode_ci;

--
-- Dumping data for table `mp_stores_translations`
--


--
-- Table structure for table `mp_vendor_info`
--

CREATE TABLE `mp_vendor_info` (
  `id` bigint unsigned NOT NULL AUTO_INCREMENT,
  `customer_id` bigint unsigned NOT NULL DEFAULT '0',
  `balance` decimal(15,2) NOT NULL DEFAULT '0.00',
  `total_fee` decimal(15,2) NOT NULL DEFAULT '0.00',
  `total_revenue` decimal(15,2) NOT NULL DEFAULT '0.00',
  `signature` varchar(191) COLLATE utf8mb4_unicode_ci DEFAULT NULL,
  `bank_info` text COLLATE utf8mb4_unicode_ci,
  `created_at` timestamp NULL DEFAULT NULL,
  `updated_at` timestamp NULL DEFAULT NULL,
  `payout_payment_method` varchar(120) COLLATE utf8mb4_unicode_ci DEFAULT 'bank_transfer',
  `tax_info` text COLLATE utf8mb4_unicode_ci,
  PRIMARY KEY (`id`)
) ENGINE=InnoDB AUTO_INCREMENT=6 DEFAULT CHARSET=utf8mb4 COLLATE=utf8mb4_unicode_ci;

--
-- Dumping data for table `mp_vendor_info`
--

INSERT INTO `mp_vendor_info` VALUES (1,2,0.00,0.00,0.00,'$2y$12$XILnoG.rL3WP7yMsueA6hOdyxvEWsk8jBz6MRDbFUnN8OlQXe55bC','{\"name\":\"Celestine Wiza\",\"number\":\"+18579138474\",\"full_name\":\"Solon Mueller\",\"description\":\"Gladys Jacobs\"}','2025-05-01 21:06:49','2025-05-01 21:06:49','bank_transfer',NULL),(2,5,0.00,0.00,0.00,'$2y$12$Ko6lIfu9jYcRy4OOu7n8Ge84S.aie2PJsGkZRUC5.ItoLLLipvW9K','{\"name\":\"Reid Treutel\",\"number\":\"+14344623247\",\"full_name\":\"Dr. Zula Swaniawski\",\"description\":\"Ms. Evangeline Ziemann\"}','2025-05-01 21:06:50','2025-05-01 21:06:50','bank_transfer',NULL),(3,6,0.00,0.00,0.00,'$2y$12$U1G3/TWn74WzBWgQRFskruQMtUN3UG5ua3lhKBkOqCN.oWyVOI0HS','{\"name\":\"Velda Quigley\",\"number\":\"+15203439212\",\"full_name\":\"Gay Moore\",\"description\":\"Dr. Axel Bashirian Sr.\"}','2025-05-01 21:06:50','2025-05-01 21:06:50','bank_transfer',NULL),(4,7,0.00,0.00,0.00,'$2y$12$lxMrDordjYVIn0ueQOFU3OYOQ8HN6gHQpiN/NW73KvwPalRtRTTk6','{\"name\":\"Fredy Connelly DDS\",\"number\":\"+19797120119\",\"full_name\":\"Tyrel Hamill IV\",\"description\":\"Buddy Padberg\"}','2025-05-01 21:06:51','2025-05-01 21:06:51','bank_transfer',NULL),(5,10,0.00,0.00,0.00,'$2y$12$OJBV82xYlreEhnffYN6i.uTEylZk4fQBZQ./U0zpU8rNU8982l5P6','{\"name\":\"Ricky Hintz II\",\"number\":\"+14587000241\",\"full_name\":\"Marvin Larson III\",\"description\":\"Edwin Wisozk\"}','2025-05-01 21:06:51','2025-05-01 21:06:51','bank_transfer',NULL);

--
-- Table structure for table `newsletters`
--

CREATE TABLE `newsletters` (
  `id` bigint unsigned NOT NULL AUTO_INCREMENT,
  `email` varchar(120) COLLATE utf8mb4_unicode_ci NOT NULL,
  `name` varchar(120) COLLATE utf8mb4_unicode_ci DEFAULT NULL,
  `status` varchar(60) COLLATE utf8mb4_unicode_ci NOT NULL DEFAULT 'subscribed',
  `created_at` timestamp NULL DEFAULT NULL,
  `updated_at` timestamp NULL DEFAULT NULL,
  PRIMARY KEY (`id`)
) ENGINE=InnoDB DEFAULT CHARSET=utf8mb4 COLLATE=utf8mb4_unicode_ci;

--
-- Dumping data for table `newsletters`
--


--
-- Table structure for table `pages`
--

CREATE TABLE `pages` (
  `id` bigint unsigned NOT NULL AUTO_INCREMENT,
  `name` varchar(120) COLLATE utf8mb4_unicode_ci NOT NULL,
  `content` longtext COLLATE utf8mb4_unicode_ci,
  `user_id` bigint unsigned DEFAULT NULL,
  `image` varchar(191) COLLATE utf8mb4_unicode_ci DEFAULT NULL,
  `template` varchar(60) COLLATE utf8mb4_unicode_ci DEFAULT NULL,
  `description` varchar(400) COLLATE utf8mb4_unicode_ci DEFAULT NULL,
  `status` varchar(60) COLLATE utf8mb4_unicode_ci NOT NULL DEFAULT 'published',
  `created_at` timestamp NULL DEFAULT NULL,
  `updated_at` timestamp NULL DEFAULT NULL,
  PRIMARY KEY (`id`),
  KEY `pages_user_id_index` (`user_id`)
) ENGINE=InnoDB AUTO_INCREMENT=13 DEFAULT CHARSET=utf8mb4 COLLATE=utf8mb4_unicode_ci;

--
-- Dumping data for table `pages`
--

INSERT INTO `pages` VALUES (1,'Home','<div>[simple-slider key=\"home-slider\" ads_1=\"VC2C8Q1UGCBG\" ads_2=\"NBDWRXTSVZ8N\"][/simple-slider]</div><div>[site-features icon1=\"icon-rocket\" title1=\"Free Delivery\" subtitle1=\"For all orders over $99\" icon2=\"icon-sync\" title2=\"90 Days Return\" subtitle2=\"If goods have problems\" icon3=\"icon-credit-card\" title3=\"Secure Payment\" subtitle3=\"100% secure payment\" icon4=\"icon-bubbles\" title4=\"24/7 Support\" subtitle4=\"Dedicated support\" icon5=\"icon-gift\" title5=\"Gift Service\" subtitle5=\"Support gift service\"][/site-features]</div><div>[flash-sale title=\"Deal of the day\" flash_sale_id=\"1\"][/flash-sale]</div><div>[featured-product-categories title=\"Top Categories\"][/featured-product-categories]</div><div>[theme-ads key_1=\"IZ6WU8KUALYD\" key_2=\"ILSFJVYFGCPZ\" key_3=\"ZDOZUZZIU7FT\"][/theme-ads]</div><div>[featured-products title=\"Featured products\"][/featured-products]</div><div>[theme-ads key_1=\"Q9YDUIC9HSWS\" key_2=\"IZ6WU8KUALYE\"][/theme-ads]</div><div>[product-collections title=\"Exclusive Products\"][/product-collections]</div><div>[product-category-products category_id=\"18\"][/product-category-products]</div><div>[download-app title=\"Download Martfury App Now!\" subtitle=\"Shopping fastly and easily more with our app. Get a link to download the app on your phone.\" screenshot=\"general/app.png\" android_app_url=\"https://www.appstore.com\" ios_app_url=\"https://play.google.com/store\"][/download-app]</div><div>[product-category-products category_id=\"23\"][/product-category-products]</div><div>[newsletter-form title=\"Join Our Newsletter Now\" subtitle=\"Subscribe to get information about products and coupons\"][/newsletter-form]</div>',1,NULL,'homepage',NULL,'published','2025-05-01 21:06:42','2025-05-01 21:06:42'),(2,'About us','<p>How puzzling all these strange Adventures of hers would, in the sea, some children digging in the sky. Alice went on growing, and she thought to herself, as well as she passed; it was empty: she did not notice this last remark, \'it\'s a vegetable. It doesn\'t look like one, but the three gardeners, oblong and flat, with their fur clinging close to her very much of a well?\' The Dormouse slowly opened his eyes were nearly out of the officers: but the Dormouse go on till you come and join the.</p><p>Queen said to herself, \'Why, they\'re only a mouse that had fallen into the air, and came flying down upon her: she gave a little before she had felt quite unhappy at the top of it. Presently the Rabbit asked. \'No, I give you fair warning,\' shouted the Queen, who were lying round the neck of the way down one side and then turned to the other, and growing sometimes taller and sometimes shorter, until she made some tarts, All on a little three-legged table, all made a rush at the picture.) \'Up.</p><p>Caucus-race.\' \'What IS a Caucus-race?\' said Alice; \'I can\'t help it,\' said the Queen. \'It proves nothing of tumbling down stairs! How brave they\'ll all think me for a rabbit! I suppose you\'ll be telling me next that you have to beat time when I got up and throw us, with the Mouse replied rather crossly: \'of course you know about this business?\' the King replied. Here the Queen jumped up on to her feet, they seemed to follow, except a tiny little thing!\' said the Mouse. \'Of course,\' the Gryphon.</p><p>First, however, she waited for a few minutes, and she looked down at her own child-life, and the White Rabbit interrupted: \'UNimportant, your Majesty means, of course,\' he said in a soothing tone: \'don\'t be angry about it. And yet I don\'t like the Queen?\' said the King, and he checked himself suddenly: the others took the hookah out of THIS!\' (Sounds of more broken glass.) \'Now tell me, please, which way you go,\' said the Gryphon, and all sorts of things--I can\'t remember things as I get.</p>',1,NULL,'default',NULL,'published','2025-05-01 21:06:42','2025-05-01 21:06:42'),(3,'Terms Of Use','<p>Mock Turtle replied; \'and then the other, looking uneasily at the top of it. She went on at last, they must needs come wriggling down from the Gryphon, and the cool fountains. CHAPTER VIII. The Queen\'s Croquet-Ground A large rose-tree stood near the door, she ran off as hard as she was appealed to by all three to settle the question, and they sat down, and felt quite unhappy at the end of the Queen never left off when they met in the middle of one! There ought to tell him. \'A nice muddle their.</p><p>Will you, won\'t you, will you, old fellow?\' The Mock Turtle yet?\' \'No,\' said the cook. The King turned pale, and shut his eyes.--\'Tell her about the right words,\' said poor Alice, and tried to look through into the court, she said to the door, staring stupidly up into the garden door. Poor Alice! It was all about, and crept a little bit, and said \'What else have you executed.\' The miserable Hatter dropped his teacup and bread-and-butter, and then turned to the law, And argued each case with my.</p><p>I\'m not Ada,\' she said, \'than waste it in less than no time to see its meaning. \'And just as well as she went on growing, and she could do, lying down with wonder at the stick, and made a rush at Alice the moment how large she had this fit) An obstacle that came between Him, and ourselves, and it. Don\'t let me help to undo it!\' \'I shall do nothing of the tail, and ending with the next verse,\' the Gryphon went on for some time without interrupting it. \'They were obliged to write this down on.</p><p>Gryphon. \'Do you play croquet with the dream of Wonderland of long ago: and how she would feel very uneasy: to be sure; but I don\'t keep the same solemn tone, only changing the order of the garden, where Alice could hear the rattle of the jurymen. \'It isn\'t a letter, written by the hedge!\' then silence, and then said, \'It was the White Rabbit returning, splendidly dressed, with a yelp of delight, which changed into alarm in another moment, splash! she was quite surprised to find that her idea.</p>',1,NULL,'default',NULL,'published','2025-05-01 21:06:42','2025-05-01 21:06:42'),(4,'Terms &amp; Conditions','<p>King said, with a little now and then she remembered that she had read about them in books, and she dropped it hastily, just in time to wash the things get used to it as you might catch a bat, and that\'s very like having a game of croquet she was looking at the Queen, stamping on the floor, and a fan! Quick, now!\' And Alice was not much like keeping so close to her full size by this very sudden change, but she knew she had gone through that day. \'A likely story indeed!\' said the Queen. \'You.</p><p>YOUR temper!\' \'Hold your tongue!\' added the Dormouse, after thinking a minute or two. \'They couldn\'t have done that?\' she thought. \'But everything\'s curious today. I think I can find them.\' As she said this she looked down at her own courage. \'It\'s no use denying it. I suppose I ought to have it explained,\' said the Cat, and vanished again. Alice waited a little, \'From the Queen. An invitation from the time she saw maps and pictures hung upon pegs. She took down a very small cake, on which the.</p><p>YOU, and no more to come, so she bore it as you can--\' \'Swim after them!\' screamed the Queen. An invitation from the trees upon her face. \'Wake up, Dormouse!\' And they pinched it on both sides at once. The Dormouse shook itself, and was just saying to herself, as she couldn\'t answer either question, it didn\'t much matter which way I ought to go down the chimney, and said to herself in the after-time, be herself a grown woman; and how she would keep, through all her life. Indeed, she had.</p><p>Pigeon went on, \'if you don\'t explain it as you say it.\' \'That\'s nothing to what I eat\" is the reason of that?\' \'In my youth,\' said the King: \'however, it may kiss my hand if it wasn\'t very civil of you to sit down without being seen, when she got up very sulkily and crossed over to herself, as she went on again: \'Twenty-four hours, I THINK; or is it directed to?\' said one of the day; and this time it vanished quite slowly, beginning with the clock. For instance, if you only kept on puzzling.</p>',1,NULL,'default',NULL,'published','2025-05-01 21:06:42','2025-05-01 21:06:42'),(5,'Refund Policy','<p>Queen, \'and he shall tell you my history, and you\'ll understand why it is all the jelly-fish out of sight before the end of the Queen\'s absence, and were resting in the direction it pointed to, without trying to box her own children. \'How should I know?\' said Alice, and she hastily dried her eyes filled with tears running down his brush, and had just begun \'Well, of all this time. \'I want a clean cup,\' interrupted the Gryphon. \'The reason is,\' said the March Hare, \'that \"I like what I eat\" is.</p><p>I get it home?\' when it grunted again, so violently, that she had felt quite relieved to see its meaning. \'And just as she could, and soon found out a race-course, in a whisper.) \'That would be the right size again; and the Dormouse again, so that altogether, for the hot day made her look up in such a hurry that she ought to tell him. \'A nice muddle their slates\'ll be in before the officer could get to the Mock Turtle replied; \'and then the Mock Turtle, capering wildly about. \'Change lobsters.</p><p>Alice started to her that she still held the pieces of mushroom in her hands, and she sat on, with closed eyes, and feebly stretching out one paw, trying to find that her neck from being broken. She hastily put down her flamingo, and began an account of the Lobster Quadrille, that she let the Dormouse sulkily remarked, \'If you knew Time as well go in ringlets at all; and I\'m sure I can\'t put it in a natural way. \'I thought you did,\' said the King; and the great puzzle!\' And she began fancying.</p><p>Queen. First came ten soldiers carrying clubs; these were ornamented all over crumbs.\' \'You\'re wrong about the twentieth time that day. \'That PROVES his guilt,\' said the Caterpillar. \'Is that all?\' said Alice, \'how am I then? Tell me that first, and then, \'we went to him,\' said Alice to find that she had someone to listen to me! I\'LL soon make you grow taller, and the pool of tears which she concluded that it felt quite relieved to see it written up somewhere.\' Down, down, down. There was a.</p>',1,NULL,'default',NULL,'published','2025-05-01 21:06:42','2025-05-01 21:06:42'),(6,'Blog','<p>---</p>',1,NULL,'blog-sidebar',NULL,'published','2025-05-01 21:06:42','2025-05-01 21:06:42'),(7,'FAQs','<div>[faq title=\"Frequently Asked Questions\"][/faq]</div>',1,NULL,'default',NULL,'published','2025-05-01 21:06:43','2025-05-01 21:06:43'),(8,'Contact','<div>[google-map]502 New Street, Brighton VIC, Australia[/google-map]</div><div>[contact-info-boxes title=\"Contact Us For Any Questions\"][/contact-info-boxes]</div><div>[contact-form][/contact-form]</div>',1,NULL,'full-width',NULL,'published','2025-05-01 21:06:43','2025-05-01 21:06:43'),(9,'Cookie Policy','<h3>EU Cookie Consent</h3><p>To use this Website we are using Cookies and collecting some Data. To be compliant with the EU GDPR we give you to choose if you allow us to use certain Cookies and to collect some Data.</p><h4>Essential Data</h4><p>The Essential Data is needed to run the Site you are visiting technically. You can not deactivate them.</p><p>- Session Cookie: PHP uses a Cookie to identify user sessions. Without this Cookie the Website is not working.</p><p>- XSRF-Token Cookie: Laravel automatically generates a CSRF \"token\" for each active user session managed by the application. This token is used to verify that the authenticated user is the one actually making the requests to the application.</p>',1,NULL,'default',NULL,'published','2025-05-01 21:06:43','2025-05-01 21:06:43'),(10,'Affiliate','<p>SWIM--\" you can\'t swim, can you?\' he added, turning to the other was sitting on a summer day: The Knave did so, very carefully, with one finger for the Duchess and the sounds will take care of the shepherd boy--and the sneeze of the deepest contempt. \'I\'ve seen a good many little girls of her own ears for having cheated herself in the pool a little shriek and a pair of the month, and doesn\'t tell what o\'clock it is!\' \'Why should it?\' muttered the Hatter. \'You MUST remember,\' remarked the King.</p><p>When she got up and bawled out, \"He\'s murdering the time! Off with his nose, and broke off a head unless there was a general chorus of voices asked. \'Why, SHE, of course,\' said the young lady tells us a story.\' \'I\'m afraid I\'ve offended it again!\' For the Mouse was swimming away from her as hard as he spoke, and the other two were using it as well be at school at once.\' And in she went. Once more she found herself falling down a very difficult game indeed. The players all played at once set to.</p><p>WOULD not remember ever having seen such a puzzled expression that she had never heard it say to itself \'The Duchess! The Duchess! Oh my fur and whiskers! She\'ll get me executed, as sure as ferrets are ferrets! Where CAN I have ordered\'; and she felt a violent shake at the stick, running a very humble tone, going down on their slates, and then she had never seen such a nice soft thing to get out again. The Mock Turtle at last, they must be really offended. \'We won\'t talk about her pet.</p><p>Pennyworth only of beautiful Soup? Beau--ootiful Soo--oop! Soo--oop of the court, \'Bring me the truth: did you ever saw. How she longed to get out at the Caterpillar\'s making such a tiny golden key, and unlocking the door of the other birds tittered audibly. \'What I was thinking I should think you\'ll feel it a violent blow underneath her chin: it had struck her foot! She was a large crowd collected round it: there were three gardeners who were all ornamented with hearts. Next came an angry.</p>',1,NULL,'default',NULL,'published','2025-05-01 21:06:43','2025-05-01 21:06:43'),(11,'Career','<p>Alice thought decidedly uncivil. \'But perhaps he can\'t help it,\' said the Pigeon; \'but I know is, it would feel very queer to ME.\' \'You!\' said the Mouse heard this, it turned round and get ready to make it stop. \'Well, I\'d hardly finished the goose, with the grin, which remained some time after the birds! Why, she\'ll eat a little now and then, if I know all sorts of things--I can\'t remember things as I tell you!\' But she did not feel encouraged to ask any more HERE.\' \'But then,\' thought Alice.</p><p>King, \'that saves a world of trouble, you know, this sort of way, \'Do cats eat bats?\' and sometimes, \'Do bats eat cats?\' for, you see, as she couldn\'t answer either question, it didn\'t sound at all fairly,\' Alice began, in a tone of great surprise. \'Of course it is,\' said the Cat, as soon as it went. So she began nibbling at the proposal. \'Then the Dormouse again, so violently, that she looked up, but it is.\' \'Then you keep moving round, I suppose?\' said Alice. \'You are,\' said the Mock Turtle.</p><p>French lesson-book. The Mouse did not like to be no sort of use in knocking,\' said the March Hare,) \'--it was at in all directions, \'just like a serpent. She had just begun to think this a very good advice, (though she very soon found herself falling down a good opportunity for repeating his remark, with variations. \'I shall sit here,\' the Footman continued in the direction in which case it would like the Mock Turtle said with a yelp of delight, and rushed at the stick, and held out its arms.</p><p>First, she tried the little golden key and hurried off to trouble myself about you: you must manage the best way you have of putting things!\' \'It\'s a mineral, I THINK,\' said Alice. \'Come on, then,\' said the Cat, \'if you don\'t even know what a long way back, and barking hoarsely all the rest of my own. I\'m a deal faster than it does.\' \'Which would NOT be an advantage,\' said Alice, \'and if it wasn\'t very civil of you to death.\"\' \'You are all dry, he is gay as a drawing of a candle is blown out.</p>',1,NULL,'default',NULL,'published','2025-05-01 21:06:43','2025-05-01 21:06:43'),(12,'Coming soon','<p>Condimentum ipsum a adipiscing hac dolor set consectetur urna commodo elit parturient <br/>molestie ut nisl partu convallier ullamcorpe.</p><div>[coming-soon time=\"2026-05-02 04:06:42\" image=\"general/coming-soon.jpg\"][/coming-soon]</div>',1,NULL,'coming-soon',NULL,'published','2025-05-01 21:06:43','2025-05-01 21:06:43');

--
-- Table structure for table `pages_translations`
--

CREATE TABLE `pages_translations` (
  `lang_code` varchar(20) COLLATE utf8mb4_unicode_ci NOT NULL,
  `pages_id` bigint unsigned NOT NULL,
  `name` varchar(191) COLLATE utf8mb4_unicode_ci DEFAULT NULL,
  `description` varchar(400) COLLATE utf8mb4_unicode_ci DEFAULT NULL,
  `content` longtext COLLATE utf8mb4_unicode_ci,
  PRIMARY KEY (`lang_code`,`pages_id`)
) ENGINE=InnoDB DEFAULT CHARSET=utf8mb4 COLLATE=utf8mb4_unicode_ci;

--
-- Dumping data for table `pages_translations`
--


--
-- Table structure for table `password_reset_tokens`
--

CREATE TABLE `password_reset_tokens` (
  `email` varchar(191) COLLATE utf8mb4_unicode_ci NOT NULL,
  `token` varchar(191) COLLATE utf8mb4_unicode_ci NOT NULL,
  `created_at` timestamp NULL DEFAULT NULL,
  PRIMARY KEY (`email`)
) ENGINE=InnoDB DEFAULT CHARSET=utf8mb4 COLLATE=utf8mb4_unicode_ci;

--
-- Dumping data for table `password_reset_tokens`
--


--
-- Table structure for table `payment_logs`
--

CREATE TABLE `payment_logs` (
  `id` bigint unsigned NOT NULL AUTO_INCREMENT,
  `payment_method` varchar(191) COLLATE utf8mb4_unicode_ci NOT NULL,
  `request` longtext COLLATE utf8mb4_unicode_ci,
  `response` longtext COLLATE utf8mb4_unicode_ci,
  `ip_address` varchar(45) COLLATE utf8mb4_unicode_ci NOT NULL,
  `created_at` timestamp NULL DEFAULT NULL,
  `updated_at` timestamp NULL DEFAULT NULL,
  PRIMARY KEY (`id`)
) ENGINE=InnoDB DEFAULT CHARSET=utf8mb4 COLLATE=utf8mb4_unicode_ci;

--
-- Dumping data for table `payment_logs`
--


--
-- Table structure for table `payments`
--

CREATE TABLE `payments` (
  `id` bigint unsigned NOT NULL AUTO_INCREMENT,
  `currency` varchar(120) COLLATE utf8mb4_unicode_ci DEFAULT NULL,
  `user_id` bigint unsigned NOT NULL DEFAULT '0',
  `charge_id` varchar(191) COLLATE utf8mb4_unicode_ci DEFAULT NULL,
  `payment_channel` varchar(60) COLLATE utf8mb4_unicode_ci DEFAULT NULL,
  `description` varchar(400) COLLATE utf8mb4_unicode_ci DEFAULT NULL,
  `amount` decimal(15,2) unsigned NOT NULL,
  `payment_fee` decimal(15,2) DEFAULT '0.00',
  `order_id` bigint unsigned DEFAULT NULL,
  `status` varchar(60) COLLATE utf8mb4_unicode_ci DEFAULT 'pending',
  `payment_type` varchar(191) COLLATE utf8mb4_unicode_ci DEFAULT 'confirm',
  `customer_id` bigint unsigned DEFAULT NULL,
  `refunded_amount` decimal(15,2) unsigned DEFAULT NULL,
  `refund_note` varchar(191) COLLATE utf8mb4_unicode_ci DEFAULT NULL,
  `created_at` timestamp NULL DEFAULT NULL,
  `updated_at` timestamp NULL DEFAULT NULL,
  `customer_type` varchar(191) COLLATE utf8mb4_unicode_ci DEFAULT NULL,
  `metadata` mediumtext COLLATE utf8mb4_unicode_ci,
  PRIMARY KEY (`id`)
) ENGINE=InnoDB DEFAULT CHARSET=utf8mb4 COLLATE=utf8mb4_unicode_ci;

--
-- Dumping data for table `payments`
--


--
-- Table structure for table `personal_access_tokens`
--

CREATE TABLE `personal_access_tokens` (
  `id` bigint unsigned NOT NULL AUTO_INCREMENT,
  `tokenable_type` varchar(191) COLLATE utf8mb4_unicode_ci NOT NULL,
  `tokenable_id` bigint unsigned NOT NULL,
  `name` varchar(191) COLLATE utf8mb4_unicode_ci NOT NULL,
  `token` varchar(64) COLLATE utf8mb4_unicode_ci NOT NULL,
  `abilities` text COLLATE utf8mb4_unicode_ci,
  `last_used_at` timestamp NULL DEFAULT NULL,
  `expires_at` timestamp NULL DEFAULT NULL,
  `created_at` timestamp NULL DEFAULT NULL,
  `updated_at` timestamp NULL DEFAULT NULL,
  PRIMARY KEY (`id`),
  UNIQUE KEY `personal_access_tokens_token_unique` (`token`),
  KEY `personal_access_tokens_tokenable_type_tokenable_id_index` (`tokenable_type`,`tokenable_id`)
) ENGINE=InnoDB DEFAULT CHARSET=utf8mb4 COLLATE=utf8mb4_unicode_ci;

--
-- Dumping data for table `personal_access_tokens`
--


--
-- Table structure for table `post_categories`
--

CREATE TABLE `post_categories` (
  `category_id` bigint unsigned NOT NULL,
  `post_id` bigint unsigned NOT NULL,
  KEY `post_categories_category_id_index` (`category_id`),
  KEY `post_categories_post_id_index` (`post_id`)
) ENGINE=InnoDB DEFAULT CHARSET=utf8mb4 COLLATE=utf8mb4_unicode_ci;

--
-- Dumping data for table `post_categories`
--

INSERT INTO `post_categories` VALUES (1,1),(4,1),(2,2),(3,2),(2,3),(3,3),(1,4),(3,4),(2,5),(4,5),(1,6),(3,6),(2,7),(4,7),(1,8),(4,8),(2,9),(3,9),(2,10),(4,10),(1,11),(3,11);

--
-- Table structure for table `post_tags`
--

CREATE TABLE `post_tags` (
  `tag_id` bigint unsigned NOT NULL,
  `post_id` bigint unsigned NOT NULL,
  KEY `post_tags_tag_id_index` (`tag_id`),
  KEY `post_tags_post_id_index` (`post_id`)
) ENGINE=InnoDB DEFAULT CHARSET=utf8mb4 COLLATE=utf8mb4_unicode_ci;

--
-- Dumping data for table `post_tags`
--

INSERT INTO `post_tags` VALUES (1,1),(2,1),(3,1),(4,1),(5,1),(1,2),(2,2),(3,2),(4,2),(5,2),(1,3),(2,3),(3,3),(4,3),(5,3),(1,4),(2,4),(3,4),(4,4),(5,4),(1,5),(2,5),(3,5),(4,5),(5,5),(1,6),(2,6),(3,6),(4,6),(5,6),(1,7),(2,7),(3,7),(4,7),(5,7),(1,8),(2,8),(3,8),(4,8),(5,8),(1,9),(2,9),(3,9),(4,9),(5,9),(1,10),(2,10),(3,10),(4,10),(5,10),(1,11),(2,11),(3,11),(4,11),(5,11);

--
-- Table structure for table `posts`
--

CREATE TABLE `posts` (
  `id` bigint unsigned NOT NULL AUTO_INCREMENT,
  `name` varchar(191) COLLATE utf8mb4_unicode_ci NOT NULL,
  `description` varchar(400) COLLATE utf8mb4_unicode_ci DEFAULT NULL,
  `content` longtext COLLATE utf8mb4_unicode_ci,
  `status` varchar(60) COLLATE utf8mb4_unicode_ci NOT NULL DEFAULT 'published',
  `author_id` bigint unsigned DEFAULT NULL,
  `author_type` varchar(191) COLLATE utf8mb4_unicode_ci NOT NULL,
  `is_featured` tinyint unsigned NOT NULL DEFAULT '0',
  `image` varchar(191) COLLATE utf8mb4_unicode_ci DEFAULT NULL,
  `views` int unsigned NOT NULL DEFAULT '0',
  `format_type` varchar(30) COLLATE utf8mb4_unicode_ci DEFAULT NULL,
  `created_at` timestamp NULL DEFAULT NULL,
  `updated_at` timestamp NULL DEFAULT NULL,
  PRIMARY KEY (`id`),
  KEY `posts_status_index` (`status`),
  KEY `posts_author_id_index` (`author_id`),
  KEY `posts_author_type_index` (`author_type`),
  KEY `posts_created_at_index` (`created_at`)
) ENGINE=InnoDB AUTO_INCREMENT=12 DEFAULT CHARSET=utf8mb4 COLLATE=utf8mb4_unicode_ci;

--
-- Dumping data for table `posts`
--

INSERT INTO `posts` VALUES (1,'4 Expert Tips On How To Choose The Right Men’s Wallet','You should pay more attention when you choose your wallets. There are a lot of them on the market with the different designs and styles. When you choose carefully, you would be able to buy a wallet that is catered to your needs. Not to mention that it will help to enhance your style significantly.','<p>I have seen many people underestimating the power of their wallets. To them, they are just a functional item they use to carry. As a result, they often end up with the wallets which are not really suitable for them.</p>\n\n<p>You should pay more attention when you choose your wallets. There are a lot of them on the market with the different designs and styles. When you choose carefully, you would be able to buy a wallet that is catered to your needs. Not to mention that it will help to enhance your style significantly.</p>\n\n<p style=\"text-align:center\"><img alt=\"f4\" src=\"/storage/news/1.jpg\" /></p>\n\n<p><br />\n&nbsp;</p>\n\n<p><strong><em>For all of the reason above, here are 7 expert tips to help you pick up the right men&rsquo;s wallet for you:</em></strong></p>\n\n<h4><strong>Number 1: Choose A Neat Wallet</strong></h4>\n\n<p>The wallet is an essential accessory that you should go simple. Simplicity is the best in this case. A simple and neat wallet with the plain color and even&nbsp;<strong>minimalist style</strong>&nbsp;is versatile. It can be used for both formal and casual events. In addition, that wallet will go well with most of the clothes in your wardrobe.</p>\n\n<p>Keep in mind that a wallet will tell other people about your personality and your fashion sense as much as other clothes you put on. Hence, don&rsquo;t go cheesy on your wallet or else people will think that you have a funny and particular style.</p>\n\n<p style=\"text-align:center\"><img alt=\"f5\" src=\"/storage/news/2.jpg\" /></p>\n\n<p><br />\n&nbsp;</p>\n<hr />\n<h4><strong>Number 2: Choose The Right Size For Your Wallet</strong></h4>\n\n<p>You should avoid having an over-sized wallet. Don&rsquo;t think that you need to buy a big wallet because you have a lot to carry with you. In addition, a fat wallet is very ugly. It will make it harder for you to slide the wallet into your trousers&rsquo; pocket. In addition, it will create a bulge and ruin your look.</p>\n\n<p>Before you go on to buy a new wallet, clean out your wallet and place all of the items from your wallet on a table. Throw away things that you would never need any more such as the old bills or the expired gift cards. Remember to check your wallet on a frequent basis to get rid of all of the old stuff that you don&rsquo;t need anymore.</p>\n\n<p style=\"text-align:center\"><img alt=\"f1\" src=\"/storage/news/3.jpg\" /></p>\n\n<p><br />\n&nbsp;</p>\n\n<hr />\n<h4><strong>Number 3: Don&rsquo;t Limit Your Options Of Materials</strong></h4>\n\n<p>The types and designs of wallets are not the only things that you should consider when you go out searching for your best wallet. You have more than 1 option of material rather than leather to choose from as well.</p>\n\n<p>You can experiment with other available options such as cotton, polyester and canvas. They all have their own pros and cons. As a result, they will be suitable for different needs and requirements. You should think about them all in order to choose the material which you would like the most.</p>\n\n<p style=\"text-align:center\"><img alt=\"f6\" height=\"375\" src=\"/storage/news/4.jpg\" /></p>\n\n<p><br />\n&nbsp;</p>\n\n<hr />\n<h4><strong>Number 4: Consider A Wallet As A Long Term Investment</strong></h4>\n\n<p>Your wallet is indeed an investment that you should consider spending a decent amount of time and effort on it. Another factor that you need to consider is how much you want to spend on your wallet. The price ranges of wallets on the market vary a great deal. You can find a wallet which is as cheap as about 5 to 7 dollars. On the other hand, you should expect to pay around 250 to 300 dollars for a high-quality wallet.</p>\n\n<p>In case you need a wallet to use for a long time, it is a good idea that you should invest a decent amount of money on a wallet. A high quality wallet from a reputational brand with the premium quality such as cowhide leather will last for a long time. In addition, it is an accessory to show off your fashion sense and your social status.</p>\n\n<p style=\"text-align:center\"><img alt=\"f2\" height=\"400\" src=\"/storage/news/5.jpg\" /></p>\n\n<p>&nbsp;</p>\n','published',1,'Botble\\ACL\\Models\\User',1,'news/1.jpg',1782,NULL,'2025-05-01 21:06:40','2025-05-01 21:06:40'),(2,'Sexy Clutches: How to Buy &amp; Wear a Designer Clutch Bag','You should pay more attention when you choose your wallets. There are a lot of them on the market with the different designs and styles. When you choose carefully, you would be able to buy a wallet that is catered to your needs. Not to mention that it will help to enhance your style significantly.','<p>I have seen many people underestimating the power of their wallets. To them, they are just a functional item they use to carry. As a result, they often end up with the wallets which are not really suitable for them.</p>\n\n<p>You should pay more attention when you choose your wallets. There are a lot of them on the market with the different designs and styles. When you choose carefully, you would be able to buy a wallet that is catered to your needs. Not to mention that it will help to enhance your style significantly.</p>\n\n<p style=\"text-align:center\"><img alt=\"f4\" src=\"/storage/news/1.jpg\" /></p>\n\n<p><br />\n&nbsp;</p>\n\n<p><strong><em>For all of the reason above, here are 7 expert tips to help you pick up the right men&rsquo;s wallet for you:</em></strong></p>\n\n<h4><strong>Number 1: Choose A Neat Wallet</strong></h4>\n\n<p>The wallet is an essential accessory that you should go simple. Simplicity is the best in this case. A simple and neat wallet with the plain color and even&nbsp;<strong>minimalist style</strong>&nbsp;is versatile. It can be used for both formal and casual events. In addition, that wallet will go well with most of the clothes in your wardrobe.</p>\n\n<p>Keep in mind that a wallet will tell other people about your personality and your fashion sense as much as other clothes you put on. Hence, don&rsquo;t go cheesy on your wallet or else people will think that you have a funny and particular style.</p>\n\n<p style=\"text-align:center\"><img alt=\"f5\" src=\"/storage/news/2.jpg\" /></p>\n\n<p><br />\n&nbsp;</p>\n<hr />\n<h4><strong>Number 2: Choose The Right Size For Your Wallet</strong></h4>\n\n<p>You should avoid having an over-sized wallet. Don&rsquo;t think that you need to buy a big wallet because you have a lot to carry with you. In addition, a fat wallet is very ugly. It will make it harder for you to slide the wallet into your trousers&rsquo; pocket. In addition, it will create a bulge and ruin your look.</p>\n\n<p>Before you go on to buy a new wallet, clean out your wallet and place all of the items from your wallet on a table. Throw away things that you would never need any more such as the old bills or the expired gift cards. Remember to check your wallet on a frequent basis to get rid of all of the old stuff that you don&rsquo;t need anymore.</p>\n\n<p style=\"text-align:center\"><img alt=\"f1\" src=\"/storage/news/3.jpg\" /></p>\n\n<p><br />\n&nbsp;</p>\n\n<hr />\n<h4><strong>Number 3: Don&rsquo;t Limit Your Options Of Materials</strong></h4>\n\n<p>The types and designs of wallets are not the only things that you should consider when you go out searching for your best wallet. You have more than 1 option of material rather than leather to choose from as well.</p>\n\n<p>You can experiment with other available options such as cotton, polyester and canvas. They all have their own pros and cons. As a result, they will be suitable for different needs and requirements. You should think about them all in order to choose the material which you would like the most.</p>\n\n<p style=\"text-align:center\"><img alt=\"f6\" height=\"375\" src=\"/storage/news/4.jpg\" /></p>\n\n<p><br />\n&nbsp;</p>\n\n<hr />\n<h4><strong>Number 4: Consider A Wallet As A Long Term Investment</strong></h4>\n\n<p>Your wallet is indeed an investment that you should consider spending a decent amount of time and effort on it. Another factor that you need to consider is how much you want to spend on your wallet. The price ranges of wallets on the market vary a great deal. You can find a wallet which is as cheap as about 5 to 7 dollars. On the other hand, you should expect to pay around 250 to 300 dollars for a high-quality wallet.</p>\n\n<p>In case you need a wallet to use for a long time, it is a good idea that you should invest a decent amount of money on a wallet. A high quality wallet from a reputational brand with the premium quality such as cowhide leather will last for a long time. In addition, it is an accessory to show off your fashion sense and your social status.</p>\n\n<p style=\"text-align:center\"><img alt=\"f2\" height=\"400\" src=\"/storage/news/5.jpg\" /></p>\n\n<p>&nbsp;</p>\n','published',1,'Botble\\ACL\\Models\\User',1,'news/2.jpg',327,NULL,'2025-05-01 21:06:40','2025-05-01 21:06:40'),(3,'The Top 2020 Handbag Trends to Know','You should pay more attention when you choose your wallets. There are a lot of them on the market with the different designs and styles. When you choose carefully, you would be able to buy a wallet that is catered to your needs. Not to mention that it will help to enhance your style significantly.','<p>I have seen many people underestimating the power of their wallets. To them, they are just a functional item they use to carry. As a result, they often end up with the wallets which are not really suitable for them.</p>\n\n<p>You should pay more attention when you choose your wallets. There are a lot of them on the market with the different designs and styles. When you choose carefully, you would be able to buy a wallet that is catered to your needs. Not to mention that it will help to enhance your style significantly.</p>\n\n<p style=\"text-align:center\"><img alt=\"f4\" src=\"/storage/news/1.jpg\" /></p>\n\n<p><br />\n&nbsp;</p>\n\n<p><strong><em>For all of the reason above, here are 7 expert tips to help you pick up the right men&rsquo;s wallet for you:</em></strong></p>\n\n<h4><strong>Number 1: Choose A Neat Wallet</strong></h4>\n\n<p>The wallet is an essential accessory that you should go simple. Simplicity is the best in this case. A simple and neat wallet with the plain color and even&nbsp;<strong>minimalist style</strong>&nbsp;is versatile. It can be used for both formal and casual events. In addition, that wallet will go well with most of the clothes in your wardrobe.</p>\n\n<p>Keep in mind that a wallet will tell other people about your personality and your fashion sense as much as other clothes you put on. Hence, don&rsquo;t go cheesy on your wallet or else people will think that you have a funny and particular style.</p>\n\n<p style=\"text-align:center\"><img alt=\"f5\" src=\"/storage/news/2.jpg\" /></p>\n\n<p><br />\n&nbsp;</p>\n<hr />\n<h4><strong>Number 2: Choose The Right Size For Your Wallet</strong></h4>\n\n<p>You should avoid having an over-sized wallet. Don&rsquo;t think that you need to buy a big wallet because you have a lot to carry with you. In addition, a fat wallet is very ugly. It will make it harder for you to slide the wallet into your trousers&rsquo; pocket. In addition, it will create a bulge and ruin your look.</p>\n\n<p>Before you go on to buy a new wallet, clean out your wallet and place all of the items from your wallet on a table. Throw away things that you would never need any more such as the old bills or the expired gift cards. Remember to check your wallet on a frequent basis to get rid of all of the old stuff that you don&rsquo;t need anymore.</p>\n\n<p style=\"text-align:center\"><img alt=\"f1\" src=\"/storage/news/3.jpg\" /></p>\n\n<p><br />\n&nbsp;</p>\n\n<hr />\n<h4><strong>Number 3: Don&rsquo;t Limit Your Options Of Materials</strong></h4>\n\n<p>The types and designs of wallets are not the only things that you should consider when you go out searching for your best wallet. You have more than 1 option of material rather than leather to choose from as well.</p>\n\n<p>You can experiment with other available options such as cotton, polyester and canvas. They all have their own pros and cons. As a result, they will be suitable for different needs and requirements. You should think about them all in order to choose the material which you would like the most.</p>\n\n<p style=\"text-align:center\"><img alt=\"f6\" height=\"375\" src=\"/storage/news/4.jpg\" /></p>\n\n<p><br />\n&nbsp;</p>\n\n<hr />\n<h4><strong>Number 4: Consider A Wallet As A Long Term Investment</strong></h4>\n\n<p>Your wallet is indeed an investment that you should consider spending a decent amount of time and effort on it. Another factor that you need to consider is how much you want to spend on your wallet. The price ranges of wallets on the market vary a great deal. You can find a wallet which is as cheap as about 5 to 7 dollars. On the other hand, you should expect to pay around 250 to 300 dollars for a high-quality wallet.</p>\n\n<p>In case you need a wallet to use for a long time, it is a good idea that you should invest a decent amount of money on a wallet. A high quality wallet from a reputational brand with the premium quality such as cowhide leather will last for a long time. In addition, it is an accessory to show off your fashion sense and your social status.</p>\n\n<p style=\"text-align:center\"><img alt=\"f2\" height=\"400\" src=\"/storage/news/5.jpg\" /></p>\n\n<p>&nbsp;</p>\n','published',1,'Botble\\ACL\\Models\\User',1,'news/3.jpg',1339,NULL,'2025-05-01 21:06:40','2025-05-01 21:06:40'),(4,'How to Match the Color of Your Handbag With an Outfit','You should pay more attention when you choose your wallets. There are a lot of them on the market with the different designs and styles. When you choose carefully, you would be able to buy a wallet that is catered to your needs. Not to mention that it will help to enhance your style significantly.','<p>I have seen many people underestimating the power of their wallets. To them, they are just a functional item they use to carry. As a result, they often end up with the wallets which are not really suitable for them.</p>\n\n<p>You should pay more attention when you choose your wallets. There are a lot of them on the market with the different designs and styles. When you choose carefully, you would be able to buy a wallet that is catered to your needs. Not to mention that it will help to enhance your style significantly.</p>\n\n<p style=\"text-align:center\"><img alt=\"f4\" src=\"/storage/news/1.jpg\" /></p>\n\n<p><br />\n&nbsp;</p>\n\n<p><strong><em>For all of the reason above, here are 7 expert tips to help you pick up the right men&rsquo;s wallet for you:</em></strong></p>\n\n<h4><strong>Number 1: Choose A Neat Wallet</strong></h4>\n\n<p>The wallet is an essential accessory that you should go simple. Simplicity is the best in this case. A simple and neat wallet with the plain color and even&nbsp;<strong>minimalist style</strong>&nbsp;is versatile. It can be used for both formal and casual events. In addition, that wallet will go well with most of the clothes in your wardrobe.</p>\n\n<p>Keep in mind that a wallet will tell other people about your personality and your fashion sense as much as other clothes you put on. Hence, don&rsquo;t go cheesy on your wallet or else people will think that you have a funny and particular style.</p>\n\n<p style=\"text-align:center\"><img alt=\"f5\" src=\"/storage/news/2.jpg\" /></p>\n\n<p><br />\n&nbsp;</p>\n<hr />\n<h4><strong>Number 2: Choose The Right Size For Your Wallet</strong></h4>\n\n<p>You should avoid having an over-sized wallet. Don&rsquo;t think that you need to buy a big wallet because you have a lot to carry with you. In addition, a fat wallet is very ugly. It will make it harder for you to slide the wallet into your trousers&rsquo; pocket. In addition, it will create a bulge and ruin your look.</p>\n\n<p>Before you go on to buy a new wallet, clean out your wallet and place all of the items from your wallet on a table. Throw away things that you would never need any more such as the old bills or the expired gift cards. Remember to check your wallet on a frequent basis to get rid of all of the old stuff that you don&rsquo;t need anymore.</p>\n\n<p style=\"text-align:center\"><img alt=\"f1\" src=\"/storage/news/3.jpg\" /></p>\n\n<p><br />\n&nbsp;</p>\n\n<hr />\n<h4><strong>Number 3: Don&rsquo;t Limit Your Options Of Materials</strong></h4>\n\n<p>The types and designs of wallets are not the only things that you should consider when you go out searching for your best wallet. You have more than 1 option of material rather than leather to choose from as well.</p>\n\n<p>You can experiment with other available options such as cotton, polyester and canvas. They all have their own pros and cons. As a result, they will be suitable for different needs and requirements. You should think about them all in order to choose the material which you would like the most.</p>\n\n<p style=\"text-align:center\"><img alt=\"f6\" height=\"375\" src=\"/storage/news/4.jpg\" /></p>\n\n<p><br />\n&nbsp;</p>\n\n<hr />\n<h4><strong>Number 4: Consider A Wallet As A Long Term Investment</strong></h4>\n\n<p>Your wallet is indeed an investment that you should consider spending a decent amount of time and effort on it. Another factor that you need to consider is how much you want to spend on your wallet. The price ranges of wallets on the market vary a great deal. You can find a wallet which is as cheap as about 5 to 7 dollars. On the other hand, you should expect to pay around 250 to 300 dollars for a high-quality wallet.</p>\n\n<p>In case you need a wallet to use for a long time, it is a good idea that you should invest a decent amount of money on a wallet. A high quality wallet from a reputational brand with the premium quality such as cowhide leather will last for a long time. In addition, it is an accessory to show off your fashion sense and your social status.</p>\n\n<p style=\"text-align:center\"><img alt=\"f2\" height=\"400\" src=\"/storage/news/5.jpg\" /></p>\n\n<p>&nbsp;</p>\n','published',1,'Botble\\ACL\\Models\\User',1,'news/4.jpg',569,NULL,'2025-05-01 21:06:40','2025-05-01 21:06:40'),(5,'How to Care for Leather Bags','You should pay more attention when you choose your wallets. There are a lot of them on the market with the different designs and styles. When you choose carefully, you would be able to buy a wallet that is catered to your needs. Not to mention that it will help to enhance your style significantly.','<p>I have seen many people underestimating the power of their wallets. To them, they are just a functional item they use to carry. As a result, they often end up with the wallets which are not really suitable for them.</p>\n\n<p>You should pay more attention when you choose your wallets. There are a lot of them on the market with the different designs and styles. When you choose carefully, you would be able to buy a wallet that is catered to your needs. Not to mention that it will help to enhance your style significantly.</p>\n\n<p style=\"text-align:center\"><img alt=\"f4\" src=\"/storage/news/1.jpg\" /></p>\n\n<p><br />\n&nbsp;</p>\n\n<p><strong><em>For all of the reason above, here are 7 expert tips to help you pick up the right men&rsquo;s wallet for you:</em></strong></p>\n\n<h4><strong>Number 1: Choose A Neat Wallet</strong></h4>\n\n<p>The wallet is an essential accessory that you should go simple. Simplicity is the best in this case. A simple and neat wallet with the plain color and even&nbsp;<strong>minimalist style</strong>&nbsp;is versatile. It can be used for both formal and casual events. In addition, that wallet will go well with most of the clothes in your wardrobe.</p>\n\n<p>Keep in mind that a wallet will tell other people about your personality and your fashion sense as much as other clothes you put on. Hence, don&rsquo;t go cheesy on your wallet or else people will think that you have a funny and particular style.</p>\n\n<p style=\"text-align:center\"><img alt=\"f5\" src=\"/storage/news/2.jpg\" /></p>\n\n<p><br />\n&nbsp;</p>\n<hr />\n<h4><strong>Number 2: Choose The Right Size For Your Wallet</strong></h4>\n\n<p>You should avoid having an over-sized wallet. Don&rsquo;t think that you need to buy a big wallet because you have a lot to carry with you. In addition, a fat wallet is very ugly. It will make it harder for you to slide the wallet into your trousers&rsquo; pocket. In addition, it will create a bulge and ruin your look.</p>\n\n<p>Before you go on to buy a new wallet, clean out your wallet and place all of the items from your wallet on a table. Throw away things that you would never need any more such as the old bills or the expired gift cards. Remember to check your wallet on a frequent basis to get rid of all of the old stuff that you don&rsquo;t need anymore.</p>\n\n<p style=\"text-align:center\"><img alt=\"f1\" src=\"/storage/news/3.jpg\" /></p>\n\n<p><br />\n&nbsp;</p>\n\n<hr />\n<h4><strong>Number 3: Don&rsquo;t Limit Your Options Of Materials</strong></h4>\n\n<p>The types and designs of wallets are not the only things that you should consider when you go out searching for your best wallet. You have more than 1 option of material rather than leather to choose from as well.</p>\n\n<p>You can experiment with other available options such as cotton, polyester and canvas. They all have their own pros and cons. As a result, they will be suitable for different needs and requirements. You should think about them all in order to choose the material which you would like the most.</p>\n\n<p style=\"text-align:center\"><img alt=\"f6\" height=\"375\" src=\"/storage/news/4.jpg\" /></p>\n\n<p><br />\n&nbsp;</p>\n\n<hr />\n<h4><strong>Number 4: Consider A Wallet As A Long Term Investment</strong></h4>\n\n<p>Your wallet is indeed an investment that you should consider spending a decent amount of time and effort on it. Another factor that you need to consider is how much you want to spend on your wallet. The price ranges of wallets on the market vary a great deal. You can find a wallet which is as cheap as about 5 to 7 dollars. On the other hand, you should expect to pay around 250 to 300 dollars for a high-quality wallet.</p>\n\n<p>In case you need a wallet to use for a long time, it is a good idea that you should invest a decent amount of money on a wallet. A high quality wallet from a reputational brand with the premium quality such as cowhide leather will last for a long time. In addition, it is an accessory to show off your fashion sense and your social status.</p>\n\n<p style=\"text-align:center\"><img alt=\"f2\" height=\"400\" src=\"/storage/news/5.jpg\" /></p>\n\n<p>&nbsp;</p>\n','published',1,'Botble\\ACL\\Models\\User',1,'news/5.jpg',610,NULL,'2025-05-01 21:06:40','2025-05-01 21:06:40'),(6,'We\'re Crushing Hard on Summer\'s 10 Biggest Bag Trends','You should pay more attention when you choose your wallets. There are a lot of them on the market with the different designs and styles. When you choose carefully, you would be able to buy a wallet that is catered to your needs. Not to mention that it will help to enhance your style significantly.','<p>I have seen many people underestimating the power of their wallets. To them, they are just a functional item they use to carry. As a result, they often end up with the wallets which are not really suitable for them.</p>\n\n<p>You should pay more attention when you choose your wallets. There are a lot of them on the market with the different designs and styles. When you choose carefully, you would be able to buy a wallet that is catered to your needs. Not to mention that it will help to enhance your style significantly.</p>\n\n<p style=\"text-align:center\"><img alt=\"f4\" src=\"/storage/news/1.jpg\" /></p>\n\n<p><br />\n&nbsp;</p>\n\n<p><strong><em>For all of the reason above, here are 7 expert tips to help you pick up the right men&rsquo;s wallet for you:</em></strong></p>\n\n<h4><strong>Number 1: Choose A Neat Wallet</strong></h4>\n\n<p>The wallet is an essential accessory that you should go simple. Simplicity is the best in this case. A simple and neat wallet with the plain color and even&nbsp;<strong>minimalist style</strong>&nbsp;is versatile. It can be used for both formal and casual events. In addition, that wallet will go well with most of the clothes in your wardrobe.</p>\n\n<p>Keep in mind that a wallet will tell other people about your personality and your fashion sense as much as other clothes you put on. Hence, don&rsquo;t go cheesy on your wallet or else people will think that you have a funny and particular style.</p>\n\n<p style=\"text-align:center\"><img alt=\"f5\" src=\"/storage/news/2.jpg\" /></p>\n\n<p><br />\n&nbsp;</p>\n<hr />\n<h4><strong>Number 2: Choose The Right Size For Your Wallet</strong></h4>\n\n<p>You should avoid having an over-sized wallet. Don&rsquo;t think that you need to buy a big wallet because you have a lot to carry with you. In addition, a fat wallet is very ugly. It will make it harder for you to slide the wallet into your trousers&rsquo; pocket. In addition, it will create a bulge and ruin your look.</p>\n\n<p>Before you go on to buy a new wallet, clean out your wallet and place all of the items from your wallet on a table. Throw away things that you would never need any more such as the old bills or the expired gift cards. Remember to check your wallet on a frequent basis to get rid of all of the old stuff that you don&rsquo;t need anymore.</p>\n\n<p style=\"text-align:center\"><img alt=\"f1\" src=\"/storage/news/3.jpg\" /></p>\n\n<p><br />\n&nbsp;</p>\n\n<hr />\n<h4><strong>Number 3: Don&rsquo;t Limit Your Options Of Materials</strong></h4>\n\n<p>The types and designs of wallets are not the only things that you should consider when you go out searching for your best wallet. You have more than 1 option of material rather than leather to choose from as well.</p>\n\n<p>You can experiment with other available options such as cotton, polyester and canvas. They all have their own pros and cons. As a result, they will be suitable for different needs and requirements. You should think about them all in order to choose the material which you would like the most.</p>\n\n<p style=\"text-align:center\"><img alt=\"f6\" height=\"375\" src=\"/storage/news/4.jpg\" /></p>\n\n<p><br />\n&nbsp;</p>\n\n<hr />\n<h4><strong>Number 4: Consider A Wallet As A Long Term Investment</strong></h4>\n\n<p>Your wallet is indeed an investment that you should consider spending a decent amount of time and effort on it. Another factor that you need to consider is how much you want to spend on your wallet. The price ranges of wallets on the market vary a great deal. You can find a wallet which is as cheap as about 5 to 7 dollars. On the other hand, you should expect to pay around 250 to 300 dollars for a high-quality wallet.</p>\n\n<p>In case you need a wallet to use for a long time, it is a good idea that you should invest a decent amount of money on a wallet. A high quality wallet from a reputational brand with the premium quality such as cowhide leather will last for a long time. In addition, it is an accessory to show off your fashion sense and your social status.</p>\n\n<p style=\"text-align:center\"><img alt=\"f2\" height=\"400\" src=\"/storage/news/5.jpg\" /></p>\n\n<p>&nbsp;</p>\n','published',1,'Botble\\ACL\\Models\\User',1,'news/6.jpg',2341,NULL,'2025-05-01 21:06:41','2025-05-01 21:06:41'),(7,'Essential Qualities of Highly Successful Music','You should pay more attention when you choose your wallets. There are a lot of them on the market with the different designs and styles. When you choose carefully, you would be able to buy a wallet that is catered to your needs. Not to mention that it will help to enhance your style significantly.','<p>I have seen many people underestimating the power of their wallets. To them, they are just a functional item they use to carry. As a result, they often end up with the wallets which are not really suitable for them.</p>\n\n<p>You should pay more attention when you choose your wallets. There are a lot of them on the market with the different designs and styles. When you choose carefully, you would be able to buy a wallet that is catered to your needs. Not to mention that it will help to enhance your style significantly.</p>\n\n<p style=\"text-align:center\"><img alt=\"f4\" src=\"/storage/news/1.jpg\" /></p>\n\n<p><br />\n&nbsp;</p>\n\n<p><strong><em>For all of the reason above, here are 7 expert tips to help you pick up the right men&rsquo;s wallet for you:</em></strong></p>\n\n<h4><strong>Number 1: Choose A Neat Wallet</strong></h4>\n\n<p>The wallet is an essential accessory that you should go simple. Simplicity is the best in this case. A simple and neat wallet with the plain color and even&nbsp;<strong>minimalist style</strong>&nbsp;is versatile. It can be used for both formal and casual events. In addition, that wallet will go well with most of the clothes in your wardrobe.</p>\n\n<p>Keep in mind that a wallet will tell other people about your personality and your fashion sense as much as other clothes you put on. Hence, don&rsquo;t go cheesy on your wallet or else people will think that you have a funny and particular style.</p>\n\n<p style=\"text-align:center\"><img alt=\"f5\" src=\"/storage/news/2.jpg\" /></p>\n\n<p><br />\n&nbsp;</p>\n<hr />\n<h4><strong>Number 2: Choose The Right Size For Your Wallet</strong></h4>\n\n<p>You should avoid having an over-sized wallet. Don&rsquo;t think that you need to buy a big wallet because you have a lot to carry with you. In addition, a fat wallet is very ugly. It will make it harder for you to slide the wallet into your trousers&rsquo; pocket. In addition, it will create a bulge and ruin your look.</p>\n\n<p>Before you go on to buy a new wallet, clean out your wallet and place all of the items from your wallet on a table. Throw away things that you would never need any more such as the old bills or the expired gift cards. Remember to check your wallet on a frequent basis to get rid of all of the old stuff that you don&rsquo;t need anymore.</p>\n\n<p style=\"text-align:center\"><img alt=\"f1\" src=\"/storage/news/3.jpg\" /></p>\n\n<p><br />\n&nbsp;</p>\n\n<hr />\n<h4><strong>Number 3: Don&rsquo;t Limit Your Options Of Materials</strong></h4>\n\n<p>The types and designs of wallets are not the only things that you should consider when you go out searching for your best wallet. You have more than 1 option of material rather than leather to choose from as well.</p>\n\n<p>You can experiment with other available options such as cotton, polyester and canvas. They all have their own pros and cons. As a result, they will be suitable for different needs and requirements. You should think about them all in order to choose the material which you would like the most.</p>\n\n<p style=\"text-align:center\"><img alt=\"f6\" height=\"375\" src=\"/storage/news/4.jpg\" /></p>\n\n<p><br />\n&nbsp;</p>\n\n<hr />\n<h4><strong>Number 4: Consider A Wallet As A Long Term Investment</strong></h4>\n\n<p>Your wallet is indeed an investment that you should consider spending a decent amount of time and effort on it. Another factor that you need to consider is how much you want to spend on your wallet. The price ranges of wallets on the market vary a great deal. You can find a wallet which is as cheap as about 5 to 7 dollars. On the other hand, you should expect to pay around 250 to 300 dollars for a high-quality wallet.</p>\n\n<p>In case you need a wallet to use for a long time, it is a good idea that you should invest a decent amount of money on a wallet. A high quality wallet from a reputational brand with the premium quality such as cowhide leather will last for a long time. In addition, it is an accessory to show off your fashion sense and your social status.</p>\n\n<p style=\"text-align:center\"><img alt=\"f2\" height=\"400\" src=\"/storage/news/5.jpg\" /></p>\n\n<p>&nbsp;</p>\n','published',1,'Botble\\ACL\\Models\\User',1,'news/7.jpg',1496,NULL,'2025-05-01 21:06:41','2025-05-01 21:06:41'),(8,'9 Things I Love About Shaving My Head','You should pay more attention when you choose your wallets. There are a lot of them on the market with the different designs and styles. When you choose carefully, you would be able to buy a wallet that is catered to your needs. Not to mention that it will help to enhance your style significantly.','<p>I have seen many people underestimating the power of their wallets. To them, they are just a functional item they use to carry. As a result, they often end up with the wallets which are not really suitable for them.</p>\n\n<p>You should pay more attention when you choose your wallets. There are a lot of them on the market with the different designs and styles. When you choose carefully, you would be able to buy a wallet that is catered to your needs. Not to mention that it will help to enhance your style significantly.</p>\n\n<p style=\"text-align:center\"><img alt=\"f4\" src=\"/storage/news/1.jpg\" /></p>\n\n<p><br />\n&nbsp;</p>\n\n<p><strong><em>For all of the reason above, here are 7 expert tips to help you pick up the right men&rsquo;s wallet for you:</em></strong></p>\n\n<h4><strong>Number 1: Choose A Neat Wallet</strong></h4>\n\n<p>The wallet is an essential accessory that you should go simple. Simplicity is the best in this case. A simple and neat wallet with the plain color and even&nbsp;<strong>minimalist style</strong>&nbsp;is versatile. It can be used for both formal and casual events. In addition, that wallet will go well with most of the clothes in your wardrobe.</p>\n\n<p>Keep in mind that a wallet will tell other people about your personality and your fashion sense as much as other clothes you put on. Hence, don&rsquo;t go cheesy on your wallet or else people will think that you have a funny and particular style.</p>\n\n<p style=\"text-align:center\"><img alt=\"f5\" src=\"/storage/news/2.jpg\" /></p>\n\n<p><br />\n&nbsp;</p>\n<hr />\n<h4><strong>Number 2: Choose The Right Size For Your Wallet</strong></h4>\n\n<p>You should avoid having an over-sized wallet. Don&rsquo;t think that you need to buy a big wallet because you have a lot to carry with you. In addition, a fat wallet is very ugly. It will make it harder for you to slide the wallet into your trousers&rsquo; pocket. In addition, it will create a bulge and ruin your look.</p>\n\n<p>Before you go on to buy a new wallet, clean out your wallet and place all of the items from your wallet on a table. Throw away things that you would never need any more such as the old bills or the expired gift cards. Remember to check your wallet on a frequent basis to get rid of all of the old stuff that you don&rsquo;t need anymore.</p>\n\n<p style=\"text-align:center\"><img alt=\"f1\" src=\"/storage/news/3.jpg\" /></p>\n\n<p><br />\n&nbsp;</p>\n\n<hr />\n<h4><strong>Number 3: Don&rsquo;t Limit Your Options Of Materials</strong></h4>\n\n<p>The types and designs of wallets are not the only things that you should consider when you go out searching for your best wallet. You have more than 1 option of material rather than leather to choose from as well.</p>\n\n<p>You can experiment with other available options such as cotton, polyester and canvas. They all have their own pros and cons. As a result, they will be suitable for different needs and requirements. You should think about them all in order to choose the material which you would like the most.</p>\n\n<p style=\"text-align:center\"><img alt=\"f6\" height=\"375\" src=\"/storage/news/4.jpg\" /></p>\n\n<p><br />\n&nbsp;</p>\n\n<hr />\n<h4><strong>Number 4: Consider A Wallet As A Long Term Investment</strong></h4>\n\n<p>Your wallet is indeed an investment that you should consider spending a decent amount of time and effort on it. Another factor that you need to consider is how much you want to spend on your wallet. The price ranges of wallets on the market vary a great deal. You can find a wallet which is as cheap as about 5 to 7 dollars. On the other hand, you should expect to pay around 250 to 300 dollars for a high-quality wallet.</p>\n\n<p>In case you need a wallet to use for a long time, it is a good idea that you should invest a decent amount of money on a wallet. A high quality wallet from a reputational brand with the premium quality such as cowhide leather will last for a long time. In addition, it is an accessory to show off your fashion sense and your social status.</p>\n\n<p style=\"text-align:center\"><img alt=\"f2\" height=\"400\" src=\"/storage/news/5.jpg\" /></p>\n\n<p>&nbsp;</p>\n','published',1,'Botble\\ACL\\Models\\User',1,'news/8.jpg',1180,NULL,'2025-05-01 21:06:41','2025-05-01 21:06:41'),(9,'Why Teamwork Really Makes The Dream Work','You should pay more attention when you choose your wallets. There are a lot of them on the market with the different designs and styles. When you choose carefully, you would be able to buy a wallet that is catered to your needs. Not to mention that it will help to enhance your style significantly.','<p>I have seen many people underestimating the power of their wallets. To them, they are just a functional item they use to carry. As a result, they often end up with the wallets which are not really suitable for them.</p>\n\n<p>You should pay more attention when you choose your wallets. There are a lot of them on the market with the different designs and styles. When you choose carefully, you would be able to buy a wallet that is catered to your needs. Not to mention that it will help to enhance your style significantly.</p>\n\n<p style=\"text-align:center\"><img alt=\"f4\" src=\"/storage/news/1.jpg\" /></p>\n\n<p><br />\n&nbsp;</p>\n\n<p><strong><em>For all of the reason above, here are 7 expert tips to help you pick up the right men&rsquo;s wallet for you:</em></strong></p>\n\n<h4><strong>Number 1: Choose A Neat Wallet</strong></h4>\n\n<p>The wallet is an essential accessory that you should go simple. Simplicity is the best in this case. A simple and neat wallet with the plain color and even&nbsp;<strong>minimalist style</strong>&nbsp;is versatile. It can be used for both formal and casual events. In addition, that wallet will go well with most of the clothes in your wardrobe.</p>\n\n<p>Keep in mind that a wallet will tell other people about your personality and your fashion sense as much as other clothes you put on. Hence, don&rsquo;t go cheesy on your wallet or else people will think that you have a funny and particular style.</p>\n\n<p style=\"text-align:center\"><img alt=\"f5\" src=\"/storage/news/2.jpg\" /></p>\n\n<p><br />\n&nbsp;</p>\n<hr />\n<h4><strong>Number 2: Choose The Right Size For Your Wallet</strong></h4>\n\n<p>You should avoid having an over-sized wallet. Don&rsquo;t think that you need to buy a big wallet because you have a lot to carry with you. In addition, a fat wallet is very ugly. It will make it harder for you to slide the wallet into your trousers&rsquo; pocket. In addition, it will create a bulge and ruin your look.</p>\n\n<p>Before you go on to buy a new wallet, clean out your wallet and place all of the items from your wallet on a table. Throw away things that you would never need any more such as the old bills or the expired gift cards. Remember to check your wallet on a frequent basis to get rid of all of the old stuff that you don&rsquo;t need anymore.</p>\n\n<p style=\"text-align:center\"><img alt=\"f1\" src=\"/storage/news/3.jpg\" /></p>\n\n<p><br />\n&nbsp;</p>\n\n<hr />\n<h4><strong>Number 3: Don&rsquo;t Limit Your Options Of Materials</strong></h4>\n\n<p>The types and designs of wallets are not the only things that you should consider when you go out searching for your best wallet. You have more than 1 option of material rather than leather to choose from as well.</p>\n\n<p>You can experiment with other available options such as cotton, polyester and canvas. They all have their own pros and cons. As a result, they will be suitable for different needs and requirements. You should think about them all in order to choose the material which you would like the most.</p>\n\n<p style=\"text-align:center\"><img alt=\"f6\" height=\"375\" src=\"/storage/news/4.jpg\" /></p>\n\n<p><br />\n&nbsp;</p>\n\n<hr />\n<h4><strong>Number 4: Consider A Wallet As A Long Term Investment</strong></h4>\n\n<p>Your wallet is indeed an investment that you should consider spending a decent amount of time and effort on it. Another factor that you need to consider is how much you want to spend on your wallet. The price ranges of wallets on the market vary a great deal. You can find a wallet which is as cheap as about 5 to 7 dollars. On the other hand, you should expect to pay around 250 to 300 dollars for a high-quality wallet.</p>\n\n<p>In case you need a wallet to use for a long time, it is a good idea that you should invest a decent amount of money on a wallet. A high quality wallet from a reputational brand with the premium quality such as cowhide leather will last for a long time. In addition, it is an accessory to show off your fashion sense and your social status.</p>\n\n<p style=\"text-align:center\"><img alt=\"f2\" height=\"400\" src=\"/storage/news/5.jpg\" /></p>\n\n<p>&nbsp;</p>\n','published',1,'Botble\\ACL\\Models\\User',1,'news/9.jpg',1072,NULL,'2025-05-01 21:06:41','2025-05-01 21:06:41'),(10,'The World Caters to Average People','You should pay more attention when you choose your wallets. There are a lot of them on the market with the different designs and styles. When you choose carefully, you would be able to buy a wallet that is catered to your needs. Not to mention that it will help to enhance your style significantly.','<p>I have seen many people underestimating the power of their wallets. To them, they are just a functional item they use to carry. As a result, they often end up with the wallets which are not really suitable for them.</p>\n\n<p>You should pay more attention when you choose your wallets. There are a lot of them on the market with the different designs and styles. When you choose carefully, you would be able to buy a wallet that is catered to your needs. Not to mention that it will help to enhance your style significantly.</p>\n\n<p style=\"text-align:center\"><img alt=\"f4\" src=\"/storage/news/1.jpg\" /></p>\n\n<p><br />\n&nbsp;</p>\n\n<p><strong><em>For all of the reason above, here are 7 expert tips to help you pick up the right men&rsquo;s wallet for you:</em></strong></p>\n\n<h4><strong>Number 1: Choose A Neat Wallet</strong></h4>\n\n<p>The wallet is an essential accessory that you should go simple. Simplicity is the best in this case. A simple and neat wallet with the plain color and even&nbsp;<strong>minimalist style</strong>&nbsp;is versatile. It can be used for both formal and casual events. In addition, that wallet will go well with most of the clothes in your wardrobe.</p>\n\n<p>Keep in mind that a wallet will tell other people about your personality and your fashion sense as much as other clothes you put on. Hence, don&rsquo;t go cheesy on your wallet or else people will think that you have a funny and particular style.</p>\n\n<p style=\"text-align:center\"><img alt=\"f5\" src=\"/storage/news/2.jpg\" /></p>\n\n<p><br />\n&nbsp;</p>\n<hr />\n<h4><strong>Number 2: Choose The Right Size For Your Wallet</strong></h4>\n\n<p>You should avoid having an over-sized wallet. Don&rsquo;t think that you need to buy a big wallet because you have a lot to carry with you. In addition, a fat wallet is very ugly. It will make it harder for you to slide the wallet into your trousers&rsquo; pocket. In addition, it will create a bulge and ruin your look.</p>\n\n<p>Before you go on to buy a new wallet, clean out your wallet and place all of the items from your wallet on a table. Throw away things that you would never need any more such as the old bills or the expired gift cards. Remember to check your wallet on a frequent basis to get rid of all of the old stuff that you don&rsquo;t need anymore.</p>\n\n<p style=\"text-align:center\"><img alt=\"f1\" src=\"/storage/news/3.jpg\" /></p>\n\n<p><br />\n&nbsp;</p>\n\n<hr />\n<h4><strong>Number 3: Don&rsquo;t Limit Your Options Of Materials</strong></h4>\n\n<p>The types and designs of wallets are not the only things that you should consider when you go out searching for your best wallet. You have more than 1 option of material rather than leather to choose from as well.</p>\n\n<p>You can experiment with other available options such as cotton, polyester and canvas. They all have their own pros and cons. As a result, they will be suitable for different needs and requirements. You should think about them all in order to choose the material which you would like the most.</p>\n\n<p style=\"text-align:center\"><img alt=\"f6\" height=\"375\" src=\"/storage/news/4.jpg\" /></p>\n\n<p><br />\n&nbsp;</p>\n\n<hr />\n<h4><strong>Number 4: Consider A Wallet As A Long Term Investment</strong></h4>\n\n<p>Your wallet is indeed an investment that you should consider spending a decent amount of time and effort on it. Another factor that you need to consider is how much you want to spend on your wallet. The price ranges of wallets on the market vary a great deal. You can find a wallet which is as cheap as about 5 to 7 dollars. On the other hand, you should expect to pay around 250 to 300 dollars for a high-quality wallet.</p>\n\n<p>In case you need a wallet to use for a long time, it is a good idea that you should invest a decent amount of money on a wallet. A high quality wallet from a reputational brand with the premium quality such as cowhide leather will last for a long time. In addition, it is an accessory to show off your fashion sense and your social status.</p>\n\n<p style=\"text-align:center\"><img alt=\"f2\" height=\"400\" src=\"/storage/news/5.jpg\" /></p>\n\n<p>&nbsp;</p>\n','published',1,'Botble\\ACL\\Models\\User',1,'news/10.jpg',2453,NULL,'2025-05-01 21:06:41','2025-05-01 21:06:41'),(11,'The litigants on the screen are not actors','You should pay more attention when you choose your wallets. There are a lot of them on the market with the different designs and styles. When you choose carefully, you would be able to buy a wallet that is catered to your needs. Not to mention that it will help to enhance your style significantly.','<p>I have seen many people underestimating the power of their wallets. To them, they are just a functional item they use to carry. As a result, they often end up with the wallets which are not really suitable for them.</p>\n\n<p>You should pay more attention when you choose your wallets. There are a lot of them on the market with the different designs and styles. When you choose carefully, you would be able to buy a wallet that is catered to your needs. Not to mention that it will help to enhance your style significantly.</p>\n\n<p style=\"text-align:center\"><img alt=\"f4\" src=\"/storage/news/1.jpg\" /></p>\n\n<p><br />\n&nbsp;</p>\n\n<p><strong><em>For all of the reason above, here are 7 expert tips to help you pick up the right men&rsquo;s wallet for you:</em></strong></p>\n\n<h4><strong>Number 1: Choose A Neat Wallet</strong></h4>\n\n<p>The wallet is an essential accessory that you should go simple. Simplicity is the best in this case. A simple and neat wallet with the plain color and even&nbsp;<strong>minimalist style</strong>&nbsp;is versatile. It can be used for both formal and casual events. In addition, that wallet will go well with most of the clothes in your wardrobe.</p>\n\n<p>Keep in mind that a wallet will tell other people about your personality and your fashion sense as much as other clothes you put on. Hence, don&rsquo;t go cheesy on your wallet or else people will think that you have a funny and particular style.</p>\n\n<p style=\"text-align:center\"><img alt=\"f5\" src=\"/storage/news/2.jpg\" /></p>\n\n<p><br />\n&nbsp;</p>\n<hr />\n<h4><strong>Number 2: Choose The Right Size For Your Wallet</strong></h4>\n\n<p>You should avoid having an over-sized wallet. Don&rsquo;t think that you need to buy a big wallet because you have a lot to carry with you. In addition, a fat wallet is very ugly. It will make it harder for you to slide the wallet into your trousers&rsquo; pocket. In addition, it will create a bulge and ruin your look.</p>\n\n<p>Before you go on to buy a new wallet, clean out your wallet and place all of the items from your wallet on a table. Throw away things that you would never need any more such as the old bills or the expired gift cards. Remember to check your wallet on a frequent basis to get rid of all of the old stuff that you don&rsquo;t need anymore.</p>\n\n<p style=\"text-align:center\"><img alt=\"f1\" src=\"/storage/news/3.jpg\" /></p>\n\n<p><br />\n&nbsp;</p>\n\n<hr />\n<h4><strong>Number 3: Don&rsquo;t Limit Your Options Of Materials</strong></h4>\n\n<p>The types and designs of wallets are not the only things that you should consider when you go out searching for your best wallet. You have more than 1 option of material rather than leather to choose from as well.</p>\n\n<p>You can experiment with other available options such as cotton, polyester and canvas. They all have their own pros and cons. As a result, they will be suitable for different needs and requirements. You should think about them all in order to choose the material which you would like the most.</p>\n\n<p style=\"text-align:center\"><img alt=\"f6\" height=\"375\" src=\"/storage/news/4.jpg\" /></p>\n\n<p><br />\n&nbsp;</p>\n\n<hr />\n<h4><strong>Number 4: Consider A Wallet As A Long Term Investment</strong></h4>\n\n<p>Your wallet is indeed an investment that you should consider spending a decent amount of time and effort on it. Another factor that you need to consider is how much you want to spend on your wallet. The price ranges of wallets on the market vary a great deal. You can find a wallet which is as cheap as about 5 to 7 dollars. On the other hand, you should expect to pay around 250 to 300 dollars for a high-quality wallet.</p>\n\n<p>In case you need a wallet to use for a long time, it is a good idea that you should invest a decent amount of money on a wallet. A high quality wallet from a reputational brand with the premium quality such as cowhide leather will last for a long time. In addition, it is an accessory to show off your fashion sense and your social status.</p>\n\n<p style=\"text-align:center\"><img alt=\"f2\" height=\"400\" src=\"/storage/news/5.jpg\" /></p>\n\n<p>&nbsp;</p>\n','published',1,'Botble\\ACL\\Models\\User',0,'news/11.jpg',991,NULL,'2025-05-01 21:06:41','2025-05-01 21:06:41');

--
-- Table structure for table `posts_translations`
--

CREATE TABLE `posts_translations` (
  `lang_code` varchar(20) COLLATE utf8mb4_unicode_ci NOT NULL,
  `posts_id` bigint unsigned NOT NULL,
  `name` varchar(191) COLLATE utf8mb4_unicode_ci DEFAULT NULL,
  `description` varchar(400) COLLATE utf8mb4_unicode_ci DEFAULT NULL,
  `content` longtext COLLATE utf8mb4_unicode_ci,
  PRIMARY KEY (`lang_code`,`posts_id`)
) ENGINE=InnoDB DEFAULT CHARSET=utf8mb4 COLLATE=utf8mb4_unicode_ci;

--
-- Dumping data for table `posts_translations`
--


--
-- Table structure for table `revisions`
--

CREATE TABLE `revisions` (
  `id` bigint unsigned NOT NULL AUTO_INCREMENT,
  `revisionable_type` varchar(191) COLLATE utf8mb4_unicode_ci NOT NULL,
  `revisionable_id` bigint unsigned NOT NULL,
  `user_id` bigint unsigned DEFAULT NULL,
  `key` varchar(120) COLLATE utf8mb4_unicode_ci NOT NULL,
  `old_value` text COLLATE utf8mb4_unicode_ci,
  `new_value` text COLLATE utf8mb4_unicode_ci,
  `created_at` timestamp NULL DEFAULT NULL,
  `updated_at` timestamp NULL DEFAULT NULL,
  PRIMARY KEY (`id`),
  KEY `revisions_revisionable_id_revisionable_type_index` (`revisionable_id`,`revisionable_type`)
) ENGINE=InnoDB DEFAULT CHARSET=utf8mb4 COLLATE=utf8mb4_unicode_ci;

--
-- Dumping data for table `revisions`
--


--
-- Table structure for table `role_users`
--

CREATE TABLE `role_users` (
  `user_id` bigint unsigned NOT NULL,
  `role_id` bigint unsigned NOT NULL,
  `created_at` timestamp NULL DEFAULT NULL,
  `updated_at` timestamp NULL DEFAULT NULL,
  PRIMARY KEY (`user_id`,`role_id`),
  KEY `role_users_user_id_index` (`user_id`),
  KEY `role_users_role_id_index` (`role_id`)
) ENGINE=InnoDB DEFAULT CHARSET=utf8mb4 COLLATE=utf8mb4_unicode_ci;

--
-- Dumping data for table `role_users`
--


--
-- Table structure for table `roles`
--

CREATE TABLE `roles` (
  `id` bigint unsigned NOT NULL AUTO_INCREMENT,
  `slug` varchar(120) COLLATE utf8mb4_unicode_ci NOT NULL,
  `name` varchar(120) COLLATE utf8mb4_unicode_ci NOT NULL,
  `permissions` text COLLATE utf8mb4_unicode_ci,
  `description` varchar(400) COLLATE utf8mb4_unicode_ci DEFAULT NULL,
  `is_default` tinyint unsigned NOT NULL DEFAULT '0',
  `created_by` bigint unsigned NOT NULL,
  `updated_by` bigint unsigned NOT NULL,
  `created_at` timestamp NULL DEFAULT NULL,
  `updated_at` timestamp NULL DEFAULT NULL,
  PRIMARY KEY (`id`),
  UNIQUE KEY `roles_slug_unique` (`slug`),
  KEY `roles_created_by_index` (`created_by`),
  KEY `roles_updated_by_index` (`updated_by`)
) ENGINE=InnoDB AUTO_INCREMENT=2 DEFAULT CHARSET=utf8mb4 COLLATE=utf8mb4_unicode_ci;

--
-- Dumping data for table `roles`
--

INSERT INTO `roles` VALUES (1,'admin','Admin','{\"users.index\":true,\"users.create\":true,\"users.edit\":true,\"users.destroy\":true,\"roles.index\":true,\"roles.create\":true,\"roles.edit\":true,\"roles.destroy\":true,\"core.system\":true,\"core.cms\":true,\"core.manage.license\":true,\"systems.cronjob\":true,\"core.tools\":true,\"tools.data-synchronize\":true,\"media.index\":true,\"files.index\":true,\"files.create\":true,\"files.edit\":true,\"files.trash\":true,\"files.destroy\":true,\"folders.index\":true,\"folders.create\":true,\"folders.edit\":true,\"folders.trash\":true,\"folders.destroy\":true,\"settings.index\":true,\"settings.common\":true,\"settings.options\":true,\"settings.email\":true,\"settings.media\":true,\"settings.admin-appearance\":true,\"settings.cache\":true,\"settings.datatables\":true,\"settings.email.rules\":true,\"settings.others\":true,\"menus.index\":true,\"menus.create\":true,\"menus.edit\":true,\"menus.destroy\":true,\"optimize.settings\":true,\"pages.index\":true,\"pages.create\":true,\"pages.edit\":true,\"pages.destroy\":true,\"plugins.index\":true,\"plugins.edit\":true,\"plugins.remove\":true,\"plugins.marketplace\":true,\"sitemap.settings\":true,\"core.appearance\":true,\"theme.index\":true,\"theme.activate\":true,\"theme.remove\":true,\"theme.options\":true,\"theme.custom-css\":true,\"theme.custom-js\":true,\"theme.custom-html\":true,\"theme.robots-txt\":true,\"settings.website-tracking\":true,\"widgets.index\":true,\"ads.index\":true,\"ads.create\":true,\"ads.edit\":true,\"ads.destroy\":true,\"ads.settings\":true,\"analytics.general\":true,\"analytics.page\":true,\"analytics.browser\":true,\"analytics.referrer\":true,\"analytics.settings\":true,\"audit-log.index\":true,\"audit-log.destroy\":true,\"backups.index\":true,\"backups.create\":true,\"backups.restore\":true,\"backups.destroy\":true,\"plugins.blog\":true,\"posts.index\":true,\"posts.create\":true,\"posts.edit\":true,\"posts.destroy\":true,\"categories.index\":true,\"categories.create\":true,\"categories.edit\":true,\"categories.destroy\":true,\"tags.index\":true,\"tags.create\":true,\"tags.edit\":true,\"tags.destroy\":true,\"blog.settings\":true,\"posts.export\":true,\"posts.import\":true,\"captcha.settings\":true,\"contacts.index\":true,\"contacts.edit\":true,\"contacts.destroy\":true,\"contact.custom-fields\":true,\"contact.settings\":true,\"plugins.ecommerce\":true,\"ecommerce.report.index\":true,\"products.index\":true,\"products.create\":true,\"products.edit\":true,\"products.destroy\":true,\"products.duplicate\":true,\"ecommerce.product-prices.index\":true,\"ecommerce.product-prices.edit\":true,\"ecommerce.product-inventory.index\":true,\"ecommerce.product-inventory.edit\":true,\"product-categories.index\":true,\"product-categories.create\":true,\"product-categories.edit\":true,\"product-categories.destroy\":true,\"product-tag.index\":true,\"product-tag.create\":true,\"product-tag.edit\":true,\"product-tag.destroy\":true,\"brands.index\":true,\"brands.create\":true,\"brands.edit\":true,\"brands.destroy\":true,\"product-collections.index\":true,\"product-collections.create\":true,\"product-collections.edit\":true,\"product-collections.destroy\":true,\"product-attribute-sets.index\":true,\"product-attribute-sets.create\":true,\"product-attribute-sets.edit\":true,\"product-attribute-sets.destroy\":true,\"product-attributes.index\":true,\"product-attributes.create\":true,\"product-attributes.edit\":true,\"product-attributes.destroy\":true,\"tax.index\":true,\"tax.create\":true,\"tax.edit\":true,\"tax.destroy\":true,\"reviews.index\":true,\"reviews.create\":true,\"reviews.destroy\":true,\"reviews.publish\":true,\"reviews.reply\":true,\"ecommerce.shipments.index\":true,\"ecommerce.shipments.create\":true,\"ecommerce.shipments.edit\":true,\"ecommerce.shipments.destroy\":true,\"orders.index\":true,\"orders.create\":true,\"orders.edit\":true,\"orders.destroy\":true,\"discounts.index\":true,\"discounts.create\":true,\"discounts.edit\":true,\"discounts.destroy\":true,\"customers.index\":true,\"customers.create\":true,\"customers.edit\":true,\"customers.destroy\":true,\"flash-sale.index\":true,\"flash-sale.create\":true,\"flash-sale.edit\":true,\"flash-sale.destroy\":true,\"product-label.index\":true,\"product-label.create\":true,\"product-label.edit\":true,\"product-label.destroy\":true,\"ecommerce.import.products.index\":true,\"ecommerce.export.products.index\":true,\"order_returns.index\":true,\"order_returns.edit\":true,\"order_returns.destroy\":true,\"global-option.index\":true,\"global-option.create\":true,\"global-option.edit\":true,\"global-option.destroy\":true,\"ecommerce.invoice.index\":true,\"ecommerce.invoice.edit\":true,\"ecommerce.invoice.destroy\":true,\"ecommerce.settings\":true,\"ecommerce.settings.general\":true,\"ecommerce.invoice-template.index\":true,\"ecommerce.settings.currencies\":true,\"ecommerce.settings.products\":true,\"ecommerce.settings.product-search\":true,\"ecommerce.settings.digital-products\":true,\"ecommerce.settings.store-locators\":true,\"ecommerce.settings.invoices\":true,\"ecommerce.settings.product-reviews\":true,\"ecommerce.settings.customers\":true,\"ecommerce.settings.shopping\":true,\"ecommerce.settings.taxes\":true,\"ecommerce.settings.shipping\":true,\"ecommerce.shipping-rule-items.index\":true,\"ecommerce.shipping-rule-items.create\":true,\"ecommerce.shipping-rule-items.edit\":true,\"ecommerce.shipping-rule-items.destroy\":true,\"ecommerce.shipping-rule-items.bulk-import\":true,\"ecommerce.settings.tracking\":true,\"ecommerce.settings.standard-and-format\":true,\"ecommerce.settings.checkout\":true,\"ecommerce.settings.return\":true,\"ecommerce.settings.flash-sale\":true,\"ecommerce.settings.product-specification\":true,\"product-categories.export\":true,\"product-categories.import\":true,\"orders.export\":true,\"ecommerce.product-specification.index\":true,\"ecommerce.specification-groups.index\":true,\"ecommerce.specification-groups.create\":true,\"ecommerce.specification-groups.edit\":true,\"ecommerce.specification-groups.destroy\":true,\"ecommerce.specification-attributes.index\":true,\"ecommerce.specification-attributes.create\":true,\"ecommerce.specification-attributes.edit\":true,\"ecommerce.specification-attributes.destroy\":true,\"ecommerce.specification-tables.index\":true,\"ecommerce.specification-tables.create\":true,\"ecommerce.specification-tables.edit\":true,\"ecommerce.specification-tables.destroy\":true,\"plugin.faq\":true,\"faq.index\":true,\"faq.create\":true,\"faq.edit\":true,\"faq.destroy\":true,\"faq_category.index\":true,\"faq_category.create\":true,\"faq_category.edit\":true,\"faq_category.destroy\":true,\"faqs.settings\":true,\"languages.index\":true,\"languages.create\":true,\"languages.edit\":true,\"languages.destroy\":true,\"plugin.location\":true,\"country.index\":true,\"country.create\":true,\"country.edit\":true,\"country.destroy\":true,\"state.index\":true,\"state.create\":true,\"state.edit\":true,\"state.destroy\":true,\"city.index\":true,\"city.create\":true,\"city.edit\":true,\"city.destroy\":true,\"marketplace.index\":true,\"marketplace.store.index\":true,\"marketplace.store.create\":true,\"marketplace.store.edit\":true,\"marketplace.store.destroy\":true,\"marketplace.store.view\":true,\"marketplace.store.revenue.create\":true,\"marketplace.withdrawal.index\":true,\"marketplace.withdrawal.edit\":true,\"marketplace.withdrawal.destroy\":true,\"marketplace.withdrawal.invoice\":true,\"marketplace.vendors.index\":true,\"marketplace.unverified-vendors.index\":true,\"marketplace.vendors.control\":true,\"marketplace.unverified-vendors.edit\":true,\"marketplace.reports\":true,\"marketplace.settings\":true,\"marketplace.messages.index\":true,\"marketplace.messages.edit\":true,\"marketplace.messages.destroy\":true,\"newsletter.index\":true,\"newsletter.destroy\":true,\"newsletter.settings\":true,\"payment.index\":true,\"payments.settings\":true,\"payment.destroy\":true,\"payments.logs\":true,\"payments.logs.show\":true,\"payments.logs.destroy\":true,\"simple-slider.index\":true,\"simple-slider.create\":true,\"simple-slider.edit\":true,\"simple-slider.destroy\":true,\"simple-slider-item.index\":true,\"simple-slider-item.create\":true,\"simple-slider-item.edit\":true,\"simple-slider-item.destroy\":true,\"simple-slider.settings\":true,\"social-login.settings\":true,\"plugins.translation\":true,\"translations.locales\":true,\"translations.theme-translations\":true,\"translations.index\":true,\"theme-translations.export\":true,\"other-translations.export\":true,\"theme-translations.import\":true,\"other-translations.import\":true,\"api.settings\":true,\"api.sanctum-token.index\":true,\"api.sanctum-token.create\":true,\"api.sanctum-token.destroy\":true}','Admin users role',1,1,1,'2025-05-01 21:06:38','2025-05-01 21:06:38');

--
-- Table structure for table `sessions`
--

CREATE TABLE `sessions` (
  `id` varchar(191) COLLATE utf8mb4_unicode_ci NOT NULL,
  `user_id` bigint unsigned DEFAULT NULL,
  `ip_address` varchar(45) COLLATE utf8mb4_unicode_ci DEFAULT NULL,
  `user_agent` text COLLATE utf8mb4_unicode_ci,
  `payload` longtext COLLATE utf8mb4_unicode_ci NOT NULL,
  `last_activity` int NOT NULL,
  PRIMARY KEY (`id`),
  KEY `sessions_user_id_index` (`user_id`),
  KEY `sessions_last_activity_index` (`last_activity`)
) ENGINE=InnoDB DEFAULT CHARSET=utf8mb4 COLLATE=utf8mb4_unicode_ci;

--
-- Dumping data for table `sessions`
--


--
-- Table structure for table `settings`
--

CREATE TABLE `settings` (
  `id` bigint unsigned NOT NULL AUTO_INCREMENT,
  `key` varchar(191) COLLATE utf8mb4_unicode_ci NOT NULL,
  `value` text COLLATE utf8mb4_unicode_ci,
  `created_at` timestamp NULL DEFAULT NULL,
  `updated_at` timestamp NULL DEFAULT NULL,
  PRIMARY KEY (`id`),
  UNIQUE KEY `settings_key_unique` (`key`)
) ENGINE=InnoDB AUTO_INCREMENT=102 DEFAULT CHARSET=utf8mb4 COLLATE=utf8mb4_unicode_ci;

--
-- Dumping data for table `settings`
--

INSERT INTO `settings` VALUES (1,'media_random_hash','52bfd7c05b9b8a8f945130c70c2589dd',NULL,'2025-05-01 21:06:47'),(2,'api_enabled','0',NULL,'2025-05-01 21:06:47'),(3,'activated_plugins','[\"language\",\"language-advanced\",\"ads\",\"analytics\",\"audit-log\",\"backup\",\"blog\",\"captcha\",\"contact\",\"cookie-consent\",\"ecommerce\",\"faq\",\"location\",\"marketplace\",\"mollie\",\"newsletter\",\"payment\",\"paypal\",\"paypal-payout\",\"paystack\",\"razorpay\",\"shippo\",\"simple-slider\",\"social-login\",\"sslcommerz\",\"stripe\",\"stripe-connect\",\"translation\"]',NULL,'2025-05-01 21:06:47'),(4,'analytics_dashboard_widgets','0','2025-05-01 21:06:03','2025-05-01 21:06:03'),(5,'enable_recaptcha_botble_contact_forms_fronts_contact_form','1','2025-05-01 21:06:04','2025-05-01 21:06:04'),(6,'api_layer_api_key','',NULL,'2025-05-01 21:06:47'),(9,'enable_recaptcha_botble_newsletter_forms_fronts_newsletter_form','1','2025-05-01 21:06:09','2025-05-01 21:06:09'),(10,'payment_cod_fee_type','fixed',NULL,'2025-05-01 21:06:47'),(11,'payment_bank_transfer_fee_type','fixed',NULL,'2025-05-01 21:06:47'),(12,'theme','martfury',NULL,'2025-05-01 21:06:47'),(13,'show_admin_bar','1',NULL,'2025-05-01 21:06:47'),(14,'language_hide_default','1',NULL,'2025-05-01 21:06:47'),(15,'language_switcher_display','dropdown',NULL,'2025-05-01 21:06:47'),(16,'language_display','all',NULL,'2025-05-01 21:06:47'),(17,'language_hide_languages','[]',NULL,'2025-05-01 21:06:47'),(18,'simple_slider_using_assets','0',NULL,NULL),(19,'admin_favicon','general/favicon.png',NULL,'2025-05-01 21:06:47'),(20,'admin_logo','general/logo-light.png',NULL,'2025-05-01 21:06:47'),(21,'payment_cod_status','1',NULL,'2025-05-01 21:06:47'),(22,'payment_bank_transfer_status','1',NULL,'2025-05-01 21:06:47'),(23,'payment_cod_description','Please pay money directly to the postman, if you choose cash on delivery method (COD).',NULL,'2025-05-01 21:06:47'),(24,'payment_bank_transfer_description','Please send money to our bank account: ACB - 69270 213 19.',NULL,'2025-05-01 21:06:47'),(25,'payment_stripe_payment_type','stripe_checkout',NULL,'2025-05-01 21:06:47'),(26,'plugins_ecommerce_customer_new_order_status','0',NULL,'2025-05-01 21:06:47'),(27,'plugins_ecommerce_admin_new_order_status','0',NULL,'2025-05-01 21:06:47'),(28,'ecommerce_is_enabled_support_digital_products','1',NULL,'2025-05-01 21:06:47'),(29,'ecommerce_load_countries_states_cities_from_location_plugin','0',NULL,'2025-05-01 21:06:47'),(30,'ecommerce_product_sku_format','SF-2443-%s%s%s%s',NULL,'2025-05-01 21:06:47'),(31,'ecommerce_store_order_prefix','SF',NULL,'2025-05-01 21:06:47'),(32,'ecommerce_enable_product_specification','1',NULL,'2025-05-01 21:06:47'),(33,'payment_bank_transfer_display_bank_info_at_the_checkout_success_page','1',NULL,'2025-05-01 21:06:47'),(34,'payment_cod_logo','payments/cod.png',NULL,'2025-05-01 21:06:47'),(35,'payment_bank_transfer_logo','payments/bank-transfer.png',NULL,'2025-05-01 21:06:47'),(36,'payment_stripe_logo','payments/stripe.webp',NULL,'2025-05-01 21:06:47'),(37,'payment_paypal_logo','payments/paypal.png',NULL,'2025-05-01 21:06:47'),(38,'payment_mollie_logo','payments/mollie.png',NULL,'2025-05-01 21:06:47'),(39,'payment_paystack_logo','payments/paystack.png',NULL,'2025-05-01 21:06:47'),(40,'payment_razorpay_logo','payments/razorpay.png',NULL,'2025-05-01 21:06:47'),(41,'payment_sslcommerz_logo','payments/sslcommerz.png',NULL,'2025-05-01 21:06:47'),(42,'permalink-botble-blog-models-post','blog',NULL,'2025-05-01 21:06:47'),(43,'permalink-botble-blog-models-category','blog',NULL,'2025-05-01 21:06:47'),(44,'ecommerce_store_name','Martfury',NULL,NULL),(45,'ecommerce_store_phone','1800979769',NULL,NULL),(46,'ecommerce_store_address','502 New Street',NULL,NULL),(47,'ecommerce_store_state','Brighton VIC',NULL,NULL),(48,'ecommerce_store_city','Brighton VIC',NULL,NULL),(49,'ecommerce_store_country','AU',NULL,NULL),(50,'theme-martfury-site_title','MartFury - Laravel Ecommerce system',NULL,NULL),(51,'theme-martfury-seo_description','MartFury is a clean & modern Laravel Ecommerce System for multipurpose online stores. With design clean and trendy, MartFury will make your online store look more impressive and attractive to viewers.',NULL,NULL),(52,'theme-martfury-copyright','© %Y MartFury. All Rights Reserved.',NULL,NULL),(53,'theme-martfury-favicon','general/favicon.png',NULL,NULL),(54,'theme-martfury-logo','general/logo.png',NULL,NULL),(55,'theme-martfury-welcome_message','Welcome to MartFury Online Shopping Store!',NULL,NULL),(56,'theme-martfury-address','502 New Street, Brighton VIC, Australia',NULL,NULL),(57,'theme-martfury-hotline','1800 97 97 69',NULL,NULL),(58,'theme-martfury-email','contact@martfury.co',NULL,NULL),(59,'theme-martfury-newsletter_image','general/newsletter.jpg',NULL,NULL),(60,'theme-martfury-homepage_id','1',NULL,NULL),(61,'theme-martfury-blog_page_id','6',NULL,NULL),(62,'theme-martfury-cookie_consent_message','Your experience on this site will be improved by allowing cookies ',NULL,NULL),(63,'theme-martfury-cookie_consent_learn_more_url','/cookie-policy',NULL,NULL),(64,'theme-martfury-cookie_consent_learn_more_text','Cookie Policy',NULL,NULL),(65,'theme-martfury-number_of_products_per_page','42',NULL,NULL),(66,'theme-martfury-product_feature_1_title','Shipping worldwide',NULL,NULL),(67,'theme-martfury-product_feature_1_icon','icon-network',NULL,NULL),(68,'theme-martfury-product_feature_2_title','Free 7-day return if eligible, so easy',NULL,NULL),(69,'theme-martfury-product_feature_2_icon','icon-3d-rotate',NULL,NULL),(70,'theme-martfury-product_feature_3_title','Supplier give bills for this product.',NULL,NULL),(71,'theme-martfury-product_feature_3_icon','icon-receipt',NULL,NULL),(72,'theme-martfury-product_feature_4_title','Pay online or when receiving goods',NULL,NULL),(73,'theme-martfury-product_feature_4_icon','icon-credit-card',NULL,NULL),(74,'theme-martfury-contact_info_box_1_title','Contact Directly',NULL,NULL),(75,'theme-martfury-contact_info_box_1_subtitle','contact@martfury.com',NULL,NULL),(76,'theme-martfury-contact_info_box_1_details','(+004) 912-3548-07',NULL,NULL),(77,'theme-martfury-contact_info_box_2_title','Headquarters',NULL,NULL),(78,'theme-martfury-contact_info_box_2_subtitle','17 Queen St, South bank, Melbourne 10560, Australia',NULL,NULL),(79,'theme-martfury-contact_info_box_2_details','',NULL,NULL),(80,'theme-martfury-contact_info_box_3_title','Work With Us',NULL,NULL),(81,'theme-martfury-contact_info_box_3_subtitle','Send your CV to our email:',NULL,NULL),(82,'theme-martfury-contact_info_box_3_details','career@martfury.com',NULL,NULL),(83,'theme-martfury-contact_info_box_4_title','Customer Service',NULL,NULL),(84,'theme-martfury-contact_info_box_4_subtitle','customercare@martfury.com',NULL,NULL),(85,'theme-martfury-contact_info_box_4_details','(800) 843-2446',NULL,NULL),(86,'theme-martfury-contact_info_box_5_title','Media Relations',NULL,NULL),(87,'theme-martfury-contact_info_box_5_subtitle','media@martfury.com',NULL,NULL),(88,'theme-martfury-contact_info_box_5_details','(801) 947-3564',NULL,NULL),(89,'theme-martfury-contact_info_box_6_title','Vendor Support',NULL,NULL),(90,'theme-martfury-contact_info_box_6_subtitle','vendorsupport@martfury.com',NULL,NULL),(91,'theme-martfury-contact_info_box_6_details','(801) 947-3100',NULL,NULL),(92,'theme-martfury-number_of_cross_sale_product','7',NULL,NULL),(93,'theme-martfury-logo_in_the_checkout_page','general/logo-dark.png',NULL,NULL),(94,'theme-martfury-logo_in_invoices','general/logo-dark.png',NULL,NULL),(95,'theme-martfury-logo_vendor_dashboard','general/logo-dark.png',NULL,NULL),(96,'theme-martfury-primary_font','Work Sans',NULL,NULL),(97,'theme-martfury-payment_methods','[\"general\\/payment-method-1.jpg\",\"general\\/payment-method-2.jpg\",\"general\\/payment-method-3.jpg\",\"general\\/payment-method-4.jpg\",\"general\\/payment-method-5.jpg\"]',NULL,NULL),(98,'theme-martfury-social_links','[[{\"key\":\"name\",\"value\":\"Facebook\"},{\"key\":\"icon\",\"value\":\"ti ti-brand-facebook\"},{\"key\":\"url\",\"value\":\"https:\\/\\/www.facebook.com\"}],[{\"key\":\"name\",\"value\":\"X (Twitter)\"},{\"key\":\"icon\",\"value\":\"ti ti-brand-x\"},{\"key\":\"url\",\"value\":\"https:\\/\\/x.com\"}],[{\"key\":\"name\",\"value\":\"YouTube\"},{\"key\":\"icon\",\"value\":\"ti ti-brand-youtube\"},{\"key\":\"url\",\"value\":\"https:\\/\\/www.youtube.com\"}],[{\"key\":\"name\",\"value\":\"Instagram\"},{\"key\":\"icon\",\"value\":\"ti ti-brand-linkedin\"},{\"key\":\"url\",\"value\":\"https:\\/\\/www.linkedin.com\"}]]',NULL,NULL),(99,'theme-martfury-social_sharing','[[{\"key\":\"social\",\"value\":\"facebook\"},{\"key\":\"icon\",\"value\":\"ti ti-brand-facebook\"}],[{\"key\":\"social\",\"value\":\"x\"},{\"key\":\"icon\",\"value\":\"ti ti-brand-x\"}],[{\"key\":\"social\",\"value\":\"pinterest\"},{\"key\":\"icon\",\"value\":\"ti ti-brand-pinterest\"}],[{\"key\":\"social\",\"value\":\"linkedin\"},{\"key\":\"icon\",\"value\":\"ti ti-brand-linkedin\"}],[{\"key\":\"social\",\"value\":\"whatsapp\"},{\"key\":\"icon\",\"value\":\"ti ti-brand-whatsapp\"}],[{\"key\":\"social\",\"value\":\"email\"},{\"key\":\"icon\",\"value\":\"ti ti-mail\"}]]',NULL,NULL),(100,'theme-martfury-lazy_load_images','1',NULL,NULL),(101,'theme-martfury-lazy_load_placeholder_image','general/placeholder.png',NULL,NULL);

--
-- Table structure for table `simple_slider_items`
--

CREATE TABLE `simple_slider_items` (
  `id` bigint unsigned NOT NULL AUTO_INCREMENT,
  `simple_slider_id` bigint unsigned NOT NULL,
  `title` varchar(191) COLLATE utf8mb4_unicode_ci DEFAULT NULL,
  `image` varchar(191) COLLATE utf8mb4_unicode_ci NOT NULL,
  `link` varchar(191) COLLATE utf8mb4_unicode_ci DEFAULT NULL,
  `description` text COLLATE utf8mb4_unicode_ci,
  `order` int unsigned NOT NULL DEFAULT '0',
  `created_at` timestamp NULL DEFAULT NULL,
  `updated_at` timestamp NULL DEFAULT NULL,
  PRIMARY KEY (`id`)
) ENGINE=InnoDB AUTO_INCREMENT=4 DEFAULT CHARSET=utf8mb4 COLLATE=utf8mb4_unicode_ci;

--
-- Dumping data for table `simple_slider_items`
--

INSERT INTO `simple_slider_items` VALUES (1,1,'Slider 1','sliders/1-lg.jpg','/products',NULL,1,'2025-05-01 21:06:42','2025-05-01 21:06:42'),(2,1,'Slider 2','sliders/2-lg.jpg','/products',NULL,2,'2025-05-01 21:06:42','2025-05-01 21:06:42'),(3,1,'Slider 3','sliders/3-lg.jpg','/products',NULL,3,'2025-05-01 21:06:42','2025-05-01 21:06:42');

--
-- Table structure for table `simple_sliders`
--

CREATE TABLE `simple_sliders` (
  `id` bigint unsigned NOT NULL AUTO_INCREMENT,
  `name` varchar(120) COLLATE utf8mb4_unicode_ci NOT NULL,
  `key` varchar(120) COLLATE utf8mb4_unicode_ci NOT NULL,
  `description` varchar(400) COLLATE utf8mb4_unicode_ci DEFAULT NULL,
  `status` varchar(60) COLLATE utf8mb4_unicode_ci NOT NULL DEFAULT 'published',
  `created_at` timestamp NULL DEFAULT NULL,
  `updated_at` timestamp NULL DEFAULT NULL,
  PRIMARY KEY (`id`)
) ENGINE=InnoDB AUTO_INCREMENT=2 DEFAULT CHARSET=utf8mb4 COLLATE=utf8mb4_unicode_ci;

--
-- Dumping data for table `simple_sliders`
--

INSERT INTO `simple_sliders` VALUES (1,'Home slider','home-slider','The main slider on homepage','published','2025-05-01 21:06:42','2025-05-01 21:06:42');

--
-- Table structure for table `slugs`
--

CREATE TABLE `slugs` (
  `id` bigint unsigned NOT NULL AUTO_INCREMENT,
  `key` varchar(191) COLLATE utf8mb4_unicode_ci NOT NULL,
  `reference_id` bigint unsigned NOT NULL,
  `reference_type` varchar(191) COLLATE utf8mb4_unicode_ci NOT NULL,
  `prefix` varchar(120) COLLATE utf8mb4_unicode_ci DEFAULT '',
  `created_at` timestamp NULL DEFAULT NULL,
  `updated_at` timestamp NULL DEFAULT NULL,
  PRIMARY KEY (`id`),
  KEY `slugs_reference_id_index` (`reference_id`),
  KEY `slugs_key_index` (`key`),
  KEY `slugs_prefix_index` (`prefix`),
  KEY `slugs_reference_index` (`reference_id`,`reference_type`)
) ENGINE=InnoDB AUTO_INCREMENT=162 DEFAULT CHARSET=utf8mb4 COLLATE=utf8mb4_unicode_ci;

--
-- Dumping data for table `slugs`
--

INSERT INTO `slugs` VALUES (1,'fashion-live',1,'Botble\\Ecommerce\\Models\\Brand','brands','2025-05-01 21:06:11','2025-05-01 21:06:11'),(2,'hand-crafted',2,'Botble\\Ecommerce\\Models\\Brand','brands','2025-05-01 21:06:11','2025-05-01 21:06:11'),(3,'mestonix',3,'Botble\\Ecommerce\\Models\\Brand','brands','2025-05-01 21:06:11','2025-05-01 21:06:11'),(4,'sunshine',4,'Botble\\Ecommerce\\Models\\Brand','brands','2025-05-01 21:06:11','2025-05-01 21:06:11'),(5,'pure',5,'Botble\\Ecommerce\\Models\\Brand','brands','2025-05-01 21:06:11','2025-05-01 21:06:11'),(6,'anfold',6,'Botble\\Ecommerce\\Models\\Brand','brands','2025-05-01 21:06:11','2025-05-01 21:06:11'),(7,'automotive',7,'Botble\\Ecommerce\\Models\\Brand','brands','2025-05-01 21:06:11','2025-05-01 21:06:11'),(8,'hot-promotions',1,'Botble\\Ecommerce\\Models\\ProductCategory','product-categories','2025-05-01 21:06:13','2025-05-01 21:06:13'),(9,'electronics',2,'Botble\\Ecommerce\\Models\\ProductCategory','product-categories','2025-05-01 21:06:13','2025-05-01 21:06:13'),(10,'consumer-electronic',3,'Botble\\Ecommerce\\Models\\ProductCategory','product-categories','2025-05-01 21:06:13','2025-05-01 21:06:13'),(11,'home-audio-theaters',4,'Botble\\Ecommerce\\Models\\ProductCategory','product-categories','2025-05-01 21:06:13','2025-05-01 21:06:13'),(12,'tv-videos',5,'Botble\\Ecommerce\\Models\\ProductCategory','product-categories','2025-05-01 21:06:13','2025-05-01 21:06:13'),(13,'camera-photos-videos',6,'Botble\\Ecommerce\\Models\\ProductCategory','product-categories','2025-05-01 21:06:13','2025-05-01 21:06:13'),(14,'cellphones-accessories',7,'Botble\\Ecommerce\\Models\\ProductCategory','product-categories','2025-05-01 21:06:13','2025-05-01 21:06:13'),(15,'headphones',8,'Botble\\Ecommerce\\Models\\ProductCategory','product-categories','2025-05-01 21:06:13','2025-05-01 21:06:13'),(16,'videos-games',9,'Botble\\Ecommerce\\Models\\ProductCategory','product-categories','2025-05-01 21:06:13','2025-05-01 21:06:13'),(17,'wireless-speakers',10,'Botble\\Ecommerce\\Models\\ProductCategory','product-categories','2025-05-01 21:06:13','2025-05-01 21:06:13'),(18,'office-electronic',11,'Botble\\Ecommerce\\Models\\ProductCategory','product-categories','2025-05-01 21:06:13','2025-05-01 21:06:13'),(19,'accessories-parts',12,'Botble\\Ecommerce\\Models\\ProductCategory','product-categories','2025-05-01 21:06:13','2025-05-01 21:06:13'),(20,'digital-cables',13,'Botble\\Ecommerce\\Models\\ProductCategory','product-categories','2025-05-01 21:06:13','2025-05-01 21:06:13'),(21,'audio-video-cables',14,'Botble\\Ecommerce\\Models\\ProductCategory','product-categories','2025-05-01 21:06:13','2025-05-01 21:06:13'),(22,'batteries',15,'Botble\\Ecommerce\\Models\\ProductCategory','product-categories','2025-05-01 21:06:13','2025-05-01 21:06:13'),(23,'clothing',16,'Botble\\Ecommerce\\Models\\ProductCategory','product-categories','2025-05-01 21:06:13','2025-05-01 21:06:13'),(24,'computers',17,'Botble\\Ecommerce\\Models\\ProductCategory','product-categories','2025-05-01 21:06:13','2025-05-01 21:06:13'),(25,'computer-technologies',18,'Botble\\Ecommerce\\Models\\ProductCategory','product-categories','2025-05-01 21:06:13','2025-05-01 21:06:13'),(26,'computer-tablets',19,'Botble\\Ecommerce\\Models\\ProductCategory','product-categories','2025-05-01 21:06:13','2025-05-01 21:06:13'),(27,'laptop',20,'Botble\\Ecommerce\\Models\\ProductCategory','product-categories','2025-05-01 21:06:13','2025-05-01 21:06:13'),(28,'monitors',21,'Botble\\Ecommerce\\Models\\ProductCategory','product-categories','2025-05-01 21:06:13','2025-05-01 21:06:13'),(29,'computer-components',22,'Botble\\Ecommerce\\Models\\ProductCategory','product-categories','2025-05-01 21:06:13','2025-05-01 21:06:13'),(30,'networking',23,'Botble\\Ecommerce\\Models\\ProductCategory','product-categories','2025-05-01 21:06:13','2025-05-01 21:06:13'),(31,'drive-storages',24,'Botble\\Ecommerce\\Models\\ProductCategory','product-categories','2025-05-01 21:06:13','2025-05-01 21:06:13'),(32,'gaming-laptop',25,'Botble\\Ecommerce\\Models\\ProductCategory','product-categories','2025-05-01 21:06:13','2025-05-01 21:06:13'),(33,'security-protection',26,'Botble\\Ecommerce\\Models\\ProductCategory','product-categories','2025-05-01 21:06:13','2025-05-01 21:06:13'),(34,'accessories',27,'Botble\\Ecommerce\\Models\\ProductCategory','product-categories','2025-05-01 21:06:13','2025-05-01 21:06:13'),(35,'home-kitchen',28,'Botble\\Ecommerce\\Models\\ProductCategory','product-categories','2025-05-01 21:06:13','2025-05-01 21:06:13'),(36,'health-beauty',29,'Botble\\Ecommerce\\Models\\ProductCategory','product-categories','2025-05-01 21:06:13','2025-05-01 21:06:13'),(37,'jewelry-watch',30,'Botble\\Ecommerce\\Models\\ProductCategory','product-categories','2025-05-01 21:06:13','2025-05-01 21:06:13'),(38,'technology-toys',31,'Botble\\Ecommerce\\Models\\ProductCategory','product-categories','2025-05-01 21:06:13','2025-05-01 21:06:13'),(39,'phones',32,'Botble\\Ecommerce\\Models\\ProductCategory','product-categories','2025-05-01 21:06:13','2025-05-01 21:06:13'),(40,'babies-moms',33,'Botble\\Ecommerce\\Models\\ProductCategory','product-categories','2025-05-01 21:06:13','2025-05-01 21:06:13'),(41,'sport-outdoor',34,'Botble\\Ecommerce\\Models\\ProductCategory','product-categories','2025-05-01 21:06:13','2025-05-01 21:06:13'),(42,'books-office',35,'Botble\\Ecommerce\\Models\\ProductCategory','product-categories','2025-05-01 21:06:13','2025-05-01 21:06:13'),(43,'cars-motorcycles',36,'Botble\\Ecommerce\\Models\\ProductCategory','product-categories','2025-05-01 21:06:13','2025-05-01 21:06:13'),(44,'home-improvements',37,'Botble\\Ecommerce\\Models\\ProductCategory','product-categories','2025-05-01 21:06:13','2025-05-01 21:06:13'),(45,'dual-camera-20mp-digital',1,'Botble\\Ecommerce\\Models\\Product','products','2025-05-01 21:06:25','2025-05-01 21:06:52'),(46,'smart-watches',2,'Botble\\Ecommerce\\Models\\Product','products','2025-05-01 21:06:25','2025-05-01 21:06:25'),(47,'beat-headphone',3,'Botble\\Ecommerce\\Models\\Product','products','2025-05-01 21:06:25','2025-05-01 21:06:25'),(48,'red-black-headphone',4,'Botble\\Ecommerce\\Models\\Product','products','2025-05-01 21:06:25','2025-05-01 21:06:25'),(49,'smart-watch-external-digital',5,'Botble\\Ecommerce\\Models\\Product','products','2025-05-01 21:06:25','2025-05-01 21:06:52'),(50,'nikon-hd-camera',6,'Botble\\Ecommerce\\Models\\Product','products','2025-05-01 21:06:26','2025-05-01 21:06:26'),(51,'audio-equipment',7,'Botble\\Ecommerce\\Models\\Product','products','2025-05-01 21:06:26','2025-05-01 21:06:26'),(52,'smart-televisions',8,'Botble\\Ecommerce\\Models\\Product','products','2025-05-01 21:06:26','2025-05-01 21:06:26'),(53,'samsung-smart-phone-digital',9,'Botble\\Ecommerce\\Models\\Product','products','2025-05-01 21:06:26','2025-05-01 21:06:52'),(54,'herschel-leather-duffle-bag-in-brown-color',10,'Botble\\Ecommerce\\Models\\Product','products','2025-05-01 21:06:26','2025-05-01 21:06:26'),(55,'xbox-one-wireless-controller-black-color',11,'Botble\\Ecommerce\\Models\\Product','products','2025-05-01 21:06:26','2025-05-01 21:06:26'),(56,'epsion-plaster-printer',12,'Botble\\Ecommerce\\Models\\Product','products','2025-05-01 21:06:26','2025-05-01 21:06:26'),(57,'sound-intone-i65-earphone-white-version-digital',13,'Botble\\Ecommerce\\Models\\Product','products','2025-05-01 21:06:26','2025-05-01 21:06:52'),(58,'bo-play-mini-bluetooth-speaker',14,'Botble\\Ecommerce\\Models\\Product','products','2025-05-01 21:06:26','2025-05-01 21:06:26'),(59,'apple-macbook-air-retina-133-inch-laptop',15,'Botble\\Ecommerce\\Models\\Product','products','2025-05-01 21:06:26','2025-05-01 21:06:26'),(60,'apple-macbook-air-retina-12-inch-laptop',16,'Botble\\Ecommerce\\Models\\Product','products','2025-05-01 21:06:26','2025-05-01 21:06:26'),(61,'samsung-gear-vr-virtual-reality-headset-digital',17,'Botble\\Ecommerce\\Models\\Product','products','2025-05-01 21:06:26','2025-05-01 21:06:52'),(62,'aveeno-moisturizing-body-shower-450ml',18,'Botble\\Ecommerce\\Models\\Product','products','2025-05-01 21:06:26','2025-05-01 21:06:26'),(63,'nyx-beauty-couton-pallete-makeup-12',19,'Botble\\Ecommerce\\Models\\Product','products','2025-05-01 21:06:26','2025-05-01 21:06:26'),(64,'nyx-beauty-couton-pallete-makeup-12',20,'Botble\\Ecommerce\\Models\\Product','products','2025-05-01 21:06:26','2025-05-01 21:06:26'),(65,'mvmth-classical-leather-watch-in-black-digital',21,'Botble\\Ecommerce\\Models\\Product','products','2025-05-01 21:06:26','2025-05-01 21:06:52'),(66,'baxter-care-hair-kit-for-bearded-mens',22,'Botble\\Ecommerce\\Models\\Product','products','2025-05-01 21:06:26','2025-05-01 21:06:26'),(67,'ciate-palemore-lipstick-bold-red-color',23,'Botble\\Ecommerce\\Models\\Product','products','2025-05-01 21:06:26','2025-05-01 21:06:26'),(68,'electronic',1,'Botble\\Ecommerce\\Models\\ProductTag','product-tags','2025-05-01 21:06:37','2025-05-01 21:06:37'),(69,'mobile',2,'Botble\\Ecommerce\\Models\\ProductTag','product-tags','2025-05-01 21:06:37','2025-05-01 21:06:37'),(70,'iphone',3,'Botble\\Ecommerce\\Models\\ProductTag','product-tags','2025-05-01 21:06:37','2025-05-01 21:06:37'),(71,'printer',4,'Botble\\Ecommerce\\Models\\ProductTag','product-tags','2025-05-01 21:06:37','2025-05-01 21:06:37'),(72,'office',5,'Botble\\Ecommerce\\Models\\ProductTag','product-tags','2025-05-01 21:06:37','2025-05-01 21:06:37'),(73,'it',6,'Botble\\Ecommerce\\Models\\ProductTag','product-tags','2025-05-01 21:06:37','2025-05-01 21:06:37'),(74,'ecommerce',1,'Botble\\Blog\\Models\\Category','blog','2025-05-01 21:06:40','2025-05-01 21:06:45'),(75,'fashion',2,'Botble\\Blog\\Models\\Category','blog','2025-05-01 21:06:40','2025-05-01 21:06:45'),(76,'electronic',3,'Botble\\Blog\\Models\\Category','blog','2025-05-01 21:06:40','2025-05-01 21:06:45'),(77,'commercial',4,'Botble\\Blog\\Models\\Category','blog','2025-05-01 21:06:40','2025-05-01 21:06:45'),(78,'general',1,'Botble\\Blog\\Models\\Tag','tag','2025-05-01 21:06:40','2025-05-01 21:06:40'),(79,'design',2,'Botble\\Blog\\Models\\Tag','tag','2025-05-01 21:06:40','2025-05-01 21:06:40'),(80,'fashion',3,'Botble\\Blog\\Models\\Tag','tag','2025-05-01 21:06:40','2025-05-01 21:06:40'),(81,'branding',4,'Botble\\Blog\\Models\\Tag','tag','2025-05-01 21:06:40','2025-05-01 21:06:40'),(82,'modern',5,'Botble\\Blog\\Models\\Tag','tag','2025-05-01 21:06:40','2025-05-01 21:06:40'),(83,'4-expert-tips-on-how-to-choose-the-right-mens-wallet',1,'Botble\\Blog\\Models\\Post','blog','2025-05-01 21:06:40','2025-05-01 21:06:45'),(84,'sexy-clutches-how-to-buy-wear-a-designer-clutch-bag',2,'Botble\\Blog\\Models\\Post','blog','2025-05-01 21:06:40','2025-05-01 21:06:45'),(85,'the-top-2020-handbag-trends-to-know',3,'Botble\\Blog\\Models\\Post','blog','2025-05-01 21:06:40','2025-05-01 21:06:45'),(86,'how-to-match-the-color-of-your-handbag-with-an-outfit',4,'Botble\\Blog\\Models\\Post','blog','2025-05-01 21:06:40','2025-05-01 21:06:45'),(87,'how-to-care-for-leather-bags',5,'Botble\\Blog\\Models\\Post','blog','2025-05-01 21:06:40','2025-05-01 21:06:45'),(88,'were-crushing-hard-on-summers-10-biggest-bag-trends',6,'Botble\\Blog\\Models\\Post','blog','2025-05-01 21:06:41','2025-05-01 21:06:45'),(89,'essential-qualities-of-highly-successful-music',7,'Botble\\Blog\\Models\\Post','blog','2025-05-01 21:06:41','2025-05-01 21:06:45'),(90,'9-things-i-love-about-shaving-my-head',8,'Botble\\Blog\\Models\\Post','blog','2025-05-01 21:06:41','2025-05-01 21:06:45'),(91,'why-teamwork-really-makes-the-dream-work',9,'Botble\\Blog\\Models\\Post','blog','2025-05-01 21:06:41','2025-05-01 21:06:45'),(92,'the-world-caters-to-average-people',10,'Botble\\Blog\\Models\\Post','blog','2025-05-01 21:06:41','2025-05-01 21:06:45'),(93,'the-litigants-on-the-screen-are-not-actors',11,'Botble\\Blog\\Models\\Post','blog','2025-05-01 21:06:41','2025-05-01 21:06:45'),(94,'home',1,'Botble\\Page\\Models\\Page','','2025-05-01 21:06:42','2025-05-01 21:06:42'),(95,'about-us',2,'Botble\\Page\\Models\\Page','','2025-05-01 21:06:42','2025-05-01 21:06:42'),(96,'terms-of-use',3,'Botble\\Page\\Models\\Page','','2025-05-01 21:06:42','2025-05-01 21:06:42'),(97,'terms-conditions',4,'Botble\\Page\\Models\\Page','','2025-05-01 21:06:42','2025-05-01 21:06:42'),(98,'refund-policy',5,'Botble\\Page\\Models\\Page','','2025-05-01 21:06:42','2025-05-01 21:06:42'),(99,'blog',6,'Botble\\Page\\Models\\Page','','2025-05-01 21:06:43','2025-05-01 21:06:43'),(100,'faqs',7,'Botble\\Page\\Models\\Page','','2025-05-01 21:06:43','2025-05-01 21:06:43'),(101,'contact',8,'Botble\\Page\\Models\\Page','','2025-05-01 21:06:43','2025-05-01 21:06:43'),(102,'cookie-policy',9,'Botble\\Page\\Models\\Page','','2025-05-01 21:06:43','2025-05-01 21:06:43'),(103,'affiliate',10,'Botble\\Page\\Models\\Page','','2025-05-01 21:06:43','2025-05-01 21:06:43'),(104,'career',11,'Botble\\Page\\Models\\Page','','2025-05-01 21:06:43','2025-05-01 21:06:43'),(105,'coming-soon',12,'Botble\\Page\\Models\\Page','','2025-05-01 21:06:43','2025-05-01 21:06:43'),(106,'gopro',1,'Botble\\Marketplace\\Models\\Store','stores','2025-05-01 21:06:51','2025-05-01 21:06:51'),(107,'global-office',2,'Botble\\Marketplace\\Models\\Store','stores','2025-05-01 21:06:51','2025-05-01 21:06:51'),(108,'young-shop',3,'Botble\\Marketplace\\Models\\Store','stores','2025-05-01 21:06:51','2025-05-01 21:06:51'),(109,'global-store',4,'Botble\\Marketplace\\Models\\Store','stores','2025-05-01 21:06:51','2025-05-01 21:06:51'),(110,'roberts-store',5,'Botble\\Marketplace\\Models\\Store','stores','2025-05-01 21:06:51','2025-05-01 21:06:51'),(111,'dual-camera-20mp-digital',24,'Botble\\Ecommerce\\Models\\Product','products','2025-05-01 21:06:52','2025-05-01 21:06:52'),(112,'smart-watches',25,'Botble\\Ecommerce\\Models\\Product','products','2025-05-01 21:06:52','2025-05-01 21:06:52'),(113,'beat-headphone',26,'Botble\\Ecommerce\\Models\\Product','products','2025-05-01 21:06:52','2025-05-01 21:06:52'),(114,'beat-headphone',27,'Botble\\Ecommerce\\Models\\Product','products','2025-05-01 21:06:52','2025-05-01 21:06:52'),(115,'beat-headphone',28,'Botble\\Ecommerce\\Models\\Product','products','2025-05-01 21:06:52','2025-05-01 21:06:52'),(116,'beat-headphone',29,'Botble\\Ecommerce\\Models\\Product','products','2025-05-01 21:06:52','2025-05-01 21:06:52'),(117,'red-black-headphone',30,'Botble\\Ecommerce\\Models\\Product','products','2025-05-01 21:06:52','2025-05-01 21:06:52'),(118,'red-black-headphone',31,'Botble\\Ecommerce\\Models\\Product','products','2025-05-01 21:06:52','2025-05-01 21:06:52'),(119,'smart-watch-external-digital',32,'Botble\\Ecommerce\\Models\\Product','products','2025-05-01 21:06:52','2025-05-01 21:06:52'),(120,'smart-watch-external-digital',33,'Botble\\Ecommerce\\Models\\Product','products','2025-05-01 21:06:52','2025-05-01 21:06:52'),(121,'nikon-hd-camera',34,'Botble\\Ecommerce\\Models\\Product','products','2025-05-01 21:06:52','2025-05-01 21:06:52'),(122,'nikon-hd-camera',35,'Botble\\Ecommerce\\Models\\Product','products','2025-05-01 21:06:52','2025-05-01 21:06:52'),(123,'nikon-hd-camera',36,'Botble\\Ecommerce\\Models\\Product','products','2025-05-01 21:06:52','2025-05-01 21:06:52'),(124,'audio-equipment',37,'Botble\\Ecommerce\\Models\\Product','products','2025-05-01 21:06:52','2025-05-01 21:06:52'),(125,'audio-equipment',38,'Botble\\Ecommerce\\Models\\Product','products','2025-05-01 21:06:52','2025-05-01 21:06:52'),(126,'smart-televisions',39,'Botble\\Ecommerce\\Models\\Product','products','2025-05-01 21:06:52','2025-05-01 21:06:52'),(127,'smart-televisions',40,'Botble\\Ecommerce\\Models\\Product','products','2025-05-01 21:06:52','2025-05-01 21:06:52'),(128,'samsung-smart-phone-digital',41,'Botble\\Ecommerce\\Models\\Product','products','2025-05-01 21:06:52','2025-05-01 21:06:52'),(129,'samsung-smart-phone-digital',42,'Botble\\Ecommerce\\Models\\Product','products','2025-05-01 21:06:52','2025-05-01 21:06:52'),(130,'samsung-smart-phone-digital',43,'Botble\\Ecommerce\\Models\\Product','products','2025-05-01 21:06:52','2025-05-01 21:06:52'),(131,'samsung-smart-phone-digital',44,'Botble\\Ecommerce\\Models\\Product','products','2025-05-01 21:06:52','2025-05-01 21:06:52'),(132,'herschel-leather-duffle-bag-in-brown-color',45,'Botble\\Ecommerce\\Models\\Product','products','2025-05-01 21:06:52','2025-05-01 21:06:52'),(133,'herschel-leather-duffle-bag-in-brown-color',46,'Botble\\Ecommerce\\Models\\Product','products','2025-05-01 21:06:52','2025-05-01 21:06:52'),(134,'herschel-leather-duffle-bag-in-brown-color',47,'Botble\\Ecommerce\\Models\\Product','products','2025-05-01 21:06:52','2025-05-01 21:06:52'),(135,'xbox-one-wireless-controller-black-color',48,'Botble\\Ecommerce\\Models\\Product','products','2025-05-01 21:06:52','2025-05-01 21:06:52'),(136,'xbox-one-wireless-controller-black-color',49,'Botble\\Ecommerce\\Models\\Product','products','2025-05-01 21:06:52','2025-05-01 21:06:52'),(137,'epsion-plaster-printer',50,'Botble\\Ecommerce\\Models\\Product','products','2025-05-01 21:06:52','2025-05-01 21:06:52'),(138,'epsion-plaster-printer',51,'Botble\\Ecommerce\\Models\\Product','products','2025-05-01 21:06:52','2025-05-01 21:06:52'),(139,'epsion-plaster-printer',52,'Botble\\Ecommerce\\Models\\Product','products','2025-05-01 21:06:52','2025-05-01 21:06:52'),(140,'sound-intone-i65-earphone-white-version-digital',53,'Botble\\Ecommerce\\Models\\Product','products','2025-05-01 21:06:52','2025-05-01 21:06:52'),(141,'sound-intone-i65-earphone-white-version-digital',54,'Botble\\Ecommerce\\Models\\Product','products','2025-05-01 21:06:52','2025-05-01 21:06:52'),(142,'bo-play-mini-bluetooth-speaker',55,'Botble\\Ecommerce\\Models\\Product','products','2025-05-01 21:06:52','2025-05-01 21:06:52'),(143,'apple-macbook-air-retina-133-inch-laptop',56,'Botble\\Ecommerce\\Models\\Product','products','2025-05-01 21:06:52','2025-05-01 21:06:52'),(144,'apple-macbook-air-retina-12-inch-laptop',57,'Botble\\Ecommerce\\Models\\Product','products','2025-05-01 21:06:52','2025-05-01 21:06:52'),(145,'apple-macbook-air-retina-12-inch-laptop',58,'Botble\\Ecommerce\\Models\\Product','products','2025-05-01 21:06:52','2025-05-01 21:06:52'),(146,'apple-macbook-air-retina-12-inch-laptop',59,'Botble\\Ecommerce\\Models\\Product','products','2025-05-01 21:06:52','2025-05-01 21:06:52'),(147,'apple-macbook-air-retina-12-inch-laptop',60,'Botble\\Ecommerce\\Models\\Product','products','2025-05-01 21:06:52','2025-05-01 21:06:52'),(148,'samsung-gear-vr-virtual-reality-headset-digital',61,'Botble\\Ecommerce\\Models\\Product','products','2025-05-01 21:06:52','2025-05-01 21:06:52'),(149,'samsung-gear-vr-virtual-reality-headset-digital',62,'Botble\\Ecommerce\\Models\\Product','products','2025-05-01 21:06:52','2025-05-01 21:06:52'),(150,'aveeno-moisturizing-body-shower-450ml',63,'Botble\\Ecommerce\\Models\\Product','products','2025-05-01 21:06:52','2025-05-01 21:06:52'),(151,'nyx-beauty-couton-pallete-makeup-12',64,'Botble\\Ecommerce\\Models\\Product','products','2025-05-01 21:06:52','2025-05-01 21:06:52'),(152,'nyx-beauty-couton-pallete-makeup-12',65,'Botble\\Ecommerce\\Models\\Product','products','2025-05-01 21:06:52','2025-05-01 21:06:52'),(153,'nyx-beauty-couton-pallete-makeup-12',66,'Botble\\Ecommerce\\Models\\Product','products','2025-05-01 21:06:52','2025-05-01 21:06:52'),(154,'nyx-beauty-couton-pallete-makeup-12',67,'Botble\\Ecommerce\\Models\\Product','products','2025-05-01 21:06:52','2025-05-01 21:06:52'),(155,'mvmth-classical-leather-watch-in-black-digital',68,'Botble\\Ecommerce\\Models\\Product','products','2025-05-01 21:06:52','2025-05-01 21:06:52'),(156,'mvmth-classical-leather-watch-in-black-digital',69,'Botble\\Ecommerce\\Models\\Product','products','2025-05-01 21:06:52','2025-05-01 21:06:52'),(157,'mvmth-classical-leather-watch-in-black-digital',70,'Botble\\Ecommerce\\Models\\Product','products','2025-05-01 21:06:52','2025-05-01 21:06:52'),(158,'mvmth-classical-leather-watch-in-black-digital',71,'Botble\\Ecommerce\\Models\\Product','products','2025-05-01 21:06:52','2025-05-01 21:06:52'),(159,'baxter-care-hair-kit-for-bearded-mens',72,'Botble\\Ecommerce\\Models\\Product','products','2025-05-01 21:06:52','2025-05-01 21:06:52'),(160,'ciate-palemore-lipstick-bold-red-color',73,'Botble\\Ecommerce\\Models\\Product','products','2025-05-01 21:06:52','2025-05-01 21:06:52'),(161,'ciate-palemore-lipstick-bold-red-color',74,'Botble\\Ecommerce\\Models\\Product','products','2025-05-01 21:06:52','2025-05-01 21:06:52');

--
-- Table structure for table `slugs_translations`
--

CREATE TABLE `slugs_translations` (
  `lang_code` varchar(20) COLLATE utf8mb4_unicode_ci NOT NULL,
  `slugs_id` bigint unsigned NOT NULL,
  `key` varchar(191) COLLATE utf8mb4_unicode_ci DEFAULT NULL,
  `prefix` varchar(120) COLLATE utf8mb4_unicode_ci DEFAULT '',
  PRIMARY KEY (`lang_code`,`slugs_id`)
) ENGINE=InnoDB DEFAULT CHARSET=utf8mb4 COLLATE=utf8mb4_unicode_ci;

--
-- Dumping data for table `slugs_translations`
--


--
-- Table structure for table `social_logins`
--

CREATE TABLE `social_logins` (
  `id` bigint unsigned NOT NULL AUTO_INCREMENT,
  `user_type` varchar(191) COLLATE utf8mb4_unicode_ci NOT NULL,
  `user_id` bigint unsigned NOT NULL,
  `provider` varchar(191) COLLATE utf8mb4_unicode_ci NOT NULL,
  `provider_id` varchar(191) COLLATE utf8mb4_unicode_ci NOT NULL,
  `token` text COLLATE utf8mb4_unicode_ci,
  `refresh_token` text COLLATE utf8mb4_unicode_ci,
  `token_expires_at` timestamp NULL DEFAULT NULL,
  `provider_data` json DEFAULT NULL,
  `created_at` timestamp NULL DEFAULT NULL,
  `updated_at` timestamp NULL DEFAULT NULL,
  PRIMARY KEY (`id`),
  UNIQUE KEY `social_logins_provider_provider_id_unique` (`provider`,`provider_id`),
  KEY `social_logins_user_type_user_id_index` (`user_type`,`user_id`),
  KEY `social_logins_user_id_user_type_index` (`user_id`,`user_type`)
) ENGINE=InnoDB DEFAULT CHARSET=utf8mb4 COLLATE=utf8mb4_unicode_ci;

--
-- Dumping data for table `social_logins`
--


--
-- Table structure for table `states`
--

CREATE TABLE `states` (
  `id` bigint unsigned NOT NULL AUTO_INCREMENT,
  `name` varchar(120) COLLATE utf8mb4_unicode_ci NOT NULL,
  `slug` varchar(120) COLLATE utf8mb4_unicode_ci DEFAULT NULL,
  `abbreviation` varchar(10) COLLATE utf8mb4_unicode_ci DEFAULT NULL,
  `country_id` bigint unsigned DEFAULT NULL,
  `order` tinyint NOT NULL DEFAULT '0',
  `image` varchar(191) COLLATE utf8mb4_unicode_ci DEFAULT NULL,
  `is_default` tinyint unsigned NOT NULL DEFAULT '0',
  `status` varchar(60) COLLATE utf8mb4_unicode_ci NOT NULL DEFAULT 'published',
  `created_at` timestamp NULL DEFAULT NULL,
  `updated_at` timestamp NULL DEFAULT NULL,
  PRIMARY KEY (`id`),
  UNIQUE KEY `states_slug_unique` (`slug`)
) ENGINE=InnoDB DEFAULT CHARSET=utf8mb4 COLLATE=utf8mb4_unicode_ci;

--
-- Dumping data for table `states`
--


--
-- Table structure for table `states_translations`
--

CREATE TABLE `states_translations` (
  `lang_code` varchar(20) COLLATE utf8mb4_unicode_ci NOT NULL,
  `states_id` bigint unsigned NOT NULL,
  `name` varchar(120) COLLATE utf8mb4_unicode_ci DEFAULT NULL,
  `slug` varchar(120) COLLATE utf8mb4_unicode_ci DEFAULT NULL,
  `abbreviation` varchar(10) COLLATE utf8mb4_unicode_ci DEFAULT NULL,
  PRIMARY KEY (`lang_code`,`states_id`)
) ENGINE=InnoDB DEFAULT CHARSET=utf8mb4 COLLATE=utf8mb4_unicode_ci;

--
-- Dumping data for table `states_translations`
--


--
-- Table structure for table `tags`
--

CREATE TABLE `tags` (
  `id` bigint unsigned NOT NULL AUTO_INCREMENT,
  `name` varchar(120) COLLATE utf8mb4_unicode_ci NOT NULL,
  `author_id` bigint unsigned DEFAULT NULL,
  `author_type` varchar(191) COLLATE utf8mb4_unicode_ci NOT NULL,
  `description` varchar(400) COLLATE utf8mb4_unicode_ci DEFAULT NULL,
  `status` varchar(60) COLLATE utf8mb4_unicode_ci NOT NULL DEFAULT 'published',
  `created_at` timestamp NULL DEFAULT NULL,
  `updated_at` timestamp NULL DEFAULT NULL,
  PRIMARY KEY (`id`)
) ENGINE=InnoDB AUTO_INCREMENT=6 DEFAULT CHARSET=utf8mb4 COLLATE=utf8mb4_unicode_ci;

--
-- Dumping data for table `tags`
--

INSERT INTO `tags` VALUES (1,'General',1,'Botble\\ACL\\Models\\User',NULL,'published','2025-05-01 21:06:40','2025-05-01 21:06:40'),(2,'Design',1,'Botble\\ACL\\Models\\User',NULL,'published','2025-05-01 21:06:40','2025-05-01 21:06:40'),(3,'Fashion',1,'Botble\\ACL\\Models\\User',NULL,'published','2025-05-01 21:06:40','2025-05-01 21:06:40'),(4,'Branding',1,'Botble\\ACL\\Models\\User',NULL,'published','2025-05-01 21:06:40','2025-05-01 21:06:40'),(5,'Modern',1,'Botble\\ACL\\Models\\User',NULL,'published','2025-05-01 21:06:40','2025-05-01 21:06:40');

--
-- Table structure for table `tags_translations`
--

CREATE TABLE `tags_translations` (
  `lang_code` varchar(20) COLLATE utf8mb4_unicode_ci NOT NULL,
  `tags_id` bigint unsigned NOT NULL,
  `name` varchar(191) COLLATE utf8mb4_unicode_ci DEFAULT NULL,
  `description` varchar(400) COLLATE utf8mb4_unicode_ci DEFAULT NULL,
  PRIMARY KEY (`lang_code`,`tags_id`)
) ENGINE=InnoDB DEFAULT CHARSET=utf8mb4 COLLATE=utf8mb4_unicode_ci;

--
-- Dumping data for table `tags_translations`
--


--
-- Table structure for table `user_meta`
--

CREATE TABLE `user_meta` (
  `id` bigint unsigned NOT NULL AUTO_INCREMENT,
  `key` varchar(120) COLLATE utf8mb4_unicode_ci DEFAULT NULL,
  `value` text COLLATE utf8mb4_unicode_ci,
  `user_id` bigint unsigned NOT NULL,
  `created_at` timestamp NULL DEFAULT NULL,
  `updated_at` timestamp NULL DEFAULT NULL,
  PRIMARY KEY (`id`),
  KEY `user_meta_user_id_index` (`user_id`)
) ENGINE=InnoDB DEFAULT CHARSET=utf8mb4 COLLATE=utf8mb4_unicode_ci;

--
-- Dumping data for table `user_meta`
--


--
-- Table structure for table `users`
--

CREATE TABLE `users` (
  `id` bigint unsigned NOT NULL AUTO_INCREMENT,
  `email` varchar(191) COLLATE utf8mb4_unicode_ci NOT NULL,
  `email_verified_at` timestamp NULL DEFAULT NULL,
  `password` varchar(120) COLLATE utf8mb4_unicode_ci DEFAULT NULL,
  `remember_token` varchar(100) COLLATE utf8mb4_unicode_ci DEFAULT NULL,
  `created_at` timestamp NULL DEFAULT NULL,
  `updated_at` timestamp NULL DEFAULT NULL,
  `first_name` varchar(120) COLLATE utf8mb4_unicode_ci DEFAULT NULL,
  `last_name` varchar(120) COLLATE utf8mb4_unicode_ci DEFAULT NULL,
  `username` varchar(60) COLLATE utf8mb4_unicode_ci DEFAULT NULL,
  `avatar_id` bigint unsigned DEFAULT NULL,
  `super_user` tinyint(1) NOT NULL DEFAULT '0',
  `manage_supers` tinyint(1) NOT NULL DEFAULT '0',
  `permissions` text COLLATE utf8mb4_unicode_ci,
  `last_login` timestamp NULL DEFAULT NULL,
  PRIMARY KEY (`id`),
  UNIQUE KEY `users_email_unique` (`email`),
  UNIQUE KEY `users_username_unique` (`username`)
) ENGINE=InnoDB AUTO_INCREMENT=2 DEFAULT CHARSET=utf8mb4 COLLATE=utf8mb4_unicode_ci;

--
-- Dumping data for table `users`
--

INSERT INTO `users` VALUES (1,'stamm.brandy@kohler.net',NULL,'$2y$12$vklhlqM8aslAzcHTmy4OG.xpGQuMVGGtGAMHL5nq6gehen4695jSC',NULL,'2025-05-01 21:06:38','2025-05-01 21:06:38','Dawson','Swift','admin',NULL,1,1,NULL,NULL);

--
-- Table structure for table `widgets`
--

CREATE TABLE `widgets` (
  `id` bigint unsigned NOT NULL AUTO_INCREMENT,
  `widget_id` varchar(120) COLLATE utf8mb4_unicode_ci NOT NULL,
  `sidebar_id` varchar(120) COLLATE utf8mb4_unicode_ci NOT NULL,
  `theme` varchar(120) COLLATE utf8mb4_unicode_ci NOT NULL,
  `position` tinyint unsigned NOT NULL DEFAULT '0',
  `data` text COLLATE utf8mb4_unicode_ci,
  `created_at` timestamp NULL DEFAULT NULL,
  `updated_at` timestamp NULL DEFAULT NULL,
  PRIMARY KEY (`id`)
) ENGINE=InnoDB AUTO_INCREMENT=13 DEFAULT CHARSET=utf8mb4 COLLATE=utf8mb4_unicode_ci;

--
-- Dumping data for table `widgets`
--

INSERT INTO `widgets` VALUES (1,'CustomMenuWidget','footer_sidebar','martfury',1,'{\"id\":\"CustomMenuWidget\",\"name\":\"Quick links\",\"menu_id\":\"quick-links\"}','2025-05-01 21:06:47','2025-05-01 21:06:47'),(2,'CustomMenuWidget','footer_sidebar','martfury',2,'{\"id\":\"CustomMenuWidget\",\"name\":\"Company\",\"menu_id\":\"company\"}','2025-05-01 21:06:47','2025-05-01 21:06:47'),(3,'CustomMenuWidget','footer_sidebar','martfury',3,'{\"id\":\"CustomMenuWidget\",\"name\":\"Business\",\"menu_id\":\"business\"}','2025-05-01 21:06:47','2025-05-01 21:06:47'),(4,'BlogSearchWidget','primary_sidebar','martfury',1,'{\"id\":\"BlogSearchWidget\",\"name\":\"Search\"}','2025-05-01 21:06:47','2025-05-01 21:06:47'),(5,'BlogCategoriesWidget','primary_sidebar','martfury',2,'{\"id\":\"BlogCategoriesWidget\",\"name\":\"Categories\"}','2025-05-01 21:06:47','2025-05-01 21:06:47'),(6,'RecentPostsWidget','primary_sidebar','martfury',3,'{\"id\":\"RecentPostsWidget\",\"name\":\"Recent Posts\"}','2025-05-01 21:06:47','2025-05-01 21:06:47'),(7,'TagsWidget','primary_sidebar','martfury',4,'{\"id\":\"TagsWidget\",\"name\":\"Popular Tags\"}','2025-05-01 21:06:47','2025-05-01 21:06:47'),(8,'ProductCategoriesWidget','bottom_footer_sidebar','martfury',1,'{\"id\":\"ProductCategoriesWidget\",\"name\":\"Consumer Electric\",\"categories\":[18,2,3,4,5,6,7]}','2025-05-01 21:06:47','2025-05-01 21:06:47'),(9,'ProductCategoriesWidget','bottom_footer_sidebar','martfury',2,'{\"id\":\"ProductCategoriesWidget\",\"name\":\"Clothing & Apparel\",\"categories\":[8,9,10,11,12]}','2025-05-01 21:06:47','2025-05-01 21:06:47'),(10,'ProductCategoriesWidget','bottom_footer_sidebar','martfury',3,'{\"id\":\"ProductCategoriesWidget\",\"name\":\"Home, Garden & Kitchen\",\"categories\":[13,14,15,16,17]}','2025-05-01 21:06:47','2025-05-01 21:06:47'),(11,'ProductCategoriesWidget','bottom_footer_sidebar','martfury',4,'{\"id\":\"ProductCategoriesWidget\",\"name\":\"Health & Beauty\",\"categories\":[20,21,22,23,24]}','2025-05-01 21:06:47','2025-05-01 21:06:47'),(12,'ProductCategoriesWidget','bottom_footer_sidebar','martfury',5,'{\"id\":\"ProductCategoriesWidget\",\"name\":\"Computer & Technologies\",\"categories\":[25,26,27,28,29,19]}','2025-05-01 21:06:47','2025-05-01 21:06:47');


