--
-- Host: 127.0.0.1    Database: martfury
-- ------------------------------------------------------


--
-- Table structure for table `activations`
--

CREATE TABLE `activations` (
  `id` bigint unsigned NOT NULL AUTO_INCREMENT,
  `user_id` bigint unsigned NOT NULL,
  `code` varchar(120) COLLATE utf8mb4_unicode_ci NOT NULL,
  `completed` tinyint(1) NOT NULL DEFAULT '0',
  `completed_at` timestamp NULL DEFAULT NULL,
  `created_at` timestamp NULL DEFAULT NULL,
  `updated_at` timestamp NULL DEFAULT NULL,
  PRIMARY KEY (`id`),
  KEY `activations_user_id_index` (`user_id`)
) ENGINE=InnoDB AUTO_INCREMENT=2 DEFAULT CHARSET=utf8mb4 COLLATE=utf8mb4_unicode_ci;

--
-- Dumping data for table `activations`
--

INSERT INTO `activations` VALUES (1,1,'ue0rQGnYoGUNvTJREl9bcBEZzksVki3r',1,'2025-05-01 21:06:38','2025-05-01 21:06:38','2025-05-01 21:06:38');

--
-- Table structure for table `admin_notifications`
--

CREATE TABLE `admin_notifications` (
  `id` bigint unsigned NOT NULL AUTO_INCREMENT,
  `title` varchar(191) COLLATE utf8mb4_unicode_ci NOT NULL,
  `action_label` varchar(191) COLLATE utf8mb4_unicode_ci DEFAULT NULL,
  `action_url` varchar(191) COLLATE utf8mb4_unicode_ci DEFAULT NULL,
  `description` varchar(400) COLLATE utf8mb4_unicode_ci DEFAULT NULL,
  `read_at` timestamp NULL DEFAULT NULL,
  `created_at` timestamp NULL DEFAULT NULL,
  `updated_at` timestamp NULL DEFAULT NULL,
  `permission` varchar(191) COLLATE utf8mb4_unicode_ci DEFAULT NULL,
  PRIMARY KEY (`id`)
) ENGINE=InnoDB DEFAULT CHARSET=utf8mb4 COLLATE=utf8mb4_unicode_ci;

--
-- Dumping data for table `admin_notifications`
--


--
-- Table structure for table `ads`
--

CREATE TABLE `ads` (
  `id` bigint unsigned NOT NULL AUTO_INCREMENT,
  `name` varchar(191) COLLATE utf8mb4_unicode_ci NOT NULL,
  `expired_at` datetime DEFAULT NULL,
  `location` varchar(120) COLLATE utf8mb4_unicode_ci DEFAULT NULL,
  `key` varchar(120) COLLATE utf8mb4_unicode_ci NOT NULL,
  `image` varchar(191) COLLATE utf8mb4_unicode_ci DEFAULT NULL,
  `url` varchar(191) COLLATE utf8mb4_unicode_ci DEFAULT NULL,
  `clicked` bigint NOT NULL DEFAULT '0',
  `order` int DEFAULT '0',
  `status` varchar(60) COLLATE utf8mb4_unicode_ci NOT NULL DEFAULT 'published',
  `created_at` timestamp NULL DEFAULT NULL,
  `updated_at` timestamp NULL DEFAULT NULL,
  `open_in_new_tab` tinyint(1) NOT NULL DEFAULT '1',
  `tablet_image` varchar(191) COLLATE utf8mb4_unicode_ci DEFAULT NULL,
  `mobile_image` varchar(191) COLLATE utf8mb4_unicode_ci DEFAULT NULL,
  `ads_type` varchar(191) COLLATE utf8mb4_unicode_ci DEFAULT NULL,
  `google_adsense_slot_id` varchar(191) COLLATE utf8mb4_unicode_ci DEFAULT NULL,
  PRIMARY KEY (`id`),
  UNIQUE KEY `ads_key_unique` (`key`)
) ENGINE=InnoDB AUTO_INCREMENT=10 DEFAULT CHARSET=utf8mb4 COLLATE=utf8mb4_unicode_ci;

--
-- Dumping data for table `ads`
--

INSERT INTO `ads` VALUES (1,'Top Slider Image 1','2030-05-02 00:00:00','not_set','VC2C8Q1UGCBG','promotion/1.jpg','/products',0,1,'published','2025-05-01 21:06:44','2025-05-01 21:06:44',1,NULL,NULL,NULL,NULL),(2,'Top Slider Image 2','2030-05-02 00:00:00','not_set','NBDWRXTSVZ8N','promotion/2.jpg','/products',0,2,'published','2025-05-01 21:06:44','2025-05-01 21:06:44',1,NULL,NULL,NULL,NULL),(3,'Homepage middle 1','2030-05-02 00:00:00','not_set','IZ6WU8KUALYD','promotion/3.jpg','/products',0,3,'published','2025-05-01 21:06:44','2025-05-01 21:06:44',1,NULL,NULL,NULL,NULL),(4,'Homepage middle 2','2030-05-02 00:00:00','not_set','ILSFJVYFGCPZ','promotion/4.jpg','/products',0,4,'published','2025-05-01 21:06:44','2025-05-01 21:06:44',1,NULL,NULL,NULL,NULL),(5,'Homepage middle 3','2030-05-02 00:00:00','not_set','ZDOZUZZIU7FT','promotion/5.jpg','/products',0,5,'published','2025-05-01 21:06:44','2025-05-01 21:06:44',1,NULL,NULL,NULL,NULL),(6,'Homepage big 1','2030-05-02 00:00:00','not_set','Q9YDUIC9HSWS','promotion/6.jpg','/products',0,6,'published','2025-05-01 21:06:44','2025-05-01 21:06:44',1,NULL,NULL,NULL,NULL),(7,'Homepage bottom small','2030-05-02 00:00:00','not_set','0JG3WDWCIY1F','promotion/7.jpg','/products',0,7,'published','2025-05-01 21:06:44','2025-05-01 21:06:44',1,NULL,NULL,NULL,NULL),(8,'Product sidebar','2030-05-02 00:00:00','product-sidebar','YAS6JYCEW5HX','promotion/8.jpg','/products',0,8,'published','2025-05-01 21:06:44','2025-05-01 21:06:44',1,NULL,NULL,NULL,NULL),(9,'Homepage big 2','2030-05-02 00:00:00','not_set','IZ6WU8KUALYE','promotion/9.jpg','/products',0,9,'published','2025-05-01 21:06:44','2025-05-01 21:06:44',1,NULL,NULL,NULL,NULL);

--
-- Table structure for table `ads_translations`
--

CREATE TABLE `ads_translations` (
  `lang_code` varchar(191) COLLATE utf8mb4_unicode_ci NOT NULL,
  `ads_id` bigint unsigned NOT NULL,
  `name` varchar(191) COLLATE utf8mb4_unicode_ci DEFAULT NULL,
  `image` varchar(191) COLLATE utf8mb4_unicode_ci DEFAULT NULL,
  `url` varchar(191) COLLATE utf8mb4_unicode_ci DEFAULT NULL,
  `tablet_image` varchar(191) COLLATE utf8mb4_unicode_ci DEFAULT NULL,
  `mobile_image` varchar(191) COLLATE utf8mb4_unicode_ci DEFAULT NULL,
  PRIMARY KEY (`lang_code`,`ads_id`)
) ENGINE=InnoDB DEFAULT CHARSET=utf8mb4 COLLATE=utf8mb4_unicode_ci;

--
-- Dumping data for table `ads_translations`
--


--
-- Table structure for table `audit_histories`
--

CREATE TABLE `audit_histories` (
  `id` bigint unsigned NOT NULL AUTO_INCREMENT,
  `user_id` bigint unsigned NOT NULL,
  `user_type` varchar(191) COLLATE utf8mb4_unicode_ci DEFAULT 'Botble\\ACL\\Models\\User',
  `module` varchar(60) COLLATE utf8mb4_unicode_ci NOT NULL,
  `request` longtext COLLATE utf8mb4_unicode_ci,
  `action` varchar(120) COLLATE utf8mb4_unicode_ci NOT NULL,
  `user_agent` text COLLATE utf8mb4_unicode_ci,
  `ip_address` varchar(45) COLLATE utf8mb4_unicode_ci DEFAULT NULL,
  `actor_id` bigint unsigned NOT NULL,
  `actor_type` varchar(191) COLLATE utf8mb4_unicode_ci DEFAULT 'Botble\\ACL\\Models\\User',
  `reference_id` bigint unsigned NOT NULL,
  `reference_name` varchar(191) COLLATE utf8mb4_unicode_ci NOT NULL,
  `type` varchar(20) COLLATE utf8mb4_unicode_ci NOT NULL,
  `created_at` timestamp NULL DEFAULT NULL,
  `updated_at` timestamp NULL DEFAULT NULL,
  PRIMARY KEY (`id`),
  KEY `audit_histories_user_id_index` (`user_id`),
  KEY `audit_histories_module_index` (`module`)
) ENGINE=InnoDB DEFAULT CHARSET=utf8mb4 COLLATE=utf8mb4_unicode_ci;

--
-- Dumping data for table `audit_histories`
--


--
-- Table structure for table `cache`
--

CREATE TABLE `cache` (
  `key` varchar(191) COLLATE utf8mb4_unicode_ci NOT NULL,
  `value` mediumtext COLLATE utf8mb4_unicode_ci NOT NULL,
  `expiration` int NOT NULL,
  PRIMARY KEY (`key`)
) ENGINE=InnoDB DEFAULT CHARSET=utf8mb4 COLLATE=utf8mb4_unicode_ci;

--
-- Dumping data for table `cache`
--


--
-- Table structure for table `cache_locks`
--

CREATE TABLE `cache_locks` (
  `key` varchar(191) COLLATE utf8mb4_unicode_ci NOT NULL,
  `owner` varchar(191) COLLATE utf8mb4_unicode_ci NOT NULL,
  `expiration` int NOT NULL,
  PRIMARY KEY (`key`)
) ENGINE=InnoDB DEFAULT CHARSET=utf8mb4 COLLATE=utf8mb4_unicode_ci;

--
-- Dumping data for table `cache_locks`
--


--
-- Table structure for table `categories`
--

CREATE TABLE `categories` (
  `id` bigint unsigned NOT NULL AUTO_INCREMENT,
  `name` varchar(120) COLLATE utf8mb4_unicode_ci NOT NULL,
  `parent_id` bigint unsigned NOT NULL DEFAULT '0',
  `description` varchar(400) COLLATE utf8mb4_unicode_ci DEFAULT NULL,
  `status` varchar(60) COLLATE utf8mb4_unicode_ci NOT NULL DEFAULT 'published',
  `author_id` bigint unsigned DEFAULT NULL,
  `author_type` varchar(191) COLLATE utf8mb4_unicode_ci NOT NULL DEFAULT 'Botble\\ACL\\Models\\User',
  `icon` varchar(60) COLLATE utf8mb4_unicode_ci DEFAULT NULL,
  `order` int unsigned NOT NULL DEFAULT '0',
  `is_featured` tinyint NOT NULL DEFAULT '0',
  `is_default` tinyint unsigned NOT NULL DEFAULT '0',
  `created_at` timestamp NULL DEFAULT NULL,
  `updated_at` timestamp NULL DEFAULT NULL,
  PRIMARY KEY (`id`),
  KEY `categories_parent_id_index` (`parent_id`),
  KEY `categories_status_index` (`status`),
  KEY `categories_created_at_index` (`created_at`)
) ENGINE=InnoDB AUTO_INCREMENT=5 DEFAULT CHARSET=utf8mb4 COLLATE=utf8mb4_unicode_ci;

--
-- Dumping data for table `categories`
--

INSERT INTO `categories` VALUES (1,'Ecommerce',0,'Illum voluptatibus inventore ut ullam. Perferendis et voluptate et minima corrupti dolorem. Perferendis ex suscipit ut doloremque.','published',1,'Botble\\ACL\\Models\\User',NULL,0,0,1,'2025-05-01 21:06:40','2025-05-01 21:06:40'),(2,'Fashion',0,'Non soluta exercitationem ut velit quasi tenetur. Iste repellendus cum temporibus sed. Minima atque nihil quidem rem.','published',1,'Botble\\ACL\\Models\\User',NULL,0,1,0,'2025-05-01 21:06:40','2025-05-01 21:06:40'),(3,'Electronic',0,'Exercitationem tempore et hic eos consequatur repellat consequatur est. Nihil qui dolor placeat et reprehenderit soluta. Sit pariatur velit est non.','published',1,'Botble\\ACL\\Models\\User',NULL,0,1,0,'2025-05-01 21:06:40','2025-05-01 21:06:40'),(4,'Commercial',0,'Qui doloremque eos voluptatibus ipsum quidem aspernatur in ut. In eos aperiam ex dolor aut sit vel soluta. Iusto praesentium cupiditate rem eos voluptatem architecto blanditiis.','published',1,'Botble\\ACL\\Models\\User',NULL,0,1,0,'2025-05-01 21:06:40','2025-05-01 21:06:40');

--
-- Table structure for table `categories_translations`
--

CREATE TABLE `categories_translations` (
  `lang_code` varchar(20) COLLATE utf8mb4_unicode_ci NOT NULL,
  `categories_id` bigint unsigned NOT NULL,
  `name` varchar(191) COLLATE utf8mb4_unicode_ci DEFAULT NULL,
  `description` varchar(400) COLLATE utf8mb4_unicode_ci DEFAULT NULL,
  PRIMARY KEY (`lang_code`,`categories_id`)
) ENGINE=InnoDB DEFAULT CHARSET=utf8mb4 COLLATE=utf8mb4_unicode_ci;

--
-- Dumping data for table `categories_translations`
--


--
-- Table structure for table `cities`
--

CREATE TABLE `cities` (
  `id` bigint unsigned NOT NULL AUTO_INCREMENT,
  `name` varchar(120) COLLATE utf8mb4_unicode_ci NOT NULL,
  `slug` varchar(120) COLLATE utf8mb4_unicode_ci DEFAULT NULL,
  `state_id` bigint unsigned DEFAULT NULL,
  `country_id` bigint unsigned DEFAULT NULL,
  `record_id` varchar(40) COLLATE utf8mb4_unicode_ci DEFAULT NULL,
  `order` tinyint NOT NULL DEFAULT '0',
  `image` varchar(191) COLLATE utf8mb4_unicode_ci DEFAULT NULL,
  `is_default` tinyint unsigned NOT NULL DEFAULT '0',
  `status` varchar(60) COLLATE utf8mb4_unicode_ci NOT NULL DEFAULT 'published',
  `created_at` timestamp NULL DEFAULT NULL,
  `updated_at` timestamp NULL DEFAULT NULL,
  `zip_code` varchar(20) COLLATE utf8mb4_unicode_ci DEFAULT NULL,
  PRIMARY KEY (`id`),
  UNIQUE KEY `cities_slug_unique` (`slug`)
) ENGINE=InnoDB DEFAULT CHARSET=utf8mb4 COLLATE=utf8mb4_unicode_ci;

--
-- Dumping data for table `cities`
--


--
-- Table structure for table `cities_translations`
--

CREATE TABLE `cities_translations` (
  `lang_code` varchar(20) COLLATE utf8mb4_unicode_ci NOT NULL,
  `cities_id` bigint unsigned NOT NULL,
  `name` varchar(120) COLLATE utf8mb4_unicode_ci DEFAULT NULL,
  `slug` varchar(120) COLLATE utf8mb4_unicode_ci DEFAULT NULL,
  PRIMARY KEY (`lang_code`,`cities_id`)
) ENGINE=InnoDB DEFAULT CHARSET=utf8mb4 COLLATE=utf8mb4_unicode_ci;

--
-- Dumping data for table `cities_translations`
--


--
-- Table structure for table `contact_custom_field_options`
--

CREATE TABLE `contact_custom_field_options` (
  `id` bigint unsigned NOT NULL AUTO_INCREMENT,
  `custom_field_id` bigint unsigned NOT NULL,
  `label` varchar(191) COLLATE utf8mb4_unicode_ci DEFAULT NULL,
  `value` varchar(191) COLLATE utf8mb4_unicode_ci NOT NULL,
  `order` int NOT NULL DEFAULT '999',
  `created_at` timestamp NULL DEFAULT NULL,
  `updated_at` timestamp NULL DEFAULT NULL,
  PRIMARY KEY (`id`)
) ENGINE=InnoDB DEFAULT CHARSET=utf8mb4 COLLATE=utf8mb4_unicode_ci;

--
-- Dumping data for table `contact_custom_field_options`
--


--
-- Table structure for table `contact_custom_field_options_translations`
--

CREATE TABLE `contact_custom_field_options_translations` (
  `contact_custom_field_options_id` bigint unsigned NOT NULL,
  `lang_code` varchar(191) COLLATE utf8mb4_unicode_ci NOT NULL,
  `label` varchar(191) COLLATE utf8mb4_unicode_ci DEFAULT NULL,
  `value` varchar(191) COLLATE utf8mb4_unicode_ci DEFAULT NULL,
  PRIMARY KEY (`lang_code`,`contact_custom_field_options_id`)
) ENGINE=InnoDB DEFAULT CHARSET=utf8mb4 COLLATE=utf8mb4_unicode_ci;

--
-- Dumping data for table `contact_custom_field_options_translations`
--


--
-- Table structure for table `contact_custom_fields`
--

CREATE TABLE `contact_custom_fields` (
  `id` bigint unsigned NOT NULL AUTO_INCREMENT,
  `type` varchar(191) COLLATE utf8mb4_unicode_ci NOT NULL,
  `required` tinyint(1) NOT NULL DEFAULT '0',
  `name` varchar(191) COLLATE utf8mb4_unicode_ci NOT NULL,
  `placeholder` varchar(191) COLLATE utf8mb4_unicode_ci DEFAULT NULL,
  `order` int NOT NULL DEFAULT '999',
  `status` varchar(191) COLLATE utf8mb4_unicode_ci NOT NULL DEFAULT 'published',
  `created_at` timestamp NULL DEFAULT NULL,
  `updated_at` timestamp NULL DEFAULT NULL,
  PRIMARY KEY (`id`)
) ENGINE=InnoDB DEFAULT CHARSET=utf8mb4 COLLATE=utf8mb4_unicode_ci;

--
-- Dumping data for table `contact_custom_fields`
--


--
-- Table structure for table `contact_custom_fields_translations`
--

CREATE TABLE `contact_custom_fields_translations` (
  `contact_custom_fields_id` bigint unsigned NOT NULL,
  `lang_code` varchar(191) COLLATE utf8mb4_unicode_ci NOT NULL,
  `name` varchar(191) COLLATE utf8mb4_unicode_ci DEFAULT NULL,
  `placeholder` varchar(191) COLLATE utf8mb4_unicode_ci DEFAULT NULL,
  PRIMARY KEY (`lang_code`,`contact_custom_fields_id`)
) ENGINE=InnoDB DEFAULT CHARSET=utf8mb4 COLLATE=utf8mb4_unicode_ci;

--
-- Dumping data for table `contact_custom_fields_translations`
--


--
-- Table structure for table `contact_replies`
--

CREATE TABLE `contact_replies` (
  `id` bigint unsigned NOT NULL AUTO_INCREMENT,
  `message` longtext COLLATE utf8mb4_unicode_ci NOT NULL,
  `contact_id` bigint unsigned NOT NULL,
  `created_at` timestamp NULL DEFAULT NULL,
  `updated_at` timestamp NULL DEFAULT NULL,
  PRIMARY KEY (`id`)
) ENGINE=InnoDB DEFAULT CHARSET=utf8mb4 COLLATE=utf8mb4_unicode_ci;

--
-- Dumping data for table `contact_replies`
--


--
-- Table structure for table `contacts`
--

CREATE TABLE `contacts` (
  `id` bigint unsigned NOT NULL AUTO_INCREMENT,
  `name` varchar(60) COLLATE utf8mb4_unicode_ci NOT NULL,
  `email` varchar(60) COLLATE utf8mb4_unicode_ci DEFAULT NULL,
  `phone` varchar(60) COLLATE utf8mb4_unicode_ci DEFAULT NULL,
  `address` varchar(120) COLLATE utf8mb4_unicode_ci DEFAULT NULL,
  `subject` varchar(120) COLLATE utf8mb4_unicode_ci DEFAULT NULL,
  `content` longtext COLLATE utf8mb4_unicode_ci NOT NULL,
  `custom_fields` text COLLATE utf8mb4_unicode_ci,
  `status` varchar(60) COLLATE utf8mb4_unicode_ci NOT NULL DEFAULT 'unread',
  `created_at` timestamp NULL DEFAULT NULL,
  `updated_at` timestamp NULL DEFAULT NULL,
  PRIMARY KEY (`id`)
) ENGINE=InnoDB AUTO_INCREMENT=11 DEFAULT CHARSET=utf8mb4 COLLATE=utf8mb4_unicode_ci;

--
-- Dumping data for table `contacts`
--

INSERT INTO `contacts` VALUES (1,'Miss Lenna Conn','ashtyn97@example.net','260.612.3019','3454 Langosh Ferry Suite 733\nBrendaside, NE 68864-0596','Nam aspernatur aut velit ea a voluptas.','Qui qui occaecati culpa. Id sed ut quos itaque placeat voluptatum. Earum necessitatibus aut harum placeat quia error. Numquam deserunt blanditiis est. Ut fugiat aperiam ut ipsam. Voluptatem dicta modi qui libero nihil enim qui. Est aut qui et asperiores qui aspernatur. Dignissimos et dicta voluptates quia. Quae consequuntur quia excepturi. Et quidem temporibus cum ipsa quae. Repudiandae quia autem aut neque. Harum voluptatem incidunt magni explicabo.',NULL,'unread','2025-05-01 21:06:37','2025-05-01 21:06:37'),(2,'Bret Frami','dstiedemann@example.com','+1-341-581-5143','430 Ahmad Knoll Apt. 489\nLake Hiramchester, ME 18248','Eaque est voluptatibus rerum repellendus culpa.','Ab iste totam repellendus inventore quia et sapiente. Optio illo modi minus quis saepe. Dolores vel molestiae quasi quisquam aut dolor blanditiis. Vitae rem fugit ut dicta quod. Modi enim nulla perspiciatis libero perferendis ea. Laborum totam voluptatum quo sequi unde qui eaque quo. Unde ab blanditiis debitis ut impedit nostrum. Aliquid est in laborum perspiciatis voluptates impedit veritatis alias.',NULL,'read','2025-05-01 21:06:37','2025-05-01 21:06:37'),(3,'Annalise Hoppe I','mackenzie82@example.org','+1.234.983.8240','4546 Kihn Lock Apt. 001\nKovacekfort, ID 64348-0150','Vel aut ullam unde eligendi odit.','Reiciendis doloribus quod dolore officiis. Nobis quia nisi nam cum recusandae quis. Mollitia aspernatur eum corrupti sit quas molestiae recusandae. Odit ducimus nihil laudantium blanditiis molestias. Est ut voluptate non labore saepe et. Cumque qui eaque debitis eum. Vitae rerum vel quas aut aut. Totam ratione ut veniam quisquam quo exercitationem impedit.',NULL,'read','2025-05-01 21:06:37','2025-05-01 21:06:37'),(4,'Zackary Harber','effie.graham@example.com','484-586-7400','129 Rosemarie Place Suite 617\nArvillastad, NE 36057','Temporibus cupiditate nulla sunt numquam.','Perspiciatis facere dignissimos voluptatum esse optio perferendis. Veritatis quasi consequatur ipsa quam. Et qui atque maiores ea et aut sit. Qui repellat amet dolor soluta enim quis. Et odio quia porro eius et quibusdam omnis. Est unde odit harum quam aut fuga nam. Enim ut rerum sint eum optio aperiam. Praesentium consequuntur est eos vero itaque non sit. Dolores recusandae a odio quia. Molestiae tempore et quasi et cupiditate maxime. Qui ea esse quo quos quisquam.',NULL,'read','2025-05-01 21:06:37','2025-05-01 21:06:37'),(5,'Mr. Arne Hammes V','alexa.jaskolski@example.org','(541) 563-9345','1548 Leatha Land Apt. 796\nGoldaport, GA 69855-4292','Autem quae sunt incidunt atque maxime cum.','Nemo corporis in excepturi. Maiores vel placeat aut ducimus quos hic tenetur est. Laborum qui magni maxime ducimus quo magni. Sit facere ex pariatur omnis. Maxime beatae quibusdam doloribus enim quasi recusandae. Delectus sed neque assumenda eos adipisci exercitationem. Enim laudantium modi sed blanditiis iste eum voluptas. Corporis laboriosam minus quas ut quo. Facere enim illo possimus velit et non.',NULL,'read','2025-05-01 21:06:37','2025-05-01 21:06:37'),(6,'Ms. Pansy Konopelski PhD','fgoldner@example.org','+1.517.859.3273','82620 Dawn Mews Apt. 506\nElishaside, NH 13588','Nemo sunt atque cumque.','Quia libero rerum reiciendis ducimus impedit quia. Quibusdam omnis et quis delectus repellendus itaque sit qui. Cum nesciunt ex officia error culpa ipsum eius. Veritatis quis eos molestiae. Harum voluptatem quae sapiente enim dicta ipsam. Quia a quam exercitationem. Aliquam mollitia placeat iusto est quidem. Praesentium ipsa quo quisquam nesciunt quia. Veniam quia sunt et aut.',NULL,'read','2025-05-01 21:06:37','2025-05-01 21:06:37'),(7,'Ashleigh Lesch PhD','bbarton@example.org','480-904-8108','37049 Sterling Canyon Apt. 276\nNorth Chester, MD 98406','Dolores rerum quidem est ut.','Placeat architecto velit temporibus suscipit adipisci rerum. In quod dicta rerum voluptatum enim molestiae nam. Magni voluptate dignissimos similique voluptas quia inventore veniam. Ducimus ea ut libero quod eos veniam. Id nihil tempore autem quia. Reiciendis laboriosam rem optio ipsum ea natus. Natus cupiditate tempore tempore dignissimos.',NULL,'unread','2025-05-01 21:06:37','2025-05-01 21:06:37'),(8,'Mrs. Yasmin Hamill Sr.','bfriesen@example.org','(551) 200-5496','620 Julia Centers\nEast Zakary, CT 57974-6813','Est qui non dolor id. Cum et quia quis assumenda.','Illo corrupti cupiditate vero accusantium. Fugit sit quia et. Et excepturi quod adipisci eos et impedit culpa ea. Velit enim facilis voluptatem. Et beatae recusandae et. Voluptatibus vel aut vitae omnis quia modi reprehenderit. Molestiae molestiae aut maxime. Harum vero excepturi vitae. Laborum non eum soluta laborum impedit ea optio. Enim in ut iure. Eum nobis alias ipsum dignissimos tempore impedit. Nemo voluptatem dolor dolorum tempora eveniet sint. Atque esse animi culpa.',NULL,'read','2025-05-01 21:06:37','2025-05-01 21:06:37'),(9,'Marvin Rowe','ywilliamson@example.com','307.468.4312','9199 Gerson Heights Apt. 952\nSouth Elyse, OH 00628','Et quas quos amet est commodi dolor.','Reprehenderit aspernatur vel cumque eaque consequatur. Maxime veritatis explicabo aut commodi sed. Animi possimus cum suscipit vel. Maxime tenetur ex voluptatem nulla impedit. Perspiciatis voluptate dolorem nostrum quod in cupiditate iusto cupiditate. A dolor animi debitis aut qui. Quaerat nihil eligendi minima et. Aliquid perferendis aliquam itaque aut. Repellat ut cumque quod est perspiciatis voluptates explicabo. Et voluptate ipsa facilis nostrum et ut fugiat molestias.',NULL,'unread','2025-05-01 21:06:37','2025-05-01 21:06:37'),(10,'Ms. Lizeth Hickle MD','keshawn79@example.net','+13379098947','836 Sage Valleys\nRoelberg, VA 17544','Perferendis et qui repudiandae voluptas.','Consequatur et corrupti debitis provident sunt iusto. Consequatur sit qui dignissimos et qui veniam molestiae. Quia aut veniam sed inventore ut perspiciatis. A est est non aperiam. Esse officia voluptatum consectetur id ut ut amet praesentium. Dicta dolorem reprehenderit fuga saepe voluptate saepe ducimus. Quia et ratione rerum magni dolor. Ratione voluptatem velit optio esse. Saepe repellat voluptatem placeat aliquam.',NULL,'read','2025-05-01 21:06:37','2025-05-01 21:06:37');

--
-- Table structure for table `countries`
--

CREATE TABLE `countries` (
  `id` bigint unsigned NOT NULL AUTO_INCREMENT,
  `name` varchar(120) COLLATE utf8mb4_unicode_ci NOT NULL,
  `nationality` varchar(120) COLLATE utf8mb4_unicode_ci DEFAULT NULL,
  `order` tinyint NOT NULL DEFAULT '0',
  `image` varchar(191) COLLATE utf8mb4_unicode_ci DEFAULT NULL,
  `is_default` tinyint unsigned NOT NULL DEFAULT '0',
  `status` varchar(60) COLLATE utf8mb4_unicode_ci NOT NULL DEFAULT 'published',
  `created_at` timestamp NULL DEFAULT NULL,
  `updated_at` timestamp NULL DEFAULT NULL,
  `code` varchar(10) COLLATE utf8mb4_unicode_ci DEFAULT NULL,
  PRIMARY KEY (`id`)
) ENGINE=InnoDB DEFAULT CHARSET=utf8mb4 COLLATE=utf8mb4_unicode_ci;

--
-- Dumping data for table `countries`
--


--
-- Table structure for table `countries_translations`
--

CREATE TABLE `countries_translations` (
  `lang_code` varchar(20) COLLATE utf8mb4_unicode_ci NOT NULL,
  `countries_id` bigint unsigned NOT NULL,
  `name` varchar(120) COLLATE utf8mb4_unicode_ci DEFAULT NULL,
  `nationality` varchar(120) COLLATE utf8mb4_unicode_ci DEFAULT NULL,
  PRIMARY KEY (`lang_code`,`countries_id`)
) ENGINE=InnoDB DEFAULT CHARSET=utf8mb4 COLLATE=utf8mb4_unicode_ci;

--
-- Dumping data for table `countries_translations`
--


--
-- Table structure for table `dashboard_widget_settings`
--

CREATE TABLE `dashboard_widget_settings` (
  `id` bigint unsigned NOT NULL AUTO_INCREMENT,
  `settings` text COLLATE utf8mb4_unicode_ci,
  `user_id` bigint unsigned NOT NULL,
  `widget_id` bigint unsigned NOT NULL,
  `order` tinyint unsigned NOT NULL DEFAULT '0',
  `status` tinyint unsigned NOT NULL DEFAULT '1',
  `created_at` timestamp NULL DEFAULT NULL,
  `updated_at` timestamp NULL DEFAULT NULL,
  PRIMARY KEY (`id`),
  KEY `dashboard_widget_settings_user_id_index` (`user_id`),
  KEY `dashboard_widget_settings_widget_id_index` (`widget_id`)
) ENGINE=InnoDB DEFAULT CHARSET=utf8mb4 COLLATE=utf8mb4_unicode_ci;

--
-- Dumping data for table `dashboard_widget_settings`
--


--
-- Table structure for table `dashboard_widgets`
--

CREATE TABLE `dashboard_widgets` (
  `id` bigint unsigned NOT NULL AUTO_INCREMENT,
  `name` varchar(120) COLLATE utf8mb4_unicode_ci NOT NULL,
  `created_at` timestamp NULL DEFAULT NULL,
  `updated_at` timestamp NULL DEFAULT NULL,
  PRIMARY KEY (`id`)
) ENGINE=InnoDB DEFAULT CHARSET=utf8mb4 COLLATE=utf8mb4_unicode_ci;

--
-- Dumping data for table `dashboard_widgets`
--


--
-- Table structure for table `ec_brands`
--

CREATE TABLE `ec_brands` (
  `id` bigint unsigned NOT NULL AUTO_INCREMENT,
  `name` varchar(191) COLLATE utf8mb4_unicode_ci NOT NULL,
  `description` mediumtext COLLATE utf8mb4_unicode_ci,
  `website` varchar(191) COLLATE utf8mb4_unicode_ci DEFAULT NULL,
  `logo` varchar(191) COLLATE utf8mb4_unicode_ci DEFAULT NULL,
  `status` varchar(60) COLLATE utf8mb4_unicode_ci NOT NULL DEFAULT 'published',
  `order` tinyint unsigned NOT NULL DEFAULT '0',
  `is_featured` tinyint unsigned NOT NULL DEFAULT '0',
  `created_at` timestamp NULL DEFAULT NULL,
  `updated_at` timestamp NULL DEFAULT NULL,
  PRIMARY KEY (`id`)
) ENGINE=InnoDB AUTO_INCREMENT=8 DEFAULT CHARSET=utf8mb4 COLLATE=utf8mb4_unicode_ci;

--
-- Dumping data for table `ec_brands`
--

INSERT INTO `ec_brands` VALUES (1,'Fashion live',NULL,NULL,'brands/1.jpg','published',0,1,'2025-05-01 21:06:11','2025-05-01 21:06:11'),(2,'Hand crafted',NULL,NULL,'brands/2.jpg','published',1,1,'2025-05-01 21:06:11','2025-05-01 21:06:11'),(3,'Mestonix',NULL,NULL,'brands/3.jpg','published',2,1,'2025-05-01 21:06:11','2025-05-01 21:06:11'),(4,'Sunshine',NULL,NULL,'brands/4.jpg','published',3,1,'2025-05-01 21:06:11','2025-05-01 21:06:11'),(5,'Pure',NULL,NULL,'brands/5.jpg','published',4,1,'2025-05-01 21:06:11','2025-05-01 21:06:11'),(6,'Anfold',NULL,NULL,'brands/6.jpg','published',5,1,'2025-05-01 21:06:11','2025-05-01 21:06:11'),(7,'Automotive',NULL,NULL,'brands/7.jpg','published',6,1,'2025-05-01 21:06:11','2025-05-01 21:06:11');

--
-- Table structure for table `ec_brands_translations`
--

CREATE TABLE `ec_brands_translations` (
  `lang_code` varchar(191) COLLATE utf8mb4_unicode_ci NOT NULL,
  `ec_brands_id` bigint unsigned NOT NULL,
  `name` varchar(191) COLLATE utf8mb4_unicode_ci DEFAULT NULL,
  `description` mediumtext COLLATE utf8mb4_unicode_ci,
  PRIMARY KEY (`lang_code`,`ec_brands_id`)
) ENGINE=InnoDB DEFAULT CHARSET=utf8mb4 COLLATE=utf8mb4_unicode_ci;

--
-- Dumping data for table `ec_brands_translations`
--


--
-- Table structure for table `ec_cart`
--

CREATE TABLE `ec_cart` (
  `identifier` varchar(60) COLLATE utf8mb4_unicode_ci NOT NULL,
  `instance` varchar(60) COLLATE utf8mb4_unicode_ci NOT NULL,
  `content` longtext COLLATE utf8mb4_unicode_ci NOT NULL,
  `created_at` timestamp NULL DEFAULT NULL,
  `updated_at` timestamp NULL DEFAULT NULL,
  PRIMARY KEY (`identifier`,`instance`)
) ENGINE=InnoDB DEFAULT CHARSET=utf8mb4 COLLATE=utf8mb4_unicode_ci;

--
-- Dumping data for table `ec_cart`
--


--
-- Table structure for table `ec_currencies`
--

CREATE TABLE `ec_currencies` (
  `id` bigint unsigned NOT NULL AUTO_INCREMENT,
  `title` varchar(191) COLLATE utf8mb4_unicode_ci NOT NULL,
  `symbol` varchar(10) COLLATE utf8mb4_unicode_ci NOT NULL,
  `is_prefix_symbol` tinyint unsigned NOT NULL DEFAULT '0',
  `decimals` tinyint unsigned DEFAULT '0',
  `order` int unsigned DEFAULT '0',
  `is_default` tinyint NOT NULL DEFAULT '0',
  `exchange_rate` double NOT NULL DEFAULT '1',
  `created_at` timestamp NULL DEFAULT NULL,
  `updated_at` timestamp NULL DEFAULT NULL,
  PRIMARY KEY (`id`)
) ENGINE=InnoDB AUTO_INCREMENT=5 DEFAULT CHARSET=utf8mb4 COLLATE=utf8mb4_unicode_ci;

--
-- Dumping data for table `ec_currencies`
--

INSERT INTO `ec_currencies` VALUES (1,'USD','$',1,2,0,1,1,'2025-05-01 21:06:11','2025-05-01 21:06:11'),(2,'EUR','€',0,2,1,0,0.84,'2025-05-01 21:06:11','2025-05-01 21:06:11'),(3,'VND','₫',0,0,2,0,23203,'2025-05-01 21:06:11','2025-05-01 21:06:11'),(4,'NGN','₦',1,2,2,0,895.52,'2025-05-01 21:06:11','2025-05-01 21:06:11');

--
-- Table structure for table `ec_customer_addresses`
--

CREATE TABLE `ec_customer_addresses` (
  `id` bigint unsigned NOT NULL AUTO_INCREMENT,
  `name` varchar(191) COLLATE utf8mb4_unicode_ci NOT NULL,
  `email` varchar(60) COLLATE utf8mb4_unicode_ci DEFAULT NULL,
  `phone` varchar(20) COLLATE utf8mb4_unicode_ci DEFAULT NULL,
  `country` varchar(120) COLLATE utf8mb4_unicode_ci DEFAULT NULL,
  `state` varchar(120) COLLATE utf8mb4_unicode_ci DEFAULT NULL,
  `city` varchar(120) COLLATE utf8mb4_unicode_ci DEFAULT NULL,
  `address` varchar(191) COLLATE utf8mb4_unicode_ci DEFAULT NULL,
  `customer_id` bigint unsigned NOT NULL,
  `is_default` tinyint unsigned NOT NULL DEFAULT '0',
  `created_at` timestamp NULL DEFAULT NULL,
  `updated_at` timestamp NULL DEFAULT NULL,
  `zip_code` varchar(20) COLLATE utf8mb4_unicode_ci DEFAULT NULL,
  PRIMARY KEY (`id`)
) ENGINE=InnoDB AUTO_INCREMENT=13 DEFAULT CHARSET=utf8mb4 COLLATE=utf8mb4_unicode_ci;

--
-- Dumping data for table `ec_customer_addresses`
--

INSERT INTO `ec_customer_addresses` VALUES (1,'Mr. Ransom Nicolas','customer@botble.com','+14072372361','CF','Arkansas','Volkmanville','826 Hammes Canyon',1,1,'2025-05-01 21:06:30','2025-05-01 21:06:30','49432'),(2,'Mr. Ransom Nicolas','customer@botble.com','+12293173902','VU','Connecticut','North Freedaburgh','592 Lynch Trail',1,0,'2025-05-01 21:06:30','2025-05-01 21:06:30','66658-1980'),(3,'Nicholaus Bednar','vendor@botble.com','+13306101938','OM','Illinois','Justonmouth','54931 Nadia Run Apt. 578',2,1,'2025-05-01 21:06:31','2025-05-01 21:06:31','15764-1892'),(4,'Nicholaus Bednar','vendor@botble.com','+12393771343','SB','Wyoming','Thielfort','33063 Gardner Trafficway',2,0,'2025-05-01 21:06:31','2025-05-01 21:06:31','65996'),(5,'Theo Koelpin DVM','olockman@example.net','+17276658142','TT','New Hampshire','Hillsfort','28310 Erna Junctions',3,1,'2025-05-01 21:06:31','2025-05-01 21:06:31','14373-7947'),(6,'Dr. Demarcus Schaefer MD','watson.shanahan@example.net','+15318097786','MF','Alabama','West Zolamouth','3265 Alia Creek',4,1,'2025-05-01 21:06:32','2025-05-01 21:06:32','82862-4911'),(7,'Gaston O\'Conner V','steuber.rey@example.com','+15402653677','PM','South Carolina','Christhaven','929 Brandt Mills',5,1,'2025-05-01 21:06:32','2025-05-01 21:06:32','28838-8209'),(8,'Alessandro Green','tiara76@example.org','+15615206396','GG','South Carolina','Zemlakmouth','756 Freida Forest',6,1,'2025-05-01 21:06:33','2025-05-01 21:06:33','34740-9086'),(9,'Meta Shanahan','gbernier@example.com','+19369840509','WS','Utah','Kaceytown','417 Kshlerin Vista Apt. 970',7,1,'2025-05-01 21:06:33','2025-05-01 21:06:33','68334'),(10,'Mireya Kshlerin','odie02@example.com','+15807555397','CU','New Jersey','Isadoreborough','297 Kilback Parkways',8,1,'2025-05-01 21:06:34','2025-05-01 21:06:34','12710-3419'),(11,'Dr. Haley Grady','gshields@example.com','+19182665041','DE','Utah','North Marcella','774 Kenneth Path',9,1,'2025-05-01 21:06:35','2025-05-01 21:06:35','53295'),(12,'Ms. Kenna Schoen III','olebsack@example.net','+13104190049','TD','Nevada','Lake Clara','96109 Thaddeus Flat Suite 451',10,1,'2025-05-01 21:06:36','2025-05-01 21:06:36','09410');

--
-- Table structure for table `ec_customer_password_resets`
--

CREATE TABLE `ec_customer_password_resets` (
  `email` varchar(191) COLLATE utf8mb4_unicode_ci NOT NULL,
  `token` varchar(191) COLLATE utf8mb4_unicode_ci NOT NULL,
  `created_at` timestamp NULL DEFAULT NULL,
  KEY `ec_customer_password_resets_email_index` (`email`),
  KEY `ec_customer_password_resets_token_index` (`token`)
) ENGINE=InnoDB DEFAULT CHARSET=utf8mb4 COLLATE=utf8mb4_unicode_ci;

--
-- Dumping data for table `ec_customer_password_resets`
--


--
-- Table structure for table `ec_customer_recently_viewed_products`
--

CREATE TABLE `ec_customer_recently_viewed_products` (
  `id` bigint unsigned NOT NULL AUTO_INCREMENT,
  `customer_id` bigint unsigned NOT NULL,
  `product_id` bigint unsigned NOT NULL,
  PRIMARY KEY (`id`)
) ENGINE=InnoDB DEFAULT CHARSET=utf8mb4 COLLATE=utf8mb4_unicode_ci;

--
-- Dumping data for table `ec_customer_recently_viewed_products`
--


--
-- Table structure for table `ec_customer_used_coupons`
--

CREATE TABLE `ec_customer_used_coupons` (
  `discount_id` bigint unsigned NOT NULL,
  `customer_id` bigint unsigned NOT NULL,
  PRIMARY KEY (`discount_id`,`customer_id`)
) ENGINE=InnoDB DEFAULT CHARSET=utf8mb4 COLLATE=utf8mb4_unicode_ci;

--
-- Dumping data for table `ec_customer_used_coupons`
--


--
-- Table structure for table `ec_customers`
--

CREATE TABLE `ec_customers` (
  `id` bigint unsigned NOT NULL AUTO_INCREMENT,
  `name` varchar(191) COLLATE utf8mb4_unicode_ci NOT NULL,
  `email` varchar(191) COLLATE utf8mb4_unicode_ci DEFAULT NULL,
  `password` varchar(191) COLLATE utf8mb4_unicode_ci NOT NULL,
  `avatar` varchar(191) COLLATE utf8mb4_unicode_ci DEFAULT NULL,
  `dob` date DEFAULT NULL,
  `phone` varchar(20) COLLATE utf8mb4_unicode_ci DEFAULT NULL,
  `remember_token` varchar(100) COLLATE utf8mb4_unicode_ci DEFAULT NULL,
  `created_at` timestamp NULL DEFAULT NULL,
  `updated_at` timestamp NULL DEFAULT NULL,
  `confirmed_at` datetime DEFAULT NULL,
  `email_verify_token` varchar(120) COLLATE utf8mb4_unicode_ci DEFAULT NULL,
  `status` varchar(60) COLLATE utf8mb4_unicode_ci NOT NULL DEFAULT 'activated',
  `block_reason` varchar(400) COLLATE utf8mb4_unicode_ci DEFAULT NULL,
  `private_notes` text COLLATE utf8mb4_unicode_ci,
  `is_vendor` tinyint(1) NOT NULL DEFAULT '0',
  `vendor_verified_at` datetime DEFAULT NULL,
  `stripe_account_id` varchar(191) COLLATE utf8mb4_unicode_ci DEFAULT NULL,
  `stripe_account_active` tinyint(1) NOT NULL DEFAULT '0',
  PRIMARY KEY (`id`),
  UNIQUE KEY `ec_customers_email_unique` (`email`)
) ENGINE=InnoDB AUTO_INCREMENT=11 DEFAULT CHARSET=utf8mb4 COLLATE=utf8mb4_unicode_ci;

--
-- Dumping data for table `ec_customers`
--

INSERT INTO `ec_customers` VALUES (1,'Mr. Ransom Nicolas','customer@botble.com','$2y$12$ojLVBC8HOzO7kETPhsmpoeV1Y.IWd2Jo0QKz6v8seOE5ncMZVXfPe','customers/8.jpg','2003-04-23','+13808566904',NULL,'2025-05-01 21:06:30','2025-05-01 21:06:30','2025-05-02 04:06:30',NULL,'activated',NULL,NULL,0,NULL,NULL,0),(2,'Nicholaus Bednar','vendor@botble.com','$2y$12$svlo88vpYimEr9heMuV1hODNOQpWK5W6ji1w6yA4W0ye4a55TFFGy','customers/9.jpg','1981-04-30','+12569639353',NULL,'2025-05-01 21:06:31','2025-05-01 21:06:49','2025-05-02 04:06:31',NULL,'activated',NULL,NULL,1,'2025-05-02 04:06:49',NULL,0),(3,'Theo Koelpin DVM','olockman@example.net','$2y$12$EMiRhjc0XNHcRIwBOTBNZ.soY0nc8CVWTrtjpK5GXhhotPWZqD/He','customers/1.jpg','1990-04-28','+18389031041',NULL,'2025-05-01 21:06:31','2025-05-01 21:06:31','2025-05-02 04:06:31',NULL,'activated',NULL,NULL,0,NULL,NULL,0),(4,'Dr. Demarcus Schaefer MD','watson.shanahan@example.net','$2y$12$uneP6DfCxpur5TRx0pvHfOnQRB/3SN0RkeHTGNczb9cTbxJ5pbQRS','customers/2.jpg','1993-04-10','+16515332749',NULL,'2025-05-01 21:06:32','2025-05-01 21:06:32','2025-05-02 04:06:32',NULL,'activated',NULL,NULL,0,NULL,NULL,0),(5,'Gaston O\'Conner V','steuber.rey@example.com','$2y$12$k8XgcVl3EbqYZce7F4XWQOfmYv9gVnWchJCU7X3vWbR7ZaQBMgVi2','customers/3.jpg','1997-04-14','+13328472450',NULL,'2025-05-01 21:06:32','2025-05-01 21:06:49','2025-05-02 04:06:32',NULL,'activated',NULL,NULL,1,'2025-05-02 04:06:49',NULL,0),(6,'Alessandro Green','tiara76@example.org','$2y$12$j2ZgHVqtc2541C5SUD6rF.EYIaED3qwDrgKUQ88JwMpDvzRO9EjU6','customers/4.jpg','2004-04-04','+13235289179',NULL,'2025-05-01 21:06:33','2025-05-01 21:06:50','2025-05-02 04:06:33',NULL,'activated',NULL,NULL,1,'2025-05-02 04:06:50',NULL,0),(7,'Meta Shanahan','gbernier@example.com','$2y$12$jNg4GJE8i4wOKjB9tIp2CeILpj3OHvG6/PRfpbP9GN5QFmxuznixq','customers/5.jpg','1997-04-05','+14257040659',NULL,'2025-05-01 21:06:33','2025-05-01 21:06:50','2025-05-02 04:06:33',NULL,'activated',NULL,NULL,1,'2025-05-02 04:06:50',NULL,0),(8,'Mireya Kshlerin','odie02@example.com','$2y$12$dwKs2ibBx83R5t2fpSvkqeXbCiZ42KfABHvb4rO1RkooCWsF2y1Jm','customers/6.jpg','1979-04-14','+16625009470',NULL,'2025-05-01 21:06:34','2025-05-01 21:06:34','2025-05-02 04:06:34',NULL,'activated',NULL,NULL,0,NULL,NULL,0),(9,'Dr. Haley Grady','gshields@example.com','$2y$12$VfdFtEr5KNU7FH4Lv7C/9.OVsJNLjOD0znAzA3HPA8/3R5YMVGidi','customers/7.jpg','1999-04-13','+12674433971',NULL,'2025-05-01 21:06:35','2025-05-01 21:06:35','2025-05-02 04:06:35',NULL,'activated',NULL,NULL,0,NULL,NULL,0),(10,'Ms. Kenna Schoen III','olebsack@example.net','$2y$12$hRXG2FC9.WxYla.PAu9HM.LCtpsK1ilqEaquvCRDhf54Qgg9doObm','customers/8.jpg','1996-04-10','+14809561832',NULL,'2025-05-01 21:06:35','2025-05-01 21:06:51','2025-05-02 04:06:36',NULL,'activated',NULL,NULL,1,'2025-05-02 04:06:51',NULL,0);

--
-- Table structure for table `ec_discount_customers`
--

CREATE TABLE `ec_discount_customers` (
  `discount_id` bigint unsigned NOT NULL,
  `customer_id` bigint unsigned NOT NULL,
  PRIMARY KEY (`discount_id`,`customer_id`)
) ENGINE=InnoDB DEFAULT CHARSET=utf8mb4 COLLATE=utf8mb4_unicode_ci;

--
-- Dumping data for table `ec_discount_customers`
--


--
-- Table structure for table `ec_discount_product_categories`
--

CREATE TABLE `ec_discount_product_categories` (
  `discount_id` bigint unsigned NOT NULL,
  `product_category_id` bigint unsigned NOT NULL,
  PRIMARY KEY (`discount_id`,`product_category_id`)
) ENGINE=InnoDB DEFAULT CHARSET=utf8mb4 COLLATE=utf8mb4_unicode_ci;

--
-- Dumping data for table `ec_discount_product_categories`
--


--
-- Table structure for table `ec_discount_product_collections`
--

CREATE TABLE `ec_discount_product_collections` (
  `discount_id` bigint unsigned NOT NULL,
  `product_collection_id` bigint unsigned NOT NULL,
  PRIMARY KEY (`discount_id`,`product_collection_id`)
) ENGINE=InnoDB DEFAULT CHARSET=utf8mb4 COLLATE=utf8mb4_unicode_ci;

--
-- Dumping data for table `ec_discount_product_collections`
--


--
-- Table structure for table `ec_discount_products`
--

CREATE TABLE `ec_discount_products` (
  `discount_id` bigint unsigned NOT NULL,
  `product_id` bigint unsigned NOT NULL,
  PRIMARY KEY (`discount_id`,`product_id`)
) ENGINE=InnoDB DEFAULT CHARSET=utf8mb4 COLLATE=utf8mb4_unicode_ci;

--
-- Dumping data for table `ec_discount_products`
--


--
-- Table structure for table `ec_discounts`
--

CREATE TABLE `ec_discounts` (
  `id` bigint unsigned NOT NULL AUTO_INCREMENT,
  `title` varchar(120) COLLATE utf8mb4_unicode_ci DEFAULT NULL,
  `code` varchar(20) COLLATE utf8mb4_unicode_ci DEFAULT NULL,
  `start_date` datetime DEFAULT NULL,
  `end_date` datetime DEFAULT NULL,
  `quantity` int DEFAULT NULL,
  `total_used` int unsigned NOT NULL DEFAULT '0',
  `value` double DEFAULT NULL,
  `type` varchar(60) COLLATE utf8mb4_unicode_ci DEFAULT 'coupon',
  `can_use_with_promotion` tinyint(1) NOT NULL DEFAULT '0',
  `can_use_with_flash_sale` tinyint(1) NOT NULL DEFAULT '0',
  `discount_on` varchar(20) COLLATE utf8mb4_unicode_ci DEFAULT NULL,
  `product_quantity` int unsigned DEFAULT NULL,
  `type_option` varchar(100) COLLATE utf8mb4_unicode_ci NOT NULL DEFAULT 'amount',
  `target` varchar(100) COLLATE utf8mb4_unicode_ci NOT NULL DEFAULT 'all-orders',
  `min_order_price` decimal(15,2) DEFAULT NULL,
  `apply_via_url` tinyint(1) NOT NULL DEFAULT '0',
  `display_at_checkout` tinyint(1) NOT NULL DEFAULT '0',
  `created_at` timestamp NULL DEFAULT NULL,
  `updated_at` timestamp NULL DEFAULT NULL,
  `description` varchar(400) COLLATE utf8mb4_unicode_ci DEFAULT NULL,
  `store_id` bigint unsigned DEFAULT NULL,
  PRIMARY KEY (`id`),
  UNIQUE KEY `ec_discounts_code_unique` (`code`)
) ENGINE=InnoDB AUTO_INCREMENT=11 DEFAULT CHARSET=utf8mb4 COLLATE=utf8mb4_unicode_ci;

--
-- Dumping data for table `ec_discounts`
--

INSERT INTO `ec_discounts` VALUES (1,'Discount 1','S4RJBCVO3Z3M','2025-05-01 04:06:37',NULL,NULL,0,928,'coupon',0,0,NULL,NULL,'shipping','all-orders',NULL,0,1,'2025-05-01 21:06:37','2025-05-01 21:06:37',NULL,NULL),(2,'Discount 2','ROGF1HGVFHJT','2025-05-01 04:06:37','2025-05-29 04:06:37',NULL,0,800,'coupon',0,0,NULL,NULL,'amount','all-orders',NULL,0,1,'2025-05-01 21:06:37','2025-05-01 21:06:37',NULL,NULL),(3,'Discount 3','1EIL2WT0QT6U','2025-05-01 04:06:37',NULL,NULL,0,95,'coupon',0,0,NULL,NULL,'percentage','all-orders',NULL,0,1,'2025-05-01 21:06:37','2025-05-01 21:06:37',NULL,NULL),(4,'Discount 4','D5ZOQB3EBACT','2025-05-01 04:06:37',NULL,NULL,0,732,'coupon',0,0,NULL,NULL,'shipping','all-orders',NULL,0,1,'2025-05-01 21:06:37','2025-05-01 21:06:37',NULL,NULL),(5,'Discount 5','FNWV1YTX8VYN','2025-05-01 04:06:37','2025-05-28 04:06:37',NULL,0,82,'coupon',0,0,NULL,NULL,'percentage','all-orders',NULL,0,1,'2025-05-01 21:06:37','2025-05-01 21:06:37',NULL,NULL),(6,'Discount 6','UUH0X8HB1GUX','2025-05-01 04:06:37','2025-05-16 04:06:37',NULL,0,48,'coupon',0,0,NULL,NULL,'percentage','all-orders',NULL,0,1,'2025-05-01 21:06:37','2025-05-01 21:06:37',NULL,NULL),(7,'Discount 7','PTWXSJDWDHSA','2025-05-01 04:06:37',NULL,NULL,0,1,'coupon',0,0,NULL,NULL,'percentage','all-orders',NULL,0,1,'2025-05-01 21:06:37','2025-05-01 21:06:37',NULL,NULL),(8,'Discount 8','LTQNRTOJ8QWE','2025-05-01 04:06:37','2025-05-13 04:06:37',NULL,0,701,'coupon',0,0,NULL,NULL,'same-price','all-orders',NULL,0,1,'2025-05-01 21:06:37','2025-05-01 21:06:37',NULL,NULL),(9,'Discount 9','XOF85NWKXPQJ','2025-05-01 04:06:37','2025-05-16 04:06:37',NULL,0,13,'coupon',0,0,NULL,NULL,'percentage','all-orders',NULL,0,1,'2025-05-01 21:06:37','2025-05-01 21:06:37',NULL,NULL),(10,'Discount 10','VAUNYUUZIMGG','2025-05-01 04:06:37',NULL,NULL,0,783,'coupon',0,0,NULL,NULL,'amount','all-orders',NULL,0,1,'2025-05-01 21:06:37','2025-05-01 21:06:37',NULL,NULL);

--
-- Table structure for table `ec_flash_sale_products`
--

CREATE TABLE `ec_flash_sale_products` (
  `flash_sale_id` bigint unsigned NOT NULL,
  `product_id` bigint unsigned NOT NULL,
  `price` double unsigned DEFAULT NULL,
  `quantity` int unsigned DEFAULT NULL,
  `sold` int unsigned NOT NULL DEFAULT '0'
) ENGINE=InnoDB DEFAULT CHARSET=utf8mb4 COLLATE=utf8mb4_unicode_ci;

--
-- Dumping data for table `ec_flash_sale_products`
--

INSERT INTO `ec_flash_sale_products` VALUES (1,1,43.335,16,5),(1,2,31.59,12,2),(1,3,11.8,11,4),(1,4,160.892,16,1),(1,5,376.8,14,1),(1,6,298.2,19,2),(1,7,357,19,4),(1,8,776.815,19,2),(1,9,309.1,8,3),(1,10,1055.04,20,3);

--
-- Table structure for table `ec_flash_sales`
--

CREATE TABLE `ec_flash_sales` (
  `id` bigint unsigned NOT NULL AUTO_INCREMENT,
  `name` varchar(191) COLLATE utf8mb4_unicode_ci NOT NULL,
  `end_date` datetime NOT NULL,
  `status` varchar(60) COLLATE utf8mb4_unicode_ci NOT NULL DEFAULT 'published',
  `created_at` timestamp NULL DEFAULT NULL,
  `updated_at` timestamp NULL DEFAULT NULL,
  PRIMARY KEY (`id`)
) ENGINE=InnoDB AUTO_INCREMENT=2 DEFAULT CHARSET=utf8mb4 COLLATE=utf8mb4_unicode_ci;

--
-- Dumping data for table `ec_flash_sales`
--

INSERT INTO `ec_flash_sales` VALUES (1,'Winter Sale','2025-06-01 00:00:00','published','2025-05-01 21:06:37','2025-05-01 21:06:37');

--
-- Table structure for table `ec_flash_sales_translations`
--

CREATE TABLE `ec_flash_sales_translations` (
  `lang_code` varchar(191) COLLATE utf8mb4_unicode_ci NOT NULL,
  `ec_flash_sales_id` bigint unsigned NOT NULL,
  `name` varchar(191) COLLATE utf8mb4_unicode_ci DEFAULT NULL,
  PRIMARY KEY (`lang_code`,`ec_flash_sales_id`)
) ENGINE=InnoDB DEFAULT CHARSET=utf8mb4 COLLATE=utf8mb4_unicode_ci;

--
-- Dumping data for table `ec_flash_sales_translations`
--


--
-- Table structure for table `ec_global_option_value`
--

CREATE TABLE `ec_global_option_value` (
  `id` bigint unsigned NOT NULL AUTO_INCREMENT,
  `option_id` bigint unsigned NOT NULL COMMENT 'option id',
  `option_value` tinytext COLLATE utf8mb4_unicode_ci COMMENT 'option value',
  `affect_price` double DEFAULT NULL COMMENT 'value of price of this option affect',
  `order` int NOT NULL DEFAULT '9999',
  `affect_type` tinyint NOT NULL DEFAULT '0' COMMENT '0. fixed 1. percent',
  `created_at` timestamp NULL DEFAULT NULL,
  `updated_at` timestamp NULL DEFAULT NULL,
  PRIMARY KEY (`id`)
) ENGINE=InnoDB AUTO_INCREMENT=13 DEFAULT CHARSET=utf8mb4 COLLATE=utf8mb4_unicode_ci;

--
-- Dumping data for table `ec_global_option_value`
--

INSERT INTO `ec_global_option_value` VALUES (1,1,'1 Year',0,9999,0,'2025-05-01 21:06:47','2025-05-01 21:06:47'),(2,1,'2 Year',10,9999,0,'2025-05-01 21:06:47','2025-05-01 21:06:47'),(3,1,'3 Year',20,9999,0,'2025-05-01 21:06:47','2025-05-01 21:06:47'),(4,2,'4GB',0,9999,0,'2025-05-01 21:06:47','2025-05-01 21:06:47'),(5,2,'8GB',10,9999,0,'2025-05-01 21:06:47','2025-05-01 21:06:47'),(6,2,'16GB',20,9999,0,'2025-05-01 21:06:47','2025-05-01 21:06:47'),(7,3,'Core i5',0,9999,0,'2025-05-01 21:06:47','2025-05-01 21:06:47'),(8,3,'Core i7',10,9999,0,'2025-05-01 21:06:47','2025-05-01 21:06:47'),(9,3,'Core i9',20,9999,0,'2025-05-01 21:06:47','2025-05-01 21:06:47'),(10,4,'128GB',0,9999,0,'2025-05-01 21:06:47','2025-05-01 21:06:47'),(11,4,'256GB',10,9999,0,'2025-05-01 21:06:47','2025-05-01 21:06:47'),(12,4,'512GB',20,9999,0,'2025-05-01 21:06:47','2025-05-01 21:06:47');

--
-- Table structure for table `ec_global_option_value_translations`
--

CREATE TABLE `ec_global_option_value_translations` (
  `lang_code` varchar(191) COLLATE utf8mb4_unicode_ci NOT NULL,
  `ec_global_option_value_id` bigint unsigned NOT NULL,
  `option_value` varchar(191) COLLATE utf8mb4_unicode_ci DEFAULT NULL,
  PRIMARY KEY (`lang_code`,`ec_global_option_value_id`)
) ENGINE=InnoDB DEFAULT CHARSET=utf8mb4 COLLATE=utf8mb4_unicode_ci;

--
-- Dumping data for table `ec_global_option_value_translations`
--


--
-- Table structure for table `ec_global_options`
--

CREATE TABLE `ec_global_options` (
  `id` bigint unsigned NOT NULL AUTO_INCREMENT,
  `name` varchar(191) COLLATE utf8mb4_unicode_ci NOT NULL COMMENT 'Name of options',
  `option_type` varchar(191) COLLATE utf8mb4_unicode_ci NOT NULL COMMENT 'option type',
  `required` tinyint(1) NOT NULL DEFAULT '0' COMMENT 'Checked if this option is required',
  `created_at` timestamp NULL DEFAULT NULL,
  `updated_at` timestamp NULL DEFAULT NULL,
  PRIMARY KEY (`id`)
) ENGINE=InnoDB AUTO_INCREMENT=5 DEFAULT CHARSET=utf8mb4 COLLATE=utf8mb4_unicode_ci;

--
-- Dumping data for table `ec_global_options`
--

INSERT INTO `ec_global_options` VALUES (1,'Warranty','Botble\\Ecommerce\\Option\\OptionType\\RadioButton',1,'2025-05-01 21:06:47','2025-05-01 21:06:47'),(2,'RAM','Botble\\Ecommerce\\Option\\OptionType\\RadioButton',1,'2025-05-01 21:06:47','2025-05-01 21:06:47'),(3,'CPU','Botble\\Ecommerce\\Option\\OptionType\\RadioButton',1,'2025-05-01 21:06:47','2025-05-01 21:06:47'),(4,'HDD','Botble\\Ecommerce\\Option\\OptionType\\Dropdown',0,'2025-05-01 21:06:47','2025-05-01 21:06:47');

--
-- Table structure for table `ec_global_options_translations`
--

CREATE TABLE `ec_global_options_translations` (
  `lang_code` varchar(191) COLLATE utf8mb4_unicode_ci NOT NULL,
  `ec_global_options_id` bigint unsigned NOT NULL,
  `name` varchar(191) COLLATE utf8mb4_unicode_ci DEFAULT NULL,
  PRIMARY KEY (`lang_code`,`ec_global_options_id`)
) ENGINE=InnoDB DEFAULT CHARSET=utf8mb4 COLLATE=utf8mb4_unicode_ci;

--
-- Dumping data for table `ec_global_options_translations`
--


--
-- Table structure for table `ec_grouped_products`
--

CREATE TABLE `ec_grouped_products` (
  `id` bigint unsigned NOT NULL AUTO_INCREMENT,
  `parent_product_id` bigint unsigned NOT NULL,
  `product_id` bigint unsigned NOT NULL,
  `fixed_qty` int NOT NULL DEFAULT '1',
  PRIMARY KEY (`id`)
) ENGINE=InnoDB DEFAULT CHARSET=utf8mb4 COLLATE=utf8mb4_unicode_ci;

--
-- Dumping data for table `ec_grouped_products`
--


--
-- Table structure for table `ec_invoice_items`
--

CREATE TABLE `ec_invoice_items` (
  `id` bigint unsigned NOT NULL AUTO_INCREMENT,
  `invoice_id` bigint unsigned NOT NULL,
  `reference_type` varchar(191) COLLATE utf8mb4_unicode_ci NOT NULL,
  `reference_id` bigint unsigned NOT NULL,
  `name` varchar(191) COLLATE utf8mb4_unicode_ci NOT NULL,
  `description` varchar(400) COLLATE utf8mb4_unicode_ci DEFAULT NULL,
  `image` varchar(191) COLLATE utf8mb4_unicode_ci DEFAULT NULL,
  `qty` int unsigned NOT NULL,
  `price` decimal(15,2) NOT NULL DEFAULT '0.00',
  `sub_total` decimal(15,2) unsigned NOT NULL,
  `tax_amount` decimal(15,2) unsigned NOT NULL DEFAULT '0.00',
  `discount_amount` decimal(15,2) unsigned NOT NULL DEFAULT '0.00',
  `amount` decimal(15,2) unsigned NOT NULL,
  `options` text COLLATE utf8mb4_unicode_ci,
  `created_at` timestamp NULL DEFAULT NULL,
  `updated_at` timestamp NULL DEFAULT NULL,
  PRIMARY KEY (`id`),
  KEY `ec_invoice_items_reference_type_reference_id_index` (`reference_type`,`reference_id`)
) ENGINE=InnoDB DEFAULT CHARSET=utf8mb4 COLLATE=utf8mb4_unicode_ci;

--
-- Dumping data for table `ec_invoice_items`
--


--
-- Table structure for table `ec_invoices`
--

CREATE TABLE `ec_invoices` (
  `id` bigint unsigned NOT NULL AUTO_INCREMENT,
  `reference_type` varchar(191) COLLATE utf8mb4_unicode_ci NOT NULL,
  `reference_id` bigint unsigned NOT NULL,
  `code` varchar(191) COLLATE utf8mb4_unicode_ci NOT NULL,
  `customer_name` varchar(191) COLLATE utf8mb4_unicode_ci DEFAULT NULL,
  `company_name` varchar(191) COLLATE utf8mb4_unicode_ci DEFAULT NULL,
  `company_logo` varchar(191) COLLATE utf8mb4_unicode_ci DEFAULT NULL,
  `customer_email` varchar(191) COLLATE utf8mb4_unicode_ci DEFAULT NULL,
  `customer_phone` varchar(191) COLLATE utf8mb4_unicode_ci DEFAULT NULL,
  `customer_address` varchar(191) COLLATE utf8mb4_unicode_ci DEFAULT NULL,
  `customer_tax_id` varchar(191) COLLATE utf8mb4_unicode_ci DEFAULT NULL,
  `sub_total` decimal(15,2) unsigned NOT NULL,
  `tax_amount` decimal(15,2) unsigned NOT NULL DEFAULT '0.00',
  `shipping_amount` decimal(15,2) unsigned NOT NULL DEFAULT '0.00',
  `payment_fee` decimal(15,2) DEFAULT '0.00',
  `discount_amount` decimal(15,2) unsigned NOT NULL DEFAULT '0.00',
  `shipping_option` varchar(60) COLLATE utf8mb4_unicode_ci DEFAULT NULL,
  `shipping_method` varchar(60) COLLATE utf8mb4_unicode_ci NOT NULL DEFAULT 'default',
  `coupon_code` varchar(120) COLLATE utf8mb4_unicode_ci DEFAULT NULL,
  `discount_description` varchar(191) COLLATE utf8mb4_unicode_ci DEFAULT NULL,
  `amount` decimal(15,2) unsigned NOT NULL,
  `description` text COLLATE utf8mb4_unicode_ci,
  `payment_id` bigint unsigned DEFAULT NULL,
  `status` varchar(191) COLLATE utf8mb4_unicode_ci NOT NULL DEFAULT 'pending',
  `paid_at` timestamp NULL DEFAULT NULL,
  `created_at` timestamp NULL DEFAULT NULL,
  `updated_at` timestamp NULL DEFAULT NULL,
  PRIMARY KEY (`id`),
  UNIQUE KEY `ec_invoices_code_unique` (`code`),
  KEY `ec_invoices_reference_type_reference_id_index` (`reference_type`,`reference_id`),
  KEY `ec_invoices_payment_id_index` (`payment_id`),
  KEY `ec_invoices_status_index` (`status`)
) ENGINE=InnoDB DEFAULT CHARSET=utf8mb4 COLLATE=utf8mb4_unicode_ci;

--
-- Dumping data for table `ec_invoices`
--


--
-- Table structure for table `ec_option_value`
--

CREATE TABLE `ec_option_value` (
  `id` bigint unsigned NOT NULL AUTO_INCREMENT,
  `option_id` bigint unsigned NOT NULL COMMENT 'option id',
  `option_value` tinytext COLLATE utf8mb4_unicode_ci COMMENT 'option value',
  `affect_price` double DEFAULT NULL COMMENT 'value of price of this option affect',
  `order` int NOT NULL DEFAULT '9999',
  `affect_type` tinyint NOT NULL DEFAULT '0' COMMENT '0. fixed 1. percent',
  `created_at` timestamp NULL DEFAULT NULL,
  `updated_at` timestamp NULL DEFAULT NULL,
  PRIMARY KEY (`id`)
) ENGINE=InnoDB DEFAULT CHARSET=utf8mb4 COLLATE=utf8mb4_unicode_ci;

--
-- Dumping data for table `ec_option_value`
--


--
-- Table structure for table `ec_option_value_translations`
--

CREATE TABLE `ec_option_value_translations` (
  `lang_code` varchar(191) COLLATE utf8mb4_unicode_ci NOT NULL,
  `ec_option_value_id` bigint unsigned NOT NULL,
  `option_value` varchar(191) COLLATE utf8mb4_unicode_ci DEFAULT NULL,
  PRIMARY KEY (`lang_code`,`ec_option_value_id`)
) ENGINE=InnoDB DEFAULT CHARSET=utf8mb4 COLLATE=utf8mb4_unicode_ci;

--
-- Dumping data for table `ec_option_value_translations`
--


--
-- Table structure for table `ec_options`
--

CREATE TABLE `ec_options` (
  `id` bigint unsigned NOT NULL AUTO_INCREMENT,
  `name` varchar(191) COLLATE utf8mb4_unicode_ci NOT NULL COMMENT 'Name of options',
  `option_type` varchar(191) COLLATE utf8mb4_unicode_ci DEFAULT NULL COMMENT 'option type',
  `product_id` bigint unsigned NOT NULL DEFAULT '0',
  `order` int NOT NULL DEFAULT '9999',
  `required` tinyint(1) NOT NULL DEFAULT '0' COMMENT 'Checked if this option is required',
  `created_at` timestamp NULL DEFAULT NULL,
  `updated_at` timestamp NULL DEFAULT NULL,
  PRIMARY KEY (`id`)
) ENGINE=InnoDB DEFAULT CHARSET=utf8mb4 COLLATE=utf8mb4_unicode_ci;

--
-- Dumping data for table `ec_options`
--


--
-- Table structure for table `ec_options_translations`
--

CREATE TABLE `ec_options_translations` (
  `lang_code` varchar(191) COLLATE utf8mb4_unicode_ci NOT NULL,
  `ec_options_id` bigint unsigned NOT NULL,
  `name` varchar(191) COLLATE utf8mb4_unicode_ci DEFAULT NULL,
  PRIMARY KEY (`lang_code`,`ec_options_id`)
) ENGINE=InnoDB DEFAULT CHARSET=utf8mb4 COLLATE=utf8mb4_unicode_ci;

--
-- Dumping data for table `ec_options_translations`
--


--
-- Table structure for table `ec_order_addresses`
--

CREATE TABLE `ec_order_addresses` (
  `id` bigint unsigned NOT NULL AUTO_INCREMENT,
  `name` varchar(191) COLLATE utf8mb4_unicode_ci NOT NULL,
  `phone` varchar(20) COLLATE utf8mb4_unicode_ci DEFAULT NULL,
  `email` varchar(191) COLLATE utf8mb4_unicode_ci DEFAULT NULL,
  `country` varchar(120) COLLATE utf8mb4_unicode_ci DEFAULT NULL,
  `state` varchar(120) COLLATE utf8mb4_unicode_ci DEFAULT NULL,
  `city` varchar(120) COLLATE utf8mb4_unicode_ci DEFAULT NULL,
  `address` varchar(191) COLLATE utf8mb4_unicode_ci DEFAULT NULL,
  `order_id` bigint unsigned NOT NULL,
  `zip_code` varchar(20) COLLATE utf8mb4_unicode_ci DEFAULT NULL,
  `type` varchar(60) COLLATE utf8mb4_unicode_ci NOT NULL DEFAULT 'shipping_address',
  PRIMARY KEY (`id`)
) ENGINE=InnoDB DEFAULT CHARSET=utf8mb4 COLLATE=utf8mb4_unicode_ci;

--
-- Dumping data for table `ec_order_addresses`
--


--
-- Table structure for table `ec_order_histories`
--

CREATE TABLE `ec_order_histories` (
  `id` bigint unsigned NOT NULL AUTO_INCREMENT,
  `action` varchar(120) COLLATE utf8mb4_unicode_ci NOT NULL,
  `description` varchar(400) COLLATE utf8mb4_unicode_ci DEFAULT NULL,
  `user_id` bigint unsigned DEFAULT NULL,
  `order_id` bigint unsigned NOT NULL,
  `extras` text COLLATE utf8mb4_unicode_ci,
  `created_at` timestamp NULL DEFAULT NULL,
  `updated_at` timestamp NULL DEFAULT NULL,
  PRIMARY KEY (`id`)
) ENGINE=InnoDB DEFAULT CHARSET=utf8mb4 COLLATE=utf8mb4_unicode_ci;

--
-- Dumping data for table `ec_order_histories`
--


--
-- Table structure for table `ec_order_product`
--

CREATE TABLE `ec_order_product` (
  `id` bigint unsigned NOT NULL AUTO_INCREMENT,
  `order_id` bigint unsigned NOT NULL,
  `qty` int NOT NULL,
  `price` decimal(15,2) NOT NULL,
  `tax_amount` decimal(15,2) NOT NULL,
  `options` text COLLATE utf8mb4_unicode_ci,
  `product_options` text COLLATE utf8mb4_unicode_ci COMMENT 'product option data',
  `product_id` bigint unsigned DEFAULT NULL,
  `product_name` varchar(191) COLLATE utf8mb4_unicode_ci NOT NULL,
  `product_image` varchar(191) COLLATE utf8mb4_unicode_ci DEFAULT NULL,
  `weight` double DEFAULT '0',
  `restock_quantity` int unsigned DEFAULT '0',
  `created_at` timestamp NULL DEFAULT NULL,
  `updated_at` timestamp NULL DEFAULT NULL,
  `product_type` varchar(60) COLLATE utf8mb4_unicode_ci NOT NULL DEFAULT 'physical',
  `times_downloaded` int NOT NULL DEFAULT '0',
  `license_code` char(36) COLLATE utf8mb4_unicode_ci DEFAULT NULL,
  `downloaded_at` timestamp NULL DEFAULT NULL,
  PRIMARY KEY (`id`)
) ENGINE=InnoDB DEFAULT CHARSET=utf8mb4 COLLATE=utf8mb4_unicode_ci;

--
-- Dumping data for table `ec_order_product`
--


--
-- Table structure for table `ec_order_referrals`
--

CREATE TABLE `ec_order_referrals` (
  `id` bigint unsigned NOT NULL AUTO_INCREMENT,
  `ip` varchar(39) COLLATE utf8mb4_unicode_ci DEFAULT NULL,
  `landing_domain` varchar(191) COLLATE utf8mb4_unicode_ci DEFAULT NULL,
  `landing_page` varchar(191) COLLATE utf8mb4_unicode_ci DEFAULT NULL,
  `landing_params` varchar(191) COLLATE utf8mb4_unicode_ci DEFAULT NULL,
  `referral` varchar(191) COLLATE utf8mb4_unicode_ci DEFAULT NULL,
  `gclid` varchar(191) COLLATE utf8mb4_unicode_ci DEFAULT NULL,
  `fclid` varchar(191) COLLATE utf8mb4_unicode_ci DEFAULT NULL,
  `utm_source` varchar(191) COLLATE utf8mb4_unicode_ci DEFAULT NULL,
  `utm_campaign` varchar(191) COLLATE utf8mb4_unicode_ci DEFAULT NULL,
  `utm_medium` varchar(191) COLLATE utf8mb4_unicode_ci DEFAULT NULL,
  `utm_term` varchar(191) COLLATE utf8mb4_unicode_ci DEFAULT NULL,
  `utm_content` varchar(191) COLLATE utf8mb4_unicode_ci DEFAULT NULL,
  `referrer_url` text COLLATE utf8mb4_unicode_ci,
  `referrer_domain` varchar(191) COLLATE utf8mb4_unicode_ci DEFAULT NULL,
  `order_id` bigint unsigned DEFAULT NULL,
  `created_at` timestamp NULL DEFAULT NULL,
  `updated_at` timestamp NULL DEFAULT NULL,
  PRIMARY KEY (`id`),
  KEY `ec_order_referrals_order_id_index` (`order_id`)
) ENGINE=InnoDB DEFAULT CHARSET=utf8mb4 COLLATE=utf8mb4_unicode_ci;

--
-- Dumping data for table `ec_order_referrals`
--


--
-- Table structure for table `ec_order_return_histories`
--

CREATE TABLE `ec_order_return_histories` (
  `id` bigint unsigned NOT NULL AUTO_INCREMENT,
  `user_id` bigint unsigned DEFAULT NULL,
  `order_return_id` bigint unsigned NOT NULL,
  `action` varchar(191) COLLATE utf8mb4_unicode_ci NOT NULL,
  `description` varchar(400) COLLATE utf8mb4_unicode_ci DEFAULT NULL,
  `reason` varchar(191) COLLATE utf8mb4_unicode_ci DEFAULT NULL,
  `created_at` timestamp NULL DEFAULT NULL,
  `updated_at` timestamp NULL DEFAULT NULL,
  PRIMARY KEY (`id`)
) ENGINE=InnoDB DEFAULT CHARSET=utf8mb4 COLLATE=utf8mb4_unicode_ci;

--
-- Dumping data for table `ec_order_return_histories`
--


--
-- Table structure for table `ec_order_return_items`
--

CREATE TABLE `ec_order_return_items` (
  `id` bigint unsigned NOT NULL AUTO_INCREMENT,
  `order_return_id` bigint unsigned NOT NULL COMMENT 'Order return id',
  `order_product_id` bigint unsigned NOT NULL COMMENT 'Order product id',
  `product_id` bigint unsigned NOT NULL COMMENT 'Product id',
  `product_name` varchar(191) COLLATE utf8mb4_unicode_ci NOT NULL,
  `product_image` varchar(191) COLLATE utf8mb4_unicode_ci DEFAULT NULL,
  `qty` int NOT NULL COMMENT 'Quantity return',
  `price` decimal(15,2) NOT NULL COMMENT 'Price Product',
  `reason` text COLLATE utf8mb4_unicode_ci,
  `created_at` timestamp NULL DEFAULT NULL,
  `updated_at` timestamp NULL DEFAULT NULL,
  `refund_amount` decimal(12,2) DEFAULT '0.00',
  PRIMARY KEY (`id`)
) ENGINE=InnoDB DEFAULT CHARSET=utf8mb4 COLLATE=utf8mb4_unicode_ci;

--
-- Dumping data for table `ec_order_return_items`
--


--
-- Table structure for table `ec_order_returns`
--

CREATE TABLE `ec_order_returns` (
  `id` bigint unsigned NOT NULL AUTO_INCREMENT,
  `code` varchar(191) COLLATE utf8mb4_unicode_ci DEFAULT NULL,
  `order_id` bigint unsigned NOT NULL COMMENT 'Order ID',
  `store_id` bigint unsigned DEFAULT NULL COMMENT 'Store ID',
  `user_id` bigint unsigned NOT NULL COMMENT 'Customer ID',
  `reason` text COLLATE utf8mb4_unicode_ci COMMENT 'Reason return order',
  `order_status` varchar(191) COLLATE utf8mb4_unicode_ci DEFAULT NULL COMMENT 'Order current status',
  `return_status` varchar(191) COLLATE utf8mb4_unicode_ci NOT NULL COMMENT 'Return status',
  `created_at` timestamp NULL DEFAULT NULL,
  `updated_at` timestamp NULL DEFAULT NULL,
  PRIMARY KEY (`id`),
  UNIQUE KEY `ec_order_returns_code_unique` (`code`)
) ENGINE=InnoDB DEFAULT CHARSET=utf8mb4 COLLATE=utf8mb4_unicode_ci;

--
-- Dumping data for table `ec_order_returns`
--


--
-- Table structure for table `ec_order_tax_information`
--

CREATE TABLE `ec_order_tax_information` (
  `id` bigint unsigned NOT NULL AUTO_INCREMENT,
  `order_id` bigint unsigned NOT NULL,
  `company_name` varchar(120) COLLATE utf8mb4_unicode_ci NOT NULL,
  `company_address` varchar(191) COLLATE utf8mb4_unicode_ci NOT NULL,
  `company_tax_code` varchar(20) COLLATE utf8mb4_unicode_ci NOT NULL,
  `company_email` varchar(60) COLLATE utf8mb4_unicode_ci NOT NULL,
  `created_at` timestamp NULL DEFAULT NULL,
  `updated_at` timestamp NULL DEFAULT NULL,
  PRIMARY KEY (`id`),
  KEY `ec_order_tax_information_order_id_index` (`order_id`)
) ENGINE=InnoDB DEFAULT CHARSET=utf8mb4 COLLATE=utf8mb4_unicode_ci;

--
-- Dumping data for table `ec_order_tax_information`
--


--
-- Table structure for table `ec_orders`
--

CREATE TABLE `ec_orders` (
  `id` bigint unsigned NOT NULL AUTO_INCREMENT,
  `code` varchar(191) COLLATE utf8mb4_unicode_ci DEFAULT NULL,
  `user_id` bigint unsigned NOT NULL,
  `shipping_option` varchar(60) COLLATE utf8mb4_unicode_ci DEFAULT NULL,
  `shipping_method` varchar(60) COLLATE utf8mb4_unicode_ci NOT NULL DEFAULT 'default',
  `status` varchar(120) COLLATE utf8mb4_unicode_ci NOT NULL DEFAULT 'pending',
  `amount` decimal(15,2) NOT NULL,
  `tax_amount` decimal(15,2) DEFAULT NULL,
  `shipping_amount` decimal(15,2) DEFAULT NULL,
  `payment_fee` decimal(15,2) DEFAULT '0.00',
  `description` text COLLATE utf8mb4_unicode_ci,
  `coupon_code` varchar(120) COLLATE utf8mb4_unicode_ci DEFAULT NULL,
  `discount_amount` decimal(15,2) DEFAULT NULL,
  `sub_total` decimal(15,2) NOT NULL,
  `is_confirmed` tinyint(1) NOT NULL DEFAULT '0',
  `discount_description` varchar(191) COLLATE utf8mb4_unicode_ci DEFAULT NULL,
  `is_finished` tinyint(1) DEFAULT '0',
  `cancellation_reason` varchar(191) COLLATE utf8mb4_unicode_ci DEFAULT NULL,
  `cancellation_reason_description` varchar(191) COLLATE utf8mb4_unicode_ci DEFAULT NULL,
  `completed_at` timestamp NULL DEFAULT NULL,
  `token` varchar(120) COLLATE utf8mb4_unicode_ci DEFAULT NULL,
  `payment_id` bigint unsigned DEFAULT NULL,
  `created_at` timestamp NULL DEFAULT NULL,
  `updated_at` timestamp NULL DEFAULT NULL,
  `proof_file` varchar(191) COLLATE utf8mb4_unicode_ci DEFAULT NULL,
  `private_notes` text COLLATE utf8mb4_unicode_ci,
  `store_id` bigint unsigned DEFAULT NULL,
  PRIMARY KEY (`id`),
  UNIQUE KEY `ec_orders_code_unique` (`code`),
  KEY `ec_orders_user_id_status_created_at_index` (`user_id`,`status`,`created_at`)
) ENGINE=InnoDB DEFAULT CHARSET=utf8mb4 COLLATE=utf8mb4_unicode_ci;

--
-- Dumping data for table `ec_orders`
--


--
-- Table structure for table `ec_product_attribute_sets`
--

CREATE TABLE `ec_product_attribute_sets` (
  `id` bigint unsigned NOT NULL AUTO_INCREMENT,
  `title` varchar(120) COLLATE utf8mb4_unicode_ci NOT NULL,
  `slug` varchar(120) COLLATE utf8mb4_unicode_ci DEFAULT NULL,
  `display_layout` varchar(191) COLLATE utf8mb4_unicode_ci NOT NULL DEFAULT 'swatch_dropdown',
  `is_searchable` tinyint unsigned NOT NULL DEFAULT '1',
  `is_comparable` tinyint unsigned NOT NULL DEFAULT '1',
  `is_use_in_product_listing` tinyint unsigned NOT NULL DEFAULT '0',
  `status` varchar(60) COLLATE utf8mb4_unicode_ci NOT NULL DEFAULT 'published',
  `order` tinyint unsigned NOT NULL DEFAULT '0',
  `created_at` timestamp NULL DEFAULT NULL,
  `updated_at` timestamp NULL DEFAULT NULL,
  `use_image_from_product_variation` tinyint unsigned NOT NULL DEFAULT '0',
  PRIMARY KEY (`id`)
) ENGINE=InnoDB AUTO_INCREMENT=3 DEFAULT CHARSET=utf8mb4 COLLATE=utf8mb4_unicode_ci;

--
-- Dumping data for table `ec_product_attribute_sets`
--

INSERT INTO `ec_product_attribute_sets` VALUES (1,'Color','color','visual',1,1,1,'published',0,'2025-05-01 21:06:28','2025-05-01 21:06:28',0),(2,'Size','size','text',1,1,1,'published',1,'2025-05-01 21:06:28','2025-05-01 21:06:28',0);

--
-- Table structure for table `ec_product_attribute_sets_translations`
--

CREATE TABLE `ec_product_attribute_sets_translations` (
  `lang_code` varchar(191) COLLATE utf8mb4_unicode_ci NOT NULL,
  `ec_product_attribute_sets_id` bigint unsigned NOT NULL,
  `title` varchar(191) COLLATE utf8mb4_unicode_ci DEFAULT NULL,
  PRIMARY KEY (`lang_code`,`ec_product_attribute_sets_id`)
) ENGINE=InnoDB DEFAULT CHARSET=utf8mb4 COLLATE=utf8mb4_unicode_ci;

--
-- Dumping data for table `ec_product_attribute_sets_translations`
--


--
-- Table structure for table `ec_product_attributes`
--

CREATE TABLE `ec_product_attributes` (
  `id` bigint unsigned NOT NULL AUTO_INCREMENT,
  `attribute_set_id` bigint unsigned NOT NULL,
  `title` varchar(120) COLLATE utf8mb4_unicode_ci NOT NULL,
  `slug` varchar(120) COLLATE utf8mb4_unicode_ci DEFAULT NULL,
  `color` varchar(120) COLLATE utf8mb4_unicode_ci DEFAULT NULL,
  `image` varchar(191) COLLATE utf8mb4_unicode_ci DEFAULT NULL,
  `is_default` tinyint unsigned NOT NULL DEFAULT '0',
  `order` tinyint unsigned NOT NULL DEFAULT '0',
  `created_at` timestamp NULL DEFAULT NULL,
  `updated_at` timestamp NULL DEFAULT NULL,
  PRIMARY KEY (`id`),
  KEY `attribute_set_status_index` (`attribute_set_id`)
) ENGINE=InnoDB AUTO_INCREMENT=11 DEFAULT CHARSET=utf8mb4 COLLATE=utf8mb4_unicode_ci;

--
-- Dumping data for table `ec_product_attributes`
--

INSERT INTO `ec_product_attributes` VALUES (1,1,'Green','green','#5FB7D4',NULL,1,1,'2025-05-01 21:06:28','2025-05-01 21:06:28'),(2,1,'Blue','blue','#333333',NULL,0,2,'2025-05-01 21:06:28','2025-05-01 21:06:28'),(3,1,'Red','red','#DA323F',NULL,0,3,'2025-05-01 21:06:28','2025-05-01 21:06:28'),(4,1,'Black','black','#2F366C',NULL,0,4,'2025-05-01 21:06:28','2025-05-01 21:06:28'),(5,1,'Brown','brown','#87554B',NULL,0,5,'2025-05-01 21:06:28','2025-05-01 21:06:28'),(6,2,'S','s',NULL,NULL,1,1,'2025-05-01 21:06:28','2025-05-01 21:06:28'),(7,2,'M','m',NULL,NULL,0,2,'2025-05-01 21:06:28','2025-05-01 21:06:28'),(8,2,'L','l',NULL,NULL,0,3,'2025-05-01 21:06:28','2025-05-01 21:06:28'),(9,2,'XL','xl',NULL,NULL,0,4,'2025-05-01 21:06:28','2025-05-01 21:06:28'),(10,2,'XXL','xxl',NULL,NULL,0,5,'2025-05-01 21:06:28','2025-05-01 21:06:28');

--
-- Table structure for table `ec_product_attributes_translations`
--

CREATE TABLE `ec_product_attributes_translations` (
  `lang_code` varchar(191) COLLATE utf8mb4_unicode_ci NOT NULL,
  `ec_product_attributes_id` bigint unsigned NOT NULL,
  `title` varchar(191) COLLATE utf8mb4_unicode_ci DEFAULT NULL,
  PRIMARY KEY (`lang_code`,`ec_product_attributes_id`)
) ENGINE=InnoDB DEFAULT CHARSET=utf8mb4 COLLATE=utf8mb4_unicode_ci;

--
-- Dumping data for table `ec_product_attributes_translations`
--


--
-- Table structure for table `ec_product_categories`
--

CREATE TABLE `ec_product_categories` (
  `id` bigint unsigned NOT NULL AUTO_INCREMENT,
  `name` varchar(191) COLLATE utf8mb4_unicode_ci NOT NULL,
  `parent_id` bigint unsigned NOT NULL DEFAULT '0',
  `description` mediumtext COLLATE utf8mb4_unicode_ci,
  `status` varchar(60) COLLATE utf8mb4_unicode_ci NOT NULL DEFAULT 'published',
  `order` int unsigned NOT NULL DEFAULT '0',
  `image` varchar(191) COLLATE utf8mb4_unicode_ci DEFAULT NULL,
  `is_featured` tinyint unsigned NOT NULL DEFAULT '0',
  `created_at` timestamp NULL DEFAULT NULL,
  `updated_at` timestamp NULL DEFAULT NULL,
  `icon` varchar(191) COLLATE utf8mb4_unicode_ci DEFAULT NULL,
  `icon_image` varchar(191) COLLATE utf8mb4_unicode_ci DEFAULT NULL,
  PRIMARY KEY (`id`),
  KEY `ec_product_categories_parent_id_status_created_at_index` (`parent_id`,`status`,`created_at`),
  KEY `ec_product_categories_parent_id_status_index` (`parent_id`,`status`)
) ENGINE=InnoDB AUTO_INCREMENT=38 DEFAULT CHARSET=utf8mb4 COLLATE=utf8mb4_unicode_ci;

--
-- Dumping data for table `ec_product_categories`
--

INSERT INTO `ec_product_categories` VALUES (1,'Hot Promotions',0,NULL,'published',0,NULL,0,'2025-05-01 21:06:13','2025-05-01 21:06:13',NULL,NULL),(2,'Electronics',0,NULL,'published',1,'product-categories/1.jpg',1,'2025-05-01 21:06:13','2025-05-01 21:06:13',NULL,NULL),(3,'Consumer Electronic',2,NULL,'published',0,NULL,0,'2025-05-01 21:06:13','2025-05-01 21:06:13',NULL,NULL),(4,'Home Audio & Theaters',3,NULL,'published',0,NULL,0,'2025-05-01 21:06:13','2025-05-01 21:06:13',NULL,NULL),(5,'TV & Videos',3,NULL,'published',1,NULL,0,'2025-05-01 21:06:13','2025-05-01 21:06:13',NULL,NULL),(6,'Camera, Photos & Videos',3,NULL,'published',2,NULL,0,'2025-05-01 21:06:13','2025-05-01 21:06:13',NULL,NULL),(7,'Cellphones & Accessories',3,NULL,'published',3,NULL,0,'2025-05-01 21:06:13','2025-05-01 21:06:13',NULL,NULL),(8,'Headphones',3,NULL,'published',4,NULL,0,'2025-05-01 21:06:13','2025-05-01 21:06:13',NULL,NULL),(9,'Videos games',3,NULL,'published',5,NULL,0,'2025-05-01 21:06:13','2025-05-01 21:06:13',NULL,NULL),(10,'Wireless Speakers',3,NULL,'published',6,NULL,0,'2025-05-01 21:06:13','2025-05-01 21:06:13',NULL,NULL),(11,'Office Electronic',3,NULL,'published',7,NULL,0,'2025-05-01 21:06:13','2025-05-01 21:06:13',NULL,NULL),(12,'Accessories & Parts',2,NULL,'published',1,NULL,0,'2025-05-01 21:06:13','2025-05-01 21:06:13',NULL,NULL),(13,'Digital Cables',12,NULL,'published',0,NULL,0,'2025-05-01 21:06:13','2025-05-01 21:06:13',NULL,NULL),(14,'Audio & Video Cables',12,NULL,'published',1,NULL,0,'2025-05-01 21:06:13','2025-05-01 21:06:13',NULL,NULL),(15,'Batteries',12,NULL,'published',2,NULL,0,'2025-05-01 21:06:13','2025-05-01 21:06:13',NULL,NULL),(16,'Clothing',0,NULL,'published',2,'product-categories/2.jpg',1,'2025-05-01 21:06:13','2025-05-01 21:06:13',NULL,NULL),(17,'Computers',0,NULL,'published',3,'product-categories/3.jpg',1,'2025-05-01 21:06:13','2025-05-01 21:06:13',NULL,NULL),(18,'Computer & Technologies',17,NULL,'published',0,NULL,0,'2025-05-01 21:06:13','2025-05-01 21:06:13',NULL,NULL),(19,'Computer & Tablets',18,NULL,'published',0,NULL,0,'2025-05-01 21:06:13','2025-05-01 21:06:13',NULL,NULL),(20,'Laptop',18,NULL,'published',1,NULL,0,'2025-05-01 21:06:13','2025-05-01 21:06:13',NULL,NULL),(21,'Monitors',18,NULL,'published',2,NULL,0,'2025-05-01 21:06:13','2025-05-01 21:06:13',NULL,NULL),(22,'Computer Components',18,NULL,'published',3,NULL,0,'2025-05-01 21:06:13','2025-05-01 21:06:13',NULL,NULL),(23,'Networking',17,NULL,'published',1,NULL,0,'2025-05-01 21:06:13','2025-05-01 21:06:13',NULL,NULL),(24,'Drive & Storages',23,NULL,'published',0,NULL,0,'2025-05-01 21:06:13','2025-05-01 21:06:13',NULL,NULL),(25,'Gaming Laptop',23,NULL,'published',1,NULL,0,'2025-05-01 21:06:13','2025-05-01 21:06:13',NULL,NULL),(26,'Security & Protection',23,NULL,'published',2,NULL,0,'2025-05-01 21:06:13','2025-05-01 21:06:13',NULL,NULL),(27,'Accessories',23,NULL,'published',3,NULL,0,'2025-05-01 21:06:13','2025-05-01 21:06:13',NULL,NULL),(28,'Home & Kitchen',0,NULL,'published',4,'product-categories/4.jpg',1,'2025-05-01 21:06:13','2025-05-01 21:06:13',NULL,NULL),(29,'Health & Beauty',0,NULL,'published',5,'product-categories/5.jpg',1,'2025-05-01 21:06:13','2025-05-01 21:06:13',NULL,NULL),(30,'Jewelry & Watch',0,NULL,'published',6,'product-categories/6.jpg',1,'2025-05-01 21:06:13','2025-05-01 21:06:13',NULL,NULL),(31,'Technology Toys',0,NULL,'published',7,'product-categories/7.jpg',1,'2025-05-01 21:06:13','2025-05-01 21:06:13',NULL,NULL),(32,'Phones',0,NULL,'published',8,'product-categories/8.jpg',1,'2025-05-01 21:06:13','2025-05-01 21:06:13',NULL,NULL),(33,'Babies & Moms',0,NULL,'published',9,NULL,0,'2025-05-01 21:06:13','2025-05-01 21:06:13',NULL,NULL),(34,'Sport & Outdoor',0,NULL,'published',10,NULL,0,'2025-05-01 21:06:13','2025-05-01 21:06:13',NULL,NULL),(35,'Books & Office',0,NULL,'published',11,NULL,0,'2025-05-01 21:06:13','2025-05-01 21:06:13',NULL,NULL),(36,'Cars & Motorcycles',0,NULL,'published',12,NULL,0,'2025-05-01 21:06:13','2025-05-01 21:06:13',NULL,NULL),(37,'Home Improvements',0,NULL,'published',13,NULL,0,'2025-05-01 21:06:13','2025-05-01 21:06:13',NULL,NULL);

--
-- Table structure for table `ec_product_categories_translations`
--

CREATE TABLE `ec_product_categories_translations` (
  `lang_code` varchar(191) COLLATE utf8mb4_unicode_ci NOT NULL,
  `ec_product_categories_id` bigint unsigned NOT NULL,
  `name` varchar(191) COLLATE utf8mb4_unicode_ci DEFAULT NULL,
  `description` mediumtext COLLATE utf8mb4_unicode_ci,
  PRIMARY KEY (`lang_code`,`ec_product_categories_id`)
) ENGINE=InnoDB DEFAULT CHARSET=utf8mb4 COLLATE=utf8mb4_unicode_ci;

--
-- Dumping data for table `ec_product_categories_translations`
--


--
-- Table structure for table `ec_product_categorizables`
--

CREATE TABLE `ec_product_categorizables` (
  `category_id` bigint unsigned NOT NULL,
  `reference_id` bigint unsigned NOT NULL,
  `reference_type` varchar(120) COLLATE utf8mb4_unicode_ci NOT NULL,
  PRIMARY KEY (`category_id`,`reference_id`,`reference_type`),
  KEY `ec_product_categorizables_category_id_index` (`category_id`),
  KEY `ec_product_categorizables_reference_id_index` (`reference_id`),
  KEY `ec_product_categorizables_reference_type_index` (`reference_type`)
) ENGINE=InnoDB DEFAULT CHARSET=utf8mb4 COLLATE=utf8mb4_unicode_ci;

--
-- Dumping data for table `ec_product_categorizables`
--


--
-- Table structure for table `ec_product_category_product`
--

CREATE TABLE `ec_product_category_product` (
  `category_id` bigint unsigned NOT NULL,
  `product_id` bigint unsigned NOT NULL,
  PRIMARY KEY (`product_id`,`category_id`),
  KEY `ec_product_category_product_category_id_index` (`category_id`),
  KEY `ec_product_category_product_product_id_index` (`product_id`)
) ENGINE=InnoDB DEFAULT CHARSET=utf8mb4 COLLATE=utf8mb4_unicode_ci;

--
-- Dumping data for table `ec_product_category_product`
--

INSERT INTO `ec_product_category_product` VALUES (1,2),(1,7),(1,17),(1,19),(2,11),(2,15),(3,6),(4,18),(5,4),(5,7),(5,13),(6,5),(7,12),(7,13),(9,19),(9,22),(10,12),(10,18),(11,15),(12,20),(13,3),(14,12),(14,14),(14,16),(14,22),(15,1),(15,4),(15,21),(16,4),(16,8),(16,14),(17,11),(17,16),(18,11),(18,14),(18,18),(18,19),(20,16),(20,17),(20,21),(21,4),(21,8),(21,16),(22,3),(22,9),(22,10),(22,11),(22,14),(22,18),(22,21),(22,23),(23,7),(23,23),(24,1),(24,3),(24,15),(24,17),(24,22),(25,13),(26,7),(26,9),(26,12),(26,20),(26,21),(26,22),(26,23),(27,20),(28,2),(28,5),(28,9),(30,6),(30,19),(31,6),(31,10),(31,15),(32,5),(32,17),(32,23),(33,2),(33,8),(33,9),(33,13),(34,1),(34,2),(35,8),(35,20),(36,1),(36,6),(37,5),(37,10);

--
-- Table structure for table `ec_product_collection_products`
--

CREATE TABLE `ec_product_collection_products` (
  `product_collection_id` bigint unsigned NOT NULL,
  `product_id` bigint unsigned NOT NULL,
  PRIMARY KEY (`product_id`,`product_collection_id`),
  KEY `ec_product_collection_products_product_collection_id_index` (`product_collection_id`),
  KEY `ec_product_collection_products_product_id_index` (`product_id`)
) ENGINE=InnoDB DEFAULT CHARSET=utf8mb4 COLLATE=utf8mb4_unicode_ci;

--
-- Dumping data for table `ec_product_collection_products`
--

INSERT INTO `ec_product_collection_products` VALUES (1,2),(1,3),(1,7),(1,8),(1,9),(1,11),(1,13),(1,14),(1,19),(1,20),(2,1),(2,4),(2,10),(2,18),(2,21),(2,22),(3,5),(3,6),(3,12),(3,15),(3,16),(3,17),(3,23);

--
-- Table structure for table `ec_product_collections`
--

CREATE TABLE `ec_product_collections` (
  `id` bigint unsigned NOT NULL AUTO_INCREMENT,
  `name` varchar(191) COLLATE utf8mb4_unicode_ci NOT NULL,
  `slug` varchar(191) COLLATE utf8mb4_unicode_ci NOT NULL,
  `description` varchar(400) COLLATE utf8mb4_unicode_ci DEFAULT NULL,
  `image` varchar(191) COLLATE utf8mb4_unicode_ci DEFAULT NULL,
  `status` varchar(60) COLLATE utf8mb4_unicode_ci NOT NULL DEFAULT 'published',
  `created_at` timestamp NULL DEFAULT NULL,
  `updated_at` timestamp NULL DEFAULT NULL,
  `is_featured` tinyint unsigned NOT NULL DEFAULT '0',
  PRIMARY KEY (`id`)
) ENGINE=InnoDB AUTO_INCREMENT=4 DEFAULT CHARSET=utf8mb4 COLLATE=utf8mb4_unicode_ci;

--
-- Dumping data for table `ec_product_collections`
--

INSERT INTO `ec_product_collections` VALUES (1,'New Arrival','new-arrival',NULL,NULL,'published','2025-05-01 21:06:13','2025-05-01 21:06:13',0),(2,'Best Sellers','best-sellers',NULL,NULL,'published','2025-05-01 21:06:13','2025-05-01 21:06:13',0),(3,'Special Offer','special-offer',NULL,NULL,'published','2025-05-01 21:06:13','2025-05-01 21:06:13',0);

--
-- Table structure for table `ec_product_collections_translations`
--

CREATE TABLE `ec_product_collections_translations` (
  `lang_code` varchar(191) COLLATE utf8mb4_unicode_ci NOT NULL,
  `ec_product_collections_id` bigint unsigned NOT NULL,
  `name` varchar(191) COLLATE utf8mb4_unicode_ci DEFAULT NULL,
  `description` varchar(400) COLLATE utf8mb4_unicode_ci DEFAULT NULL,
  PRIMARY KEY (`lang_code`,`ec_product_collections_id`)
) ENGINE=InnoDB DEFAULT CHARSET=utf8mb4 COLLATE=utf8mb4_unicode_ci;

--
-- Dumping data for table `ec_product_collections_translations`
--


--
-- Table structure for table `ec_product_cross_sale_relations`
--

CREATE TABLE `ec_product_cross_sale_relations` (
  `from_product_id` bigint unsigned NOT NULL,
  `to_product_id` bigint unsigned NOT NULL,
  `is_variant` tinyint(1) NOT NULL DEFAULT '0',
  `price` decimal(15,2) DEFAULT '0.00',
  `price_type` varchar(191) COLLATE utf8mb4_unicode_ci NOT NULL DEFAULT 'fixed',
  `apply_to_all_variations` tinyint(1) NOT NULL DEFAULT '1',
  PRIMARY KEY (`from_product_id`,`to_product_id`),
  KEY `ec_product_cross_sale_relations_from_product_id_index` (`from_product_id`),
  KEY `ec_product_cross_sale_relations_to_product_id_index` (`to_product_id`)
) ENGINE=InnoDB DEFAULT CHARSET=utf8mb4 COLLATE=utf8mb4_unicode_ci;

--
-- Dumping data for table `ec_product_cross_sale_relations`
--

INSERT INTO `ec_product_cross_sale_relations` VALUES (1,2,0,0.00,'fixed',1),(1,3,0,0.00,'fixed',1),(1,4,0,0.00,'fixed',1),(1,8,0,0.00,'fixed',1),(1,17,0,0.00,'fixed',1),(2,1,0,0.00,'fixed',1),(2,5,0,0.00,'fixed',1),(2,6,0,0.00,'fixed',1),(2,14,0,0.00,'fixed',1),(2,16,0,0.00,'fixed',1),(2,19,0,0.00,'fixed',1),(3,1,0,0.00,'fixed',1),(3,2,0,0.00,'fixed',1),(3,14,0,0.00,'fixed',1),(3,16,0,0.00,'fixed',1),(3,17,0,0.00,'fixed',1),(3,19,0,0.00,'fixed',1),(4,1,0,0.00,'fixed',1),(4,2,0,0.00,'fixed',1),(4,11,0,0.00,'fixed',1),(4,13,0,0.00,'fixed',1),(4,15,0,0.00,'fixed',1),(5,3,0,0.00,'fixed',1),(5,4,0,0.00,'fixed',1),(5,6,0,0.00,'fixed',1),(5,7,0,0.00,'fixed',1),(5,15,0,0.00,'fixed',1),(5,18,0,0.00,'fixed',1),(5,19,0,0.00,'fixed',1),(6,7,0,0.00,'fixed',1),(6,8,0,0.00,'fixed',1),(6,10,0,0.00,'fixed',1),(6,11,0,0.00,'fixed',1),(6,12,0,0.00,'fixed',1),(7,1,0,0.00,'fixed',1),(7,4,0,0.00,'fixed',1),(7,14,0,0.00,'fixed',1),(7,15,0,0.00,'fixed',1),(7,16,0,0.00,'fixed',1),(8,5,0,0.00,'fixed',1),(8,6,0,0.00,'fixed',1),(8,13,0,0.00,'fixed',1),(8,14,0,0.00,'fixed',1),(8,17,0,0.00,'fixed',1),(8,19,0,0.00,'fixed',1),(8,20,0,0.00,'fixed',1),(9,7,0,0.00,'fixed',1),(9,11,0,0.00,'fixed',1),(9,13,0,0.00,'fixed',1),(9,15,0,0.00,'fixed',1),(9,16,0,0.00,'fixed',1),(9,17,0,0.00,'fixed',1),(9,19,0,0.00,'fixed',1),(10,2,0,0.00,'fixed',1),(10,5,0,0.00,'fixed',1),(10,6,0,0.00,'fixed',1),(10,7,0,0.00,'fixed',1),(10,11,0,0.00,'fixed',1),(10,15,0,0.00,'fixed',1),(10,19,0,0.00,'fixed',1),(11,1,0,0.00,'fixed',1),(11,2,0,0.00,'fixed',1),(11,3,0,0.00,'fixed',1),(11,4,0,0.00,'fixed',1),(11,17,0,0.00,'fixed',1),(11,18,0,0.00,'fixed',1),(12,2,0,0.00,'fixed',1),(12,7,0,0.00,'fixed',1),(12,11,0,0.00,'fixed',1),(12,14,0,0.00,'fixed',1),(12,15,0,0.00,'fixed',1),(12,16,0,0.00,'fixed',1),(13,2,0,0.00,'fixed',1),(13,3,0,0.00,'fixed',1),(13,5,0,0.00,'fixed',1),(13,11,0,0.00,'fixed',1),(13,15,0,0.00,'fixed',1),(13,17,0,0.00,'fixed',1),(13,18,0,0.00,'fixed',1),(14,1,0,0.00,'fixed',1),(14,8,0,0.00,'fixed',1),(14,11,0,0.00,'fixed',1),(14,13,0,0.00,'fixed',1),(14,20,0,0.00,'fixed',1),(15,2,0,0.00,'fixed',1),(15,6,0,0.00,'fixed',1),(15,7,0,0.00,'fixed',1),(15,8,0,0.00,'fixed',1),(15,10,0,0.00,'fixed',1),(16,4,0,0.00,'fixed',1),(16,5,0,0.00,'fixed',1),(16,7,0,0.00,'fixed',1),(16,15,0,0.00,'fixed',1),(16,18,0,0.00,'fixed',1),(16,19,0,0.00,'fixed',1),(17,2,0,0.00,'fixed',1),(17,5,0,0.00,'fixed',1),(17,12,0,0.00,'fixed',1),(17,13,0,0.00,'fixed',1),(17,14,0,0.00,'fixed',1),(18,1,0,0.00,'fixed',1),(18,2,0,0.00,'fixed',1),(18,3,0,0.00,'fixed',1),(18,7,0,0.00,'fixed',1),(18,13,0,0.00,'fixed',1),(18,14,0,0.00,'fixed',1),(18,17,0,0.00,'fixed',1),(19,1,0,0.00,'fixed',1),(19,3,0,0.00,'fixed',1),(19,4,0,0.00,'fixed',1),(19,9,0,0.00,'fixed',1),(19,14,0,0.00,'fixed',1),(19,18,0,0.00,'fixed',1),(20,2,0,0.00,'fixed',1),(20,6,0,0.00,'fixed',1),(20,9,0,0.00,'fixed',1),(20,10,0,0.00,'fixed',1),(20,12,0,0.00,'fixed',1),(21,3,0,0.00,'fixed',1),(21,4,0,0.00,'fixed',1),(21,9,0,0.00,'fixed',1),(21,12,0,0.00,'fixed',1),(21,15,0,0.00,'fixed',1),(21,17,0,0.00,'fixed',1),(22,1,0,0.00,'fixed',1),(22,3,0,0.00,'fixed',1),(22,4,0,0.00,'fixed',1),(22,6,0,0.00,'fixed',1),(22,7,0,0.00,'fixed',1),(22,10,0,0.00,'fixed',1),(23,1,0,0.00,'fixed',1),(23,3,0,0.00,'fixed',1),(23,4,0,0.00,'fixed',1),(23,8,0,0.00,'fixed',1),(23,9,0,0.00,'fixed',1),(23,16,0,0.00,'fixed',1),(23,17,0,0.00,'fixed',1);

--
-- Table structure for table `ec_product_files`
--

CREATE TABLE `ec_product_files` (
  `id` bigint unsigned NOT NULL AUTO_INCREMENT,
  `product_id` bigint unsigned DEFAULT NULL,
  `url` varchar(400) COLLATE utf8mb4_unicode_ci DEFAULT NULL,
  `extras` mediumtext COLLATE utf8mb4_unicode_ci,
  `created_at` timestamp NULL DEFAULT NULL,
  `updated_at` timestamp NULL DEFAULT NULL,
  PRIMARY KEY (`id`),
  KEY `ec_product_files_product_id_index` (`product_id`)
) ENGINE=InnoDB AUTO_INCREMENT=46 DEFAULT CHARSET=utf8mb4 COLLATE=utf8mb4_unicode_ci;

--
-- Dumping data for table `ec_product_files`
--

INSERT INTO `ec_product_files` VALUES (1,24,'ecommerce/digital-product-files/1.jpg','{\"filename\":\"1.jpg\",\"url\":\"ecommerce\\/digital-product-files\\/1.jpg\",\"mime_type\":\"image\\/jpeg\",\"size\":9730,\"modified\":\"2025-05-02 04:06:26\",\"name\":\"1\",\"extension\":\"jpg\"}','2025-05-01 21:06:26','2025-05-01 21:06:26'),(2,32,'ecommerce/digital-product-files/5.jpg','{\"filename\":\"5.jpg\",\"url\":\"ecommerce\\/digital-product-files\\/5.jpg\",\"mime_type\":\"image\\/jpeg\",\"size\":9730,\"modified\":\"2025-05-02 04:06:27\",\"name\":\"5\",\"extension\":\"jpg\"}','2025-05-01 21:06:27','2025-05-01 21:06:27'),(3,32,'ecommerce/digital-product-files/5-1.jpg','{\"filename\":\"5-1.jpg\",\"url\":\"ecommerce\\/digital-product-files\\/5-1.jpg\",\"mime_type\":\"image\\/jpeg\",\"size\":9730,\"modified\":\"2025-05-02 04:06:27\",\"name\":\"5-1\",\"extension\":\"jpg\"}','2025-05-01 21:06:27','2025-05-01 21:06:27'),(4,32,'ecommerce/digital-product-files/5-2.jpg','{\"filename\":\"5-2.jpg\",\"url\":\"ecommerce\\/digital-product-files\\/5-2.jpg\",\"mime_type\":\"image\\/jpeg\",\"size\":9730,\"modified\":\"2025-05-02 04:06:27\",\"name\":\"5-2\",\"extension\":\"jpg\"}','2025-05-01 21:06:27','2025-05-01 21:06:27'),(5,32,'ecommerce/digital-product-files/5-3.jpg','{\"filename\":\"5-3.jpg\",\"url\":\"ecommerce\\/digital-product-files\\/5-3.jpg\",\"mime_type\":\"image\\/jpeg\",\"size\":9730,\"modified\":\"2025-05-02 04:06:27\",\"name\":\"5-3\",\"extension\":\"jpg\"}','2025-05-01 21:06:27','2025-05-01 21:06:27'),(6,33,'ecommerce/digital-product-files/5.jpg','{\"filename\":\"5.jpg\",\"url\":\"ecommerce\\/digital-product-files\\/5.jpg\",\"mime_type\":\"image\\/jpeg\",\"size\":9730,\"modified\":\"2025-05-02 04:06:27\",\"name\":\"5\",\"extension\":\"jpg\"}','2025-05-01 21:06:27','2025-05-01 21:06:27'),(7,33,'ecommerce/digital-product-files/5-1.jpg','{\"filename\":\"5-1.jpg\",\"url\":\"ecommerce\\/digital-product-files\\/5-1.jpg\",\"mime_type\":\"image\\/jpeg\",\"size\":9730,\"modified\":\"2025-05-02 04:06:27\",\"name\":\"5-1\",\"extension\":\"jpg\"}','2025-05-01 21:06:27','2025-05-01 21:06:27'),(8,33,'ecommerce/digital-product-files/5-2.jpg','{\"filename\":\"5-2.jpg\",\"url\":\"ecommerce\\/digital-product-files\\/5-2.jpg\",\"mime_type\":\"image\\/jpeg\",\"size\":9730,\"modified\":\"2025-05-02 04:06:27\",\"name\":\"5-2\",\"extension\":\"jpg\"}','2025-05-01 21:06:27','2025-05-01 21:06:27'),(9,33,'ecommerce/digital-product-files/5-3.jpg','{\"filename\":\"5-3.jpg\",\"url\":\"ecommerce\\/digital-product-files\\/5-3.jpg\",\"mime_type\":\"image\\/jpeg\",\"size\":9730,\"modified\":\"2025-05-02 04:06:27\",\"name\":\"5-3\",\"extension\":\"jpg\"}','2025-05-01 21:06:27','2025-05-01 21:06:27'),(10,41,'ecommerce/digital-product-files/9.jpg','{\"filename\":\"9.jpg\",\"url\":\"ecommerce\\/digital-product-files\\/9.jpg\",\"mime_type\":\"image\\/jpeg\",\"size\":9730,\"modified\":\"2025-05-02 04:06:27\",\"name\":\"9\",\"extension\":\"jpg\"}','2025-05-01 21:06:27','2025-05-01 21:06:27'),(11,41,'ecommerce/digital-product-files/9-1.jpg','{\"filename\":\"9-1.jpg\",\"url\":\"ecommerce\\/digital-product-files\\/9-1.jpg\",\"mime_type\":\"image\\/jpeg\",\"size\":9730,\"modified\":\"2025-05-02 04:06:27\",\"name\":\"9-1\",\"extension\":\"jpg\"}','2025-05-01 21:06:27','2025-05-01 21:06:27'),(12,41,'ecommerce/digital-product-files/9-2.jpg','{\"filename\":\"9-2.jpg\",\"url\":\"ecommerce\\/digital-product-files\\/9-2.jpg\",\"mime_type\":\"image\\/jpeg\",\"size\":9730,\"modified\":\"2025-05-02 04:06:27\",\"name\":\"9-2\",\"extension\":\"jpg\"}','2025-05-01 21:06:27','2025-05-01 21:06:27'),(13,42,'ecommerce/digital-product-files/9.jpg','{\"filename\":\"9.jpg\",\"url\":\"ecommerce\\/digital-product-files\\/9.jpg\",\"mime_type\":\"image\\/jpeg\",\"size\":9730,\"modified\":\"2025-05-02 04:06:27\",\"name\":\"9\",\"extension\":\"jpg\"}','2025-05-01 21:06:27','2025-05-01 21:06:27'),(14,42,'ecommerce/digital-product-files/9-1.jpg','{\"filename\":\"9-1.jpg\",\"url\":\"ecommerce\\/digital-product-files\\/9-1.jpg\",\"mime_type\":\"image\\/jpeg\",\"size\":9730,\"modified\":\"2025-05-02 04:06:27\",\"name\":\"9-1\",\"extension\":\"jpg\"}','2025-05-01 21:06:27','2025-05-01 21:06:27'),(15,42,'ecommerce/digital-product-files/9-2.jpg','{\"filename\":\"9-2.jpg\",\"url\":\"ecommerce\\/digital-product-files\\/9-2.jpg\",\"mime_type\":\"image\\/jpeg\",\"size\":9730,\"modified\":\"2025-05-02 04:06:27\",\"name\":\"9-2\",\"extension\":\"jpg\"}','2025-05-01 21:06:27','2025-05-01 21:06:27'),(16,43,'ecommerce/digital-product-files/9.jpg','{\"filename\":\"9.jpg\",\"url\":\"ecommerce\\/digital-product-files\\/9.jpg\",\"mime_type\":\"image\\/jpeg\",\"size\":9730,\"modified\":\"2025-05-02 04:06:27\",\"name\":\"9\",\"extension\":\"jpg\"}','2025-05-01 21:06:27','2025-05-01 21:06:27'),(17,43,'ecommerce/digital-product-files/9-1.jpg','{\"filename\":\"9-1.jpg\",\"url\":\"ecommerce\\/digital-product-files\\/9-1.jpg\",\"mime_type\":\"image\\/jpeg\",\"size\":9730,\"modified\":\"2025-05-02 04:06:27\",\"name\":\"9-1\",\"extension\":\"jpg\"}','2025-05-01 21:06:27','2025-05-01 21:06:27'),(18,43,'ecommerce/digital-product-files/9-2.jpg','{\"filename\":\"9-2.jpg\",\"url\":\"ecommerce\\/digital-product-files\\/9-2.jpg\",\"mime_type\":\"image\\/jpeg\",\"size\":9730,\"modified\":\"2025-05-02 04:06:27\",\"name\":\"9-2\",\"extension\":\"jpg\"}','2025-05-01 21:06:27','2025-05-01 21:06:27'),(19,44,'ecommerce/digital-product-files/9.jpg','{\"filename\":\"9.jpg\",\"url\":\"ecommerce\\/digital-product-files\\/9.jpg\",\"mime_type\":\"image\\/jpeg\",\"size\":9730,\"modified\":\"2025-05-02 04:06:27\",\"name\":\"9\",\"extension\":\"jpg\"}','2025-05-01 21:06:27','2025-05-01 21:06:27'),(20,44,'ecommerce/digital-product-files/9-1.jpg','{\"filename\":\"9-1.jpg\",\"url\":\"ecommerce\\/digital-product-files\\/9-1.jpg\",\"mime_type\":\"image\\/jpeg\",\"size\":9730,\"modified\":\"2025-05-02 04:06:27\",\"name\":\"9-1\",\"extension\":\"jpg\"}','2025-05-01 21:06:27','2025-05-01 21:06:27'),(21,44,'ecommerce/digital-product-files/9-2.jpg','{\"filename\":\"9-2.jpg\",\"url\":\"ecommerce\\/digital-product-files\\/9-2.jpg\",\"mime_type\":\"image\\/jpeg\",\"size\":9730,\"modified\":\"2025-05-02 04:06:27\",\"name\":\"9-2\",\"extension\":\"jpg\"}','2025-05-01 21:06:27','2025-05-01 21:06:27'),(22,53,'ecommerce/digital-product-files/13.jpg','{\"filename\":\"13.jpg\",\"url\":\"ecommerce\\/digital-product-files\\/13.jpg\",\"mime_type\":\"image\\/jpeg\",\"size\":9730,\"modified\":\"2025-05-02 04:06:27\",\"name\":\"13\",\"extension\":\"jpg\"}','2025-05-01 21:06:27','2025-05-01 21:06:27'),(23,53,'ecommerce/digital-product-files/13-1.jpg','{\"filename\":\"13-1.jpg\",\"url\":\"ecommerce\\/digital-product-files\\/13-1.jpg\",\"mime_type\":\"image\\/jpeg\",\"size\":9730,\"modified\":\"2025-05-02 04:06:27\",\"name\":\"13-1\",\"extension\":\"jpg\"}','2025-05-01 21:06:27','2025-05-01 21:06:27'),(24,54,'ecommerce/digital-product-files/13.jpg','{\"filename\":\"13.jpg\",\"url\":\"ecommerce\\/digital-product-files\\/13.jpg\",\"mime_type\":\"image\\/jpeg\",\"size\":9730,\"modified\":\"2025-05-02 04:06:27\",\"name\":\"13\",\"extension\":\"jpg\"}','2025-05-01 21:06:27','2025-05-01 21:06:27'),(25,54,'ecommerce/digital-product-files/13-1.jpg','{\"filename\":\"13-1.jpg\",\"url\":\"ecommerce\\/digital-product-files\\/13-1.jpg\",\"mime_type\":\"image\\/jpeg\",\"size\":9730,\"modified\":\"2025-05-02 04:06:27\",\"name\":\"13-1\",\"extension\":\"jpg\"}','2025-05-01 21:06:27','2025-05-01 21:06:27'),(26,61,'ecommerce/digital-product-files/17.jpg','{\"filename\":\"17.jpg\",\"url\":\"ecommerce\\/digital-product-files\\/17.jpg\",\"mime_type\":\"image\\/jpeg\",\"size\":9730,\"modified\":\"2025-05-02 04:06:27\",\"name\":\"17\",\"extension\":\"jpg\"}','2025-05-01 21:06:27','2025-05-01 21:06:27'),(27,61,'ecommerce/digital-product-files/17-1.jpg','{\"filename\":\"17-1.jpg\",\"url\":\"ecommerce\\/digital-product-files\\/17-1.jpg\",\"mime_type\":\"image\\/jpeg\",\"size\":9730,\"modified\":\"2025-05-02 04:06:27\",\"name\":\"17-1\",\"extension\":\"jpg\"}','2025-05-01 21:06:27','2025-05-01 21:06:27'),(28,61,'ecommerce/digital-product-files/17-2.jpg','{\"filename\":\"17-2.jpg\",\"url\":\"ecommerce\\/digital-product-files\\/17-2.jpg\",\"mime_type\":\"image\\/jpeg\",\"size\":9730,\"modified\":\"2025-05-02 04:06:27\",\"name\":\"17-2\",\"extension\":\"jpg\"}','2025-05-01 21:06:27','2025-05-01 21:06:27'),(29,61,'ecommerce/digital-product-files/17-3.jpg','{\"filename\":\"17-3.jpg\",\"url\":\"ecommerce\\/digital-product-files\\/17-3.jpg\",\"mime_type\":\"image\\/jpeg\",\"size\":9730,\"modified\":\"2025-05-02 04:06:27\",\"name\":\"17-3\",\"extension\":\"jpg\"}','2025-05-01 21:06:27','2025-05-01 21:06:27'),(30,62,'ecommerce/digital-product-files/17.jpg','{\"filename\":\"17.jpg\",\"url\":\"ecommerce\\/digital-product-files\\/17.jpg\",\"mime_type\":\"image\\/jpeg\",\"size\":9730,\"modified\":\"2025-05-02 04:06:27\",\"name\":\"17\",\"extension\":\"jpg\"}','2025-05-01 21:06:27','2025-05-01 21:06:27'),(31,62,'ecommerce/digital-product-files/17-1.jpg','{\"filename\":\"17-1.jpg\",\"url\":\"ecommerce\\/digital-product-files\\/17-1.jpg\",\"mime_type\":\"image\\/jpeg\",\"size\":9730,\"modified\":\"2025-05-02 04:06:27\",\"name\":\"17-1\",\"extension\":\"jpg\"}','2025-05-01 21:06:27','2025-05-01 21:06:27'),(32,62,'ecommerce/digital-product-files/17-2.jpg','{\"filename\":\"17-2.jpg\",\"url\":\"ecommerce\\/digital-product-files\\/17-2.jpg\",\"mime_type\":\"image\\/jpeg\",\"size\":9730,\"modified\":\"2025-05-02 04:06:27\",\"name\":\"17-2\",\"extension\":\"jpg\"}','2025-05-01 21:06:27','2025-05-01 21:06:27'),(33,62,'ecommerce/digital-product-files/17-3.jpg','{\"filename\":\"17-3.jpg\",\"url\":\"ecommerce\\/digital-product-files\\/17-3.jpg\",\"mime_type\":\"image\\/jpeg\",\"size\":9730,\"modified\":\"2025-05-02 04:06:27\",\"name\":\"17-3\",\"extension\":\"jpg\"}','2025-05-01 21:06:27','2025-05-01 21:06:27'),(34,68,'ecommerce/digital-product-files/21.jpg','{\"filename\":\"21.jpg\",\"url\":\"ecommerce\\/digital-product-files\\/21.jpg\",\"mime_type\":\"image\\/jpeg\",\"size\":9730,\"modified\":\"2025-05-02 04:06:28\",\"name\":\"21\",\"extension\":\"jpg\"}','2025-05-01 21:06:28','2025-05-01 21:06:28'),(35,68,'ecommerce/digital-product-files/21-1.jpg','{\"filename\":\"21-1.jpg\",\"url\":\"ecommerce\\/digital-product-files\\/21-1.jpg\",\"mime_type\":\"image\\/jpeg\",\"size\":9730,\"modified\":\"2025-05-02 04:06:28\",\"name\":\"21-1\",\"extension\":\"jpg\"}','2025-05-01 21:06:28','2025-05-01 21:06:28'),(36,68,'ecommerce/digital-product-files/21-2.jpg','{\"filename\":\"21-2.jpg\",\"url\":\"ecommerce\\/digital-product-files\\/21-2.jpg\",\"mime_type\":\"image\\/jpeg\",\"size\":9730,\"modified\":\"2025-05-02 04:06:28\",\"name\":\"21-2\",\"extension\":\"jpg\"}','2025-05-01 21:06:28','2025-05-01 21:06:28'),(37,69,'ecommerce/digital-product-files/21.jpg','{\"filename\":\"21.jpg\",\"url\":\"ecommerce\\/digital-product-files\\/21.jpg\",\"mime_type\":\"image\\/jpeg\",\"size\":9730,\"modified\":\"2025-05-02 04:06:28\",\"name\":\"21\",\"extension\":\"jpg\"}','2025-05-01 21:06:28','2025-05-01 21:06:28'),(38,69,'ecommerce/digital-product-files/21-1.jpg','{\"filename\":\"21-1.jpg\",\"url\":\"ecommerce\\/digital-product-files\\/21-1.jpg\",\"mime_type\":\"image\\/jpeg\",\"size\":9730,\"modified\":\"2025-05-02 04:06:28\",\"name\":\"21-1\",\"extension\":\"jpg\"}','2025-05-01 21:06:28','2025-05-01 21:06:28'),(39,69,'ecommerce/digital-product-files/21-2.jpg','{\"filename\":\"21-2.jpg\",\"url\":\"ecommerce\\/digital-product-files\\/21-2.jpg\",\"mime_type\":\"image\\/jpeg\",\"size\":9730,\"modified\":\"2025-05-02 04:06:28\",\"name\":\"21-2\",\"extension\":\"jpg\"}','2025-05-01 21:06:28','2025-05-01 21:06:28'),(40,70,'ecommerce/digital-product-files/21.jpg','{\"filename\":\"21.jpg\",\"url\":\"ecommerce\\/digital-product-files\\/21.jpg\",\"mime_type\":\"image\\/jpeg\",\"size\":9730,\"modified\":\"2025-05-02 04:06:28\",\"name\":\"21\",\"extension\":\"jpg\"}','2025-05-01 21:06:28','2025-05-01 21:06:28'),(41,70,'ecommerce/digital-product-files/21-1.jpg','{\"filename\":\"21-1.jpg\",\"url\":\"ecommerce\\/digital-product-files\\/21-1.jpg\",\"mime_type\":\"image\\/jpeg\",\"size\":9730,\"modified\":\"2025-05-02 04:06:28\",\"name\":\"21-1\",\"extension\":\"jpg\"}','2025-05-01 21:06:28','2025-05-01 21:06:28'),(42,70,'ecommerce/digital-product-files/21-2.jpg','{\"filename\":\"21-2.jpg\",\"url\":\"ecommerce\\/digital-product-files\\/21-2.jpg\",\"mime_type\":\"image\\/jpeg\",\"size\":9730,\"modified\":\"2025-05-02 04:06:28\",\"name\":\"21-2\",\"extension\":\"jpg\"}','2025-05-01 21:06:28','2025-05-01 21:06:28'),(43,71,'ecommerce/digital-product-files/21.jpg','{\"filename\":\"21.jpg\",\"url\":\"ecommerce\\/digital-product-files\\/21.jpg\",\"mime_type\":\"image\\/jpeg\",\"size\":9730,\"modified\":\"2025-05-02 04:06:28\",\"name\":\"21\",\"extension\":\"jpg\"}','2025-05-01 21:06:28','2025-05-01 21:06:28'),(44,71,'ecommerce/digital-product-files/21-1.jpg','{\"filename\":\"21-1.jpg\",\"url\":\"ecommerce\\/digital-product-files\\/21-1.jpg\",\"mime_type\":\"image\\/jpeg\",\"size\":9730,\"modified\":\"2025-05-02 04:06:28\",\"name\":\"21-1\",\"extension\":\"jpg\"}','2025-05-01 21:06:28','2025-05-01 21:06:28'),(45,71,'ecommerce/digital-product-files/21-2.jpg','{\"filename\":\"21-2.jpg\",\"url\":\"ecommerce\\/digital-product-files\\/21-2.jpg\",\"mime_type\":\"image\\/jpeg\",\"size\":9730,\"modified\":\"2025-05-02 04:06:28\",\"name\":\"21-2\",\"extension\":\"jpg\"}','2025-05-01 21:06:28','2025-05-01 21:06:28');

--
-- Table structure for table `ec_product_label_products`
--

CREATE TABLE `ec_product_label_products` (
  `product_label_id` bigint unsigned NOT NULL,
  `product_id` bigint unsigned NOT NULL,
  PRIMARY KEY (`product_label_id`,`product_id`),
  KEY `ec_product_label_products_product_label_id_index` (`product_label_id`),
  KEY `ec_product_label_products_product_id_index` (`product_id`)
) ENGINE=InnoDB DEFAULT CHARSET=utf8mb4 COLLATE=utf8mb4_unicode_ci;

--
-- Dumping data for table `ec_product_label_products`
--

INSERT INTO `ec_product_label_products` VALUES (1,3),(1,9),(1,15),(3,6),(3,12),(3,18),(3,21);

--
-- Table structure for table `ec_product_labels`
--

CREATE TABLE `ec_product_labels` (
  `id` bigint unsigned NOT NULL AUTO_INCREMENT,
  `name` varchar(191) COLLATE utf8mb4_unicode_ci NOT NULL,
  `color` varchar(120) COLLATE utf8mb4_unicode_ci DEFAULT NULL,
  `status` varchar(60) COLLATE utf8mb4_unicode_ci NOT NULL DEFAULT 'published',
  `created_at` timestamp NULL DEFAULT NULL,
  `updated_at` timestamp NULL DEFAULT NULL,
  `text_color` varchar(120) COLLATE utf8mb4_unicode_ci DEFAULT NULL,
  PRIMARY KEY (`id`)
) ENGINE=InnoDB AUTO_INCREMENT=4 DEFAULT CHARSET=utf8mb4 COLLATE=utf8mb4_unicode_ci;

--
-- Dumping data for table `ec_product_labels`
--

INSERT INTO `ec_product_labels` VALUES (1,'Hot','#d71e2d','published','2025-05-01 21:06:13','2025-05-01 21:06:13',NULL),(2,'New','#02856e','published','2025-05-01 21:06:13','2025-05-01 21:06:13',NULL),(3,'Sale','#fe9931','published','2025-05-01 21:06:13','2025-05-01 21:06:13',NULL);

--
-- Table structure for table `ec_product_labels_translations`
--

CREATE TABLE `ec_product_labels_translations` (
  `lang_code` varchar(191) COLLATE utf8mb4_unicode_ci NOT NULL,
  `ec_product_labels_id` bigint unsigned NOT NULL,
  `name` varchar(191) COLLATE utf8mb4_unicode_ci DEFAULT NULL,
  `description` varchar(400) COLLATE utf8mb4_unicode_ci DEFAULT NULL,
  PRIMARY KEY (`lang_code`,`ec_product_labels_id`)
) ENGINE=InnoDB DEFAULT CHARSET=utf8mb4 COLLATE=utf8mb4_unicode_ci;

--
-- Dumping data for table `ec_product_labels_translations`
--


--
-- Table structure for table `ec_product_related_relations`
--

CREATE TABLE `ec_product_related_relations` (
  `from_product_id` bigint unsigned NOT NULL,
  `to_product_id` bigint unsigned NOT NULL,
  PRIMARY KEY (`from_product_id`,`to_product_id`),
  KEY `ec_product_related_relations_from_product_id_index` (`from_product_id`),
  KEY `ec_product_related_relations_to_product_id_index` (`to_product_id`)
) ENGINE=InnoDB DEFAULT CHARSET=utf8mb4 COLLATE=utf8mb4_unicode_ci;

--
-- Dumping data for table `ec_product_related_relations`
--


--
-- Table structure for table `ec_product_specification_attribute`
--

CREATE TABLE `ec_product_specification_attribute` (
  `product_id` bigint unsigned NOT NULL,
  `attribute_id` bigint unsigned NOT NULL,
  `value` text COLLATE utf8mb4_unicode_ci,
  `hidden` tinyint(1) NOT NULL DEFAULT '0',
  `order` tinyint NOT NULL DEFAULT '0',
  PRIMARY KEY (`product_id`,`attribute_id`)
) ENGINE=InnoDB DEFAULT CHARSET=utf8mb4 COLLATE=utf8mb4_unicode_ci;

--
-- Dumping data for table `ec_product_specification_attribute`
--

INSERT INTO `ec_product_specification_attribute` VALUES (1,6,'35.96 cm',0,0),(1,7,'61.23 cm',0,0),(1,8,'3840x2160',0,0),(2,6,'8.69 cm',0,0),(2,7,'93.38 cm',0,0),(2,8,'2560x1440',0,0),(3,6,'40.41 cm',0,0),(3,7,'4.98 cm',0,0),(3,8,'2560x1440',0,0),(4,1,'47.52 cm',0,0),(4,2,'58.61 cm',0,0),(4,3,'19.64 cm',0,0),(4,4,'82.51 cm',0,0),(4,5,'66.65 cm',0,0),(5,6,'26.07 cm',0,0),(5,7,'53.15 cm',0,0),(5,8,'3840x2160',0,0),(6,6,'49.91 cm',0,0),(6,7,'94.05 cm',0,0),(6,8,'1920x1080',0,0),(7,6,'53.19 cm',0,0),(7,7,'76.4 cm',0,0),(7,8,'1920x1080',0,0),(8,6,'96.47 cm',0,0),(8,7,'43.29 cm',0,0),(8,8,'1920x1080',0,0),(9,1,'3.56 cm',0,0),(9,2,'79.95 cm',0,0),(9,3,'27.93 cm',0,0),(9,4,'70.37 cm',0,0),(9,5,'50.75 cm',0,0),(10,1,'78.53 cm',0,0),(10,2,'57.06 cm',0,0),(10,3,'7.4 cm',0,0),(10,4,'20.71 cm',0,0),(10,5,'9.42 cm',0,0),(11,1,'71.87 cm',0,0),(11,2,'36.36 cm',0,0),(11,3,'42.23 cm',0,0),(11,4,'64.41 cm',0,0),(11,5,'1.86 cm',0,0),(12,1,'83.59 cm',0,0),(12,2,'54.65 cm',0,0),(12,3,'69.14 cm',0,0),(12,4,'26.08 cm',0,0),(12,5,'77.91 cm',0,0),(13,1,'70.04 cm',0,0),(13,2,'79.02 cm',0,0),(13,3,'18.15 cm',0,0),(13,4,'95.83 cm',0,0),(13,5,'61.82 cm',0,0),(14,6,'4.43 cm',0,0),(14,7,'61.53 cm',0,0),(14,8,'3840x2160',0,0),(15,6,'20.25 cm',0,0),(15,7,'50.07 cm',0,0),(15,8,'2560x1440',0,0),(16,6,'58.3 cm',0,0),(16,7,'50.21 cm',0,0),(16,8,'1920x1080',0,0),(17,1,'86.86 cm',0,0),(17,2,'10.26 cm',0,0),(17,3,'95.2 cm',0,0),(17,4,'5.41 cm',0,0),(17,5,'80.3 cm',0,0),(18,6,'62.18 cm',0,0),(18,7,'4.08 cm',0,0),(18,8,'2560x1440',0,0),(19,1,'21.85 cm',0,0),(19,2,'40.42 cm',0,0),(19,3,'72.58 cm',0,0),(19,4,'1.36 cm',0,0),(19,5,'52.94 cm',0,0),(20,6,'34.15 cm',0,0),(20,7,'38.73 cm',0,0),(20,8,'2560x1440',0,0),(21,1,'47.84 cm',0,0),(21,2,'63.28 cm',0,0),(21,3,'56.71 cm',0,0),(21,4,'76.63 cm',0,0),(21,5,'99.43 cm',0,0),(22,6,'79.19 cm',0,0),(22,7,'26.95 cm',0,0),(22,8,'1920x1080',0,0),(23,6,'94.96 cm',0,0),(23,7,'75.04 cm',0,0),(23,8,'1920x1080',0,0);

--
-- Table structure for table `ec_product_tag_product`
--

CREATE TABLE `ec_product_tag_product` (
  `product_id` bigint unsigned NOT NULL,
  `tag_id` bigint unsigned NOT NULL,
  PRIMARY KEY (`product_id`,`tag_id`),
  KEY `ec_product_tag_product_product_id_index` (`product_id`),
  KEY `ec_product_tag_product_tag_id_index` (`tag_id`)
) ENGINE=InnoDB DEFAULT CHARSET=utf8mb4 COLLATE=utf8mb4_unicode_ci;

--
-- Dumping data for table `ec_product_tag_product`
--

INSERT INTO `ec_product_tag_product` VALUES (1,1),(1,3),(1,6),(2,1),(2,3),(2,5),(3,4),(3,5),(3,6),(4,4),(4,5),(4,6),(5,4),(5,5),(6,2),(6,5),(7,1),(7,3),(7,5),(8,3),(8,4),(8,5),(9,1),(9,4),(10,1),(10,2),(11,1),(12,1),(12,2),(12,4),(13,2),(13,4),(14,2),(14,4),(15,4),(16,2),(16,5),(17,1),(17,3),(17,5),(18,2),(18,6),(19,4),(19,5),(19,6),(20,3),(20,4),(20,5),(21,4),(21,5),(21,6),(22,1),(22,2),(23,5),(23,6);

--
-- Table structure for table `ec_product_tags`
--

CREATE TABLE `ec_product_tags` (
  `id` bigint unsigned NOT NULL AUTO_INCREMENT,
  `name` varchar(120) COLLATE utf8mb4_unicode_ci NOT NULL,
  `description` varchar(400) COLLATE utf8mb4_unicode_ci DEFAULT NULL,
  `status` varchar(60) COLLATE utf8mb4_unicode_ci NOT NULL DEFAULT 'published',
  `created_at` timestamp NULL DEFAULT NULL,
  `updated_at` timestamp NULL DEFAULT NULL,
  PRIMARY KEY (`id`)
) ENGINE=InnoDB AUTO_INCREMENT=7 DEFAULT CHARSET=utf8mb4 COLLATE=utf8mb4_unicode_ci;

--
-- Dumping data for table `ec_product_tags`
--

INSERT INTO `ec_product_tags` VALUES (1,'Electronic',NULL,'published','2025-05-01 21:06:37','2025-05-01 21:06:37'),(2,'Mobile',NULL,'published','2025-05-01 21:06:37','2025-05-01 21:06:37'),(3,'Iphone',NULL,'published','2025-05-01 21:06:37','2025-05-01 21:06:37'),(4,'Printer',NULL,'published','2025-05-01 21:06:37','2025-05-01 21:06:37'),(5,'Office',NULL,'published','2025-05-01 21:06:37','2025-05-01 21:06:37'),(6,'IT',NULL,'published','2025-05-01 21:06:37','2025-05-01 21:06:37');

--
-- Table structure for table `ec_product_tags_translations`
--

CREATE TABLE `ec_product_tags_translations` (
  `lang_code` varchar(191) COLLATE utf8mb4_unicode_ci NOT NULL,
  `ec_product_tags_id` bigint unsigned NOT NULL,
  `name` varchar(191) COLLATE utf8mb4_unicode_ci DEFAULT NULL,
  PRIMARY KEY (`lang_code`,`ec_product_tags_id`)
) ENGINE=InnoDB DEFAULT CHARSET=utf8mb4 COLLATE=utf8mb4_unicode_ci;

--
-- Dumping data for table `ec_product_tags_translations`
--


--
-- Table structure for table `ec_product_up_sale_relations`
--

CREATE TABLE `ec_product_up_sale_relations` (
  `from_product_id` bigint unsigned NOT NULL,
  `to_product_id` bigint unsigned NOT NULL,
  PRIMARY KEY (`from_product_id`,`to_product_id`),
  KEY `ec_product_up_sale_relations_from_product_id_index` (`from_product_id`),
  KEY `ec_product_up_sale_relations_to_product_id_index` (`to_product_id`)
) ENGINE=InnoDB DEFAULT CHARSET=utf8mb4 COLLATE=utf8mb4_unicode_ci;

--
-- Dumping data for table `ec_product_up_sale_relations`
--


--
-- Table structure for table `ec_product_variation_items`
--

CREATE TABLE `ec_product_variation_items` (
  `id` bigint unsigned NOT NULL AUTO_INCREMENT,
  `attribute_id` bigint unsigned NOT NULL,
  `variation_id` bigint unsigned NOT NULL,
  PRIMARY KEY (`id`),
  UNIQUE KEY `ec_product_variation_items_attribute_id_variation_id_unique` (`attribute_id`,`variation_id`),
  KEY `attribute_variation_index` (`attribute_id`,`variation_id`)
) ENGINE=InnoDB AUTO_INCREMENT=103 DEFAULT CHARSET=utf8mb4 COLLATE=utf8mb4_unicode_ci;

--
-- Dumping data for table `ec_product_variation_items`
--

INSERT INTO `ec_product_variation_items` VALUES (9,1,5),(13,1,7),(33,1,17),(35,1,18),(45,1,23),(69,1,35),(5,2,3),(11,2,6),(15,2,8),(17,2,9),(21,2,11),(25,2,13),(39,2,20),(41,2,21),(43,2,22),(49,2,25),(51,2,26),(53,2,27),(71,2,36),(83,2,42),(95,2,48),(101,2,51),(29,3,15),(37,3,19),(47,3,24),(61,3,31),(67,3,34),(77,3,39),(79,3,40),(85,3,43),(89,3,45),(97,3,49),(7,4,4),(19,4,10),(27,4,14),(31,4,16),(59,4,30),(63,4,32),(65,4,33),(81,4,41),(93,4,47),(99,4,50),(1,5,1),(3,5,2),(23,5,12),(55,5,28),(57,5,29),(73,5,37),(75,5,38),(87,5,44),(91,5,46),(8,6,4),(10,6,5),(18,6,9),(22,6,11),(30,6,15),(40,6,20),(42,6,21),(52,6,26),(62,6,31),(70,6,35),(72,6,36),(100,6,50),(20,7,10),(36,7,18),(44,7,22),(56,7,28),(84,7,42),(88,7,44),(92,7,46),(94,7,47),(12,8,6),(34,8,17),(38,8,19),(46,8,23),(48,8,24),(66,8,33),(82,8,41),(4,9,2),(16,9,8),(26,9,13),(32,9,16),(50,9,25),(54,9,27),(64,9,32),(68,9,34),(76,9,38),(80,9,40),(90,9,45),(98,9,49),(102,9,51),(2,10,1),(6,10,3),(14,10,7),(24,10,12),(28,10,14),(58,10,29),(60,10,30),(74,10,37),(78,10,39),(86,10,43),(96,10,48);

--
-- Table structure for table `ec_product_variations`
--

CREATE TABLE `ec_product_variations` (
  `id` bigint unsigned NOT NULL AUTO_INCREMENT,
  `product_id` bigint unsigned DEFAULT NULL,
  `configurable_product_id` bigint unsigned NOT NULL,
  `is_default` tinyint NOT NULL DEFAULT '0',
  PRIMARY KEY (`id`),
  UNIQUE KEY `ec_product_variations_product_id_configurable_product_id_unique` (`product_id`,`configurable_product_id`),
  KEY `configurable_product_index` (`product_id`,`configurable_product_id`)
) ENGINE=InnoDB AUTO_INCREMENT=52 DEFAULT CHARSET=utf8mb4 COLLATE=utf8mb4_unicode_ci;

--
-- Dumping data for table `ec_product_variations`
--

INSERT INTO `ec_product_variations` VALUES (1,24,1,1),(2,25,2,1),(3,26,3,1),(4,27,3,0),(5,28,3,0),(6,29,3,0),(7,30,4,1),(8,31,4,0),(9,32,5,1),(10,33,5,0),(11,34,6,1),(12,35,6,0),(13,36,6,0),(14,37,7,1),(15,38,7,0),(16,39,8,1),(17,40,8,0),(18,41,9,1),(19,42,9,0),(20,43,9,0),(21,44,9,0),(22,45,10,1),(23,46,10,0),(24,47,10,0),(25,48,11,1),(26,49,11,0),(27,50,12,1),(28,51,12,0),(29,52,12,0),(30,53,13,1),(31,54,13,0),(32,55,14,1),(33,56,15,1),(34,57,16,1),(35,58,16,0),(36,59,16,0),(37,60,16,0),(38,61,17,1),(39,62,17,0),(40,63,18,1),(41,64,19,1),(42,65,20,1),(43,66,20,0),(44,67,20,0),(45,68,21,1),(46,69,21,0),(47,70,21,0),(48,71,21,0),(49,72,22,1),(50,73,23,1),(51,74,23,0);

--
-- Table structure for table `ec_product_views`
--

CREATE TABLE `ec_product_views` (
  `id` bigint unsigned NOT NULL AUTO_INCREMENT,
  `product_id` bigint unsigned NOT NULL,
  `views` int NOT NULL DEFAULT '1',
  `date` date NOT NULL DEFAULT '2025-05-02',
  PRIMARY KEY (`id`),
  UNIQUE KEY `ec_product_views_product_id_date_unique` (`product_id`,`date`),
  KEY `ec_product_views_product_id_index` (`product_id`)
) ENGINE=InnoDB DEFAULT CHARSET=utf8mb4 COLLATE=utf8mb4_unicode_ci;

--
-- Dumping data for table `ec_product_views`
--


--
-- Table structure for table `ec_product_with_attribute_set`
--

CREATE TABLE `ec_product_with_attribute_set` (
  `attribute_set_id` bigint unsigned NOT NULL,
  `product_id` bigint unsigned NOT NULL,
  `order` tinyint unsigned NOT NULL DEFAULT '0',
  PRIMARY KEY (`product_id`,`attribute_set_id`)
) ENGINE=InnoDB DEFAULT CHARSET=utf8mb4 COLLATE=utf8mb4_unicode_ci;

--
-- Dumping data for table `ec_product_with_attribute_set`
--

INSERT INTO `ec_product_with_attribute_set` VALUES (1,1,0),(2,1,0),(1,2,0),(2,2,0),(1,3,0),(2,3,0),(1,4,0),(2,4,0),(1,5,0),(2,5,0),(1,6,0),(2,6,0),(1,7,0),(2,7,0),(1,8,0),(2,8,0),(1,9,0),(2,9,0),(1,10,0),(2,10,0),(1,11,0),(2,11,0),(1,12,0),(2,12,0),(1,13,0),(2,13,0),(1,14,0),(2,14,0),(1,15,0),(2,15,0),(1,16,0),(2,16,0),(1,17,0),(2,17,0),(1,18,0),(2,18,0),(1,19,0),(2,19,0),(1,20,0),(2,20,0),(1,21,0),(2,21,0),(1,22,0),(2,22,0),(1,23,0),(2,23,0);

--
-- Table structure for table `ec_products`
--

CREATE TABLE `ec_products` (
  `id` bigint unsigned NOT NULL AUTO_INCREMENT,
  `name` varchar(191) COLLATE utf8mb4_unicode_ci NOT NULL,
  `description` text COLLATE utf8mb4_unicode_ci,
  `content` longtext COLLATE utf8mb4_unicode_ci,
  `status` varchar(60) COLLATE utf8mb4_unicode_ci NOT NULL DEFAULT 'published',
  `images` text COLLATE utf8mb4_unicode_ci,
  `video_media` text COLLATE utf8mb4_unicode_ci,
  `sku` varchar(191) COLLATE utf8mb4_unicode_ci DEFAULT NULL,
  `order` int unsigned NOT NULL DEFAULT '0',
  `quantity` int unsigned DEFAULT NULL,
  `allow_checkout_when_out_of_stock` tinyint unsigned NOT NULL DEFAULT '0',
  `with_storehouse_management` tinyint unsigned NOT NULL DEFAULT '0',
  `stock_status` varchar(191) COLLATE utf8mb4_unicode_ci DEFAULT 'in_stock',
  `is_featured` tinyint unsigned NOT NULL DEFAULT '0',
  `brand_id` bigint unsigned DEFAULT NULL,
  `is_variation` tinyint NOT NULL DEFAULT '0',
  `sale_type` tinyint NOT NULL DEFAULT '0',
  `price` double unsigned DEFAULT NULL,
  `sale_price` double unsigned DEFAULT NULL,
  `start_date` timestamp NULL DEFAULT NULL,
  `end_date` timestamp NULL DEFAULT NULL,
  `length` double DEFAULT NULL,
  `wide` double DEFAULT NULL,
  `height` double DEFAULT NULL,
  `weight` double DEFAULT NULL,
  `tax_id` bigint unsigned DEFAULT NULL,
  `views` bigint NOT NULL DEFAULT '0',
  `created_at` timestamp NULL DEFAULT NULL,
  `updated_at` timestamp NULL DEFAULT NULL,
  `created_by_id` bigint unsigned DEFAULT '0',
  `created_by_type` varchar(191) COLLATE utf8mb4_unicode_ci NOT NULL DEFAULT 'Botble\\ACL\\Models\\User',
  `image` varchar(191) COLLATE utf8mb4_unicode_ci DEFAULT NULL,
  `product_type` varchar(60) COLLATE utf8mb4_unicode_ci DEFAULT 'physical',
  `barcode` varchar(50) COLLATE utf8mb4_unicode_ci DEFAULT NULL,
  `cost_per_item` double DEFAULT NULL,
  `generate_license_code` tinyint(1) NOT NULL DEFAULT '0',
  `minimum_order_quantity` int unsigned DEFAULT '0',
  `maximum_order_quantity` int unsigned DEFAULT '0',
  `notify_attachment_updated` tinyint(1) NOT NULL DEFAULT '0',
  `specification_table_id` bigint unsigned DEFAULT NULL,
  `store_id` bigint unsigned DEFAULT NULL,
  `approved_by` bigint unsigned DEFAULT '0',
  PRIMARY KEY (`id`),
  KEY `ec_products_brand_id_status_is_variation_created_at_index` (`brand_id`,`status`,`is_variation`,`created_at`),
  KEY `sale_type_index` (`sale_type`),
  KEY `start_date_index` (`start_date`),
  KEY `end_date_index` (`end_date`),
  KEY `sale_price_index` (`sale_price`),
  KEY `is_variation_index` (`is_variation`),
  KEY `ec_products_sku_index` (`sku`)
) ENGINE=InnoDB AUTO_INCREMENT=75 DEFAULT CHARSET=utf8mb4 COLLATE=utf8mb4_unicode_ci;

--
-- Dumping data for table `ec_products`
--

INSERT INTO `ec_products` VALUES (1,'Dual Camera 20MP (Digital)','<ul><li> Unrestrained and portable active stereo speaker</li>\n            <li> Free from the confines of wires and chords</li>\n            <li> 20 hours of portable capabilities</li>\n            <li> Double-ended Coil Cord with 3.5mm Stereo Plugs Included</li>\n            <li> 3/4″ Dome Tweeters: 2X and 4″ Woofer: 1X</li></ul>','<p>Short Hooded Coat features a straight body, large pockets with button flaps, ventilation air holes, and a string detail along the hemline. The style is completed with a drawstring hood, featuring Rains’ signature built-in cap. Made from waterproof, matte PU, this lightweight unisex rain jacket is an ode to nostalgia through its classic silhouette and utilitarian design details.</p>\n                                <p>- Casual unisex fit</p>\n\n                                <p>- 64% polyester, 36% polyurethane</p>\n\n                                <p>- Water column pressure: 4000 mm</p>\n\n                                <p>- Model is 187cm tall and wearing a size S / M</p>\n\n                                <p>- Unisex fit</p>\n\n                                <p>- Drawstring hood with built-in cap</p>\n\n                                <p>- Front placket with snap buttons</p>\n\n                                <p>- Ventilation under armpit</p>\n\n                                <p>- Adjustable cuffs</p>\n\n                                <p>- Double welted front pockets</p>\n\n                                <p>- Adjustable elastic string at hempen</p>\n\n                                <p>- Ultrasonically welded seams</p>\n\n                                <p>This is a unisex item, please check our clothing &amp; footwear sizing guide for specific Rains jacket sizing information. RAINS comes from the rainy nation of Denmark at the edge of the European continent, close to the ocean and with prevailing westerly winds; all factors that contribute to an average of 121 rain days each year. Arising from these rainy weather conditions comes the attitude that a quick rain shower may be beautiful, as well as moody- but first and foremost requires the right outfit. Rains focus on the whole experience of going outside on rainy days, issuing an invitation to explore even in the most mercurial weather.</p>','published','[\"products\\/1.jpg\"]',NULL,'SW-120-A0',0,18,0,1,'in_stock',1,4,0,0,80.25,NULL,NULL,NULL,15,12,10,682,NULL,158374,'2025-05-01 21:06:25','2025-05-01 21:06:51',0,'Botble\\ACL\\Models\\User',NULL,'digital',NULL,NULL,0,0,0,0,2,3,0),(2,'Smart Watches','<ul><li> Unrestrained and portable active stereo speaker</li>\n            <li> Free from the confines of wires and chords</li>\n            <li> 20 hours of portable capabilities</li>\n            <li> Double-ended Coil Cord with 3.5mm Stereo Plugs Included</li>\n            <li> 3/4″ Dome Tweeters: 2X and 4″ Woofer: 1X</li></ul>','<p>Short Hooded Coat features a straight body, large pockets with button flaps, ventilation air holes, and a string detail along the hemline. The style is completed with a drawstring hood, featuring Rains’ signature built-in cap. Made from waterproof, matte PU, this lightweight unisex rain jacket is an ode to nostalgia through its classic silhouette and utilitarian design details.</p>\n                                <p>- Casual unisex fit</p>\n\n                                <p>- 64% polyester, 36% polyurethane</p>\n\n                                <p>- Water column pressure: 4000 mm</p>\n\n                                <p>- Model is 187cm tall and wearing a size S / M</p>\n\n                                <p>- Unisex fit</p>\n\n                                <p>- Drawstring hood with built-in cap</p>\n\n                                <p>- Front placket with snap buttons</p>\n\n                                <p>- Ventilation under armpit</p>\n\n                                <p>- Adjustable cuffs</p>\n\n                                <p>- Double welted front pockets</p>\n\n                                <p>- Adjustable elastic string at hempen</p>\n\n                                <p>- Ultrasonically welded seams</p>\n\n                                <p>This is a unisex item, please check our clothing &amp; footwear sizing guide for specific Rains jacket sizing information. RAINS comes from the rainy nation of Denmark at the edge of the European continent, close to the ocean and with prevailing westerly winds; all factors that contribute to an average of 121 rain days each year. Arising from these rainy weather conditions comes the attitude that a quick rain shower may be beautiful, as well as moody- but first and foremost requires the right outfit. Rains focus on the whole experience of going outside on rainy days, issuing an invitation to explore even in the most mercurial weather.</p>','published','[\"products\\/2.jpg\",\"products\\/2-1.jpg\",\"products\\/2-2.jpg\",\"products\\/2-3.jpg\"]',NULL,'SW-196-A0',0,17,0,1,'in_stock',1,3,0,0,40.5,NULL,NULL,NULL,18,17,14,629,NULL,103737,'2025-05-01 21:06:25','2025-05-01 21:06:51',0,'Botble\\ACL\\Models\\User',NULL,'physical',NULL,NULL,0,0,0,0,2,2,0),(3,'Beat Headphone','<ul><li> Unrestrained and portable active stereo speaker</li>\n            <li> Free from the confines of wires and chords</li>\n            <li> 20 hours of portable capabilities</li>\n            <li> Double-ended Coil Cord with 3.5mm Stereo Plugs Included</li>\n            <li> 3/4″ Dome Tweeters: 2X and 4″ Woofer: 1X</li></ul>','<p>Short Hooded Coat features a straight body, large pockets with button flaps, ventilation air holes, and a string detail along the hemline. The style is completed with a drawstring hood, featuring Rains’ signature built-in cap. Made from waterproof, matte PU, this lightweight unisex rain jacket is an ode to nostalgia through its classic silhouette and utilitarian design details.</p>\n                                <p>- Casual unisex fit</p>\n\n                                <p>- 64% polyester, 36% polyurethane</p>\n\n                                <p>- Water column pressure: 4000 mm</p>\n\n                                <p>- Model is 187cm tall and wearing a size S / M</p>\n\n                                <p>- Unisex fit</p>\n\n                                <p>- Drawstring hood with built-in cap</p>\n\n                                <p>- Front placket with snap buttons</p>\n\n                                <p>- Ventilation under armpit</p>\n\n                                <p>- Adjustable cuffs</p>\n\n                                <p>- Double welted front pockets</p>\n\n                                <p>- Adjustable elastic string at hempen</p>\n\n                                <p>- Ultrasonically welded seams</p>\n\n                                <p>This is a unisex item, please check our clothing &amp; footwear sizing guide for specific Rains jacket sizing information. RAINS comes from the rainy nation of Denmark at the edge of the European continent, close to the ocean and with prevailing westerly winds; all factors that contribute to an average of 121 rain days each year. Arising from these rainy weather conditions comes the attitude that a quick rain shower may be beautiful, as well as moody- but first and foremost requires the right outfit. Rains focus on the whole experience of going outside on rainy days, issuing an invitation to explore even in the most mercurial weather.</p>','published','[\"products\\/3.jpg\"]',NULL,'SW-160-A0',0,16,0,1,'in_stock',1,6,0,0,20,NULL,NULL,NULL,17,20,12,591,NULL,29173,'2025-05-01 21:06:25','2025-05-01 21:06:51',0,'Botble\\ACL\\Models\\User',NULL,'physical',NULL,NULL,0,0,0,0,2,3,0),(4,'Red &amp; Black Headphone','<ul><li> Unrestrained and portable active stereo speaker</li>\n            <li> Free from the confines of wires and chords</li>\n            <li> 20 hours of portable capabilities</li>\n            <li> Double-ended Coil Cord with 3.5mm Stereo Plugs Included</li>\n            <li> 3/4″ Dome Tweeters: 2X and 4″ Woofer: 1X</li></ul>','<p>Short Hooded Coat features a straight body, large pockets with button flaps, ventilation air holes, and a string detail along the hemline. The style is completed with a drawstring hood, featuring Rains’ signature built-in cap. Made from waterproof, matte PU, this lightweight unisex rain jacket is an ode to nostalgia through its classic silhouette and utilitarian design details.</p>\n                                <p>- Casual unisex fit</p>\n\n                                <p>- 64% polyester, 36% polyurethane</p>\n\n                                <p>- Water column pressure: 4000 mm</p>\n\n                                <p>- Model is 187cm tall and wearing a size S / M</p>\n\n                                <p>- Unisex fit</p>\n\n                                <p>- Drawstring hood with built-in cap</p>\n\n                                <p>- Front placket with snap buttons</p>\n\n                                <p>- Ventilation under armpit</p>\n\n                                <p>- Adjustable cuffs</p>\n\n                                <p>- Double welted front pockets</p>\n\n                                <p>- Adjustable elastic string at hempen</p>\n\n                                <p>- Ultrasonically welded seams</p>\n\n                                <p>This is a unisex item, please check our clothing &amp; footwear sizing guide for specific Rains jacket sizing information. RAINS comes from the rainy nation of Denmark at the edge of the European continent, close to the ocean and with prevailing westerly winds; all factors that contribute to an average of 121 rain days each year. Arising from these rainy weather conditions comes the attitude that a quick rain shower may be beautiful, as well as moody- but first and foremost requires the right outfit. Rains focus on the whole experience of going outside on rainy days, issuing an invitation to explore even in the most mercurial weather.</p>','published','[\"products\\/4.jpg\",\"products\\/4-1.jpg\",\"products\\/4-2.jpg\",\"products\\/4-3.jpg\"]',NULL,'SW-157-A0',0,15,0,1,'in_stock',1,2,0,0,551,402.23,NULL,NULL,18,14,14,602,NULL,198370,'2025-05-01 21:06:25','2025-05-01 21:06:51',0,'Botble\\ACL\\Models\\User',NULL,'physical',NULL,NULL,0,0,0,0,1,2,0),(5,'Smart Watch External (Digital)','<ul><li> Unrestrained and portable active stereo speaker</li>\n            <li> Free from the confines of wires and chords</li>\n            <li> 20 hours of portable capabilities</li>\n            <li> Double-ended Coil Cord with 3.5mm Stereo Plugs Included</li>\n            <li> 3/4″ Dome Tweeters: 2X and 4″ Woofer: 1X</li></ul>','<p>Short Hooded Coat features a straight body, large pockets with button flaps, ventilation air holes, and a string detail along the hemline. The style is completed with a drawstring hood, featuring Rains’ signature built-in cap. Made from waterproof, matte PU, this lightweight unisex rain jacket is an ode to nostalgia through its classic silhouette and utilitarian design details.</p>\n                                <p>- Casual unisex fit</p>\n\n                                <p>- 64% polyester, 36% polyurethane</p>\n\n                                <p>- Water column pressure: 4000 mm</p>\n\n                                <p>- Model is 187cm tall and wearing a size S / M</p>\n\n                                <p>- Unisex fit</p>\n\n                                <p>- Drawstring hood with built-in cap</p>\n\n                                <p>- Front placket with snap buttons</p>\n\n                                <p>- Ventilation under armpit</p>\n\n                                <p>- Adjustable cuffs</p>\n\n                                <p>- Double welted front pockets</p>\n\n                                <p>- Adjustable elastic string at hempen</p>\n\n                                <p>- Ultrasonically welded seams</p>\n\n                                <p>This is a unisex item, please check our clothing &amp; footwear sizing guide for specific Rains jacket sizing information. RAINS comes from the rainy nation of Denmark at the edge of the European continent, close to the ocean and with prevailing westerly winds; all factors that contribute to an average of 121 rain days each year. Arising from these rainy weather conditions comes the attitude that a quick rain shower may be beautiful, as well as moody- but first and foremost requires the right outfit. Rains focus on the whole experience of going outside on rainy days, issuing an invitation to explore even in the most mercurial weather.</p>','published','[\"products\\/5.jpg\",\"products\\/5-1.jpg\",\"products\\/5-2.jpg\",\"products\\/5-3.jpg\"]',NULL,'SW-175-A0',0,11,0,1,'in_stock',1,6,0,0,785,NULL,NULL,NULL,18,17,19,844,NULL,178230,'2025-05-01 21:06:25','2025-05-01 21:06:51',0,'Botble\\ACL\\Models\\User',NULL,'digital',NULL,NULL,0,0,0,0,2,2,0),(6,'Nikon HD camera','<ul><li> Unrestrained and portable active stereo speaker</li>\n            <li> Free from the confines of wires and chords</li>\n            <li> 20 hours of portable capabilities</li>\n            <li> Double-ended Coil Cord with 3.5mm Stereo Plugs Included</li>\n            <li> 3/4″ Dome Tweeters: 2X and 4″ Woofer: 1X</li></ul>','<p>Short Hooded Coat features a straight body, large pockets with button flaps, ventilation air holes, and a string detail along the hemline. The style is completed with a drawstring hood, featuring Rains’ signature built-in cap. Made from waterproof, matte PU, this lightweight unisex rain jacket is an ode to nostalgia through its classic silhouette and utilitarian design details.</p>\n                                <p>- Casual unisex fit</p>\n\n                                <p>- 64% polyester, 36% polyurethane</p>\n\n                                <p>- Water column pressure: 4000 mm</p>\n\n                                <p>- Model is 187cm tall and wearing a size S / M</p>\n\n                                <p>- Unisex fit</p>\n\n                                <p>- Drawstring hood with built-in cap</p>\n\n                                <p>- Front placket with snap buttons</p>\n\n                                <p>- Ventilation under armpit</p>\n\n                                <p>- Adjustable cuffs</p>\n\n                                <p>- Double welted front pockets</p>\n\n                                <p>- Adjustable elastic string at hempen</p>\n\n                                <p>- Ultrasonically welded seams</p>\n\n                                <p>This is a unisex item, please check our clothing &amp; footwear sizing guide for specific Rains jacket sizing information. RAINS comes from the rainy nation of Denmark at the edge of the European continent, close to the ocean and with prevailing westerly winds; all factors that contribute to an average of 121 rain days each year. Arising from these rainy weather conditions comes the attitude that a quick rain shower may be beautiful, as well as moody- but first and foremost requires the right outfit. Rains focus on the whole experience of going outside on rainy days, issuing an invitation to explore even in the most mercurial weather.</p>','published','[\"products\\/6.jpg\"]',NULL,'SW-153-A0',0,12,0,1,'in_stock',1,5,0,0,420,NULL,NULL,NULL,17,11,15,571,NULL,123077,'2025-05-01 21:06:25','2025-05-01 21:06:51',0,'Botble\\ACL\\Models\\User',NULL,'physical',NULL,NULL,0,0,0,0,2,4,0),(7,'Audio Equipment','<ul><li> Unrestrained and portable active stereo speaker</li>\n            <li> Free from the confines of wires and chords</li>\n            <li> 20 hours of portable capabilities</li>\n            <li> Double-ended Coil Cord with 3.5mm Stereo Plugs Included</li>\n            <li> 3/4″ Dome Tweeters: 2X and 4″ Woofer: 1X</li></ul>','<p>Short Hooded Coat features a straight body, large pockets with button flaps, ventilation air holes, and a string detail along the hemline. The style is completed with a drawstring hood, featuring Rains’ signature built-in cap. Made from waterproof, matte PU, this lightweight unisex rain jacket is an ode to nostalgia through its classic silhouette and utilitarian design details.</p>\n                                <p>- Casual unisex fit</p>\n\n                                <p>- 64% polyester, 36% polyurethane</p>\n\n                                <p>- Water column pressure: 4000 mm</p>\n\n                                <p>- Model is 187cm tall and wearing a size S / M</p>\n\n                                <p>- Unisex fit</p>\n\n                                <p>- Drawstring hood with built-in cap</p>\n\n                                <p>- Front placket with snap buttons</p>\n\n                                <p>- Ventilation under armpit</p>\n\n                                <p>- Adjustable cuffs</p>\n\n                                <p>- Double welted front pockets</p>\n\n                                <p>- Adjustable elastic string at hempen</p>\n\n                                <p>- Ultrasonically welded seams</p>\n\n                                <p>This is a unisex item, please check our clothing &amp; footwear sizing guide for specific Rains jacket sizing information. RAINS comes from the rainy nation of Denmark at the edge of the European continent, close to the ocean and with prevailing westerly winds; all factors that contribute to an average of 121 rain days each year. Arising from these rainy weather conditions comes the attitude that a quick rain shower may be beautiful, as well as moody- but first and foremost requires the right outfit. Rains focus on the whole experience of going outside on rainy days, issuing an invitation to explore even in the most mercurial weather.</p>','published','[\"products\\/7.jpg\"]',NULL,'SW-162-A0',0,11,0,1,'in_stock',1,3,0,0,510,NULL,NULL,NULL,14,13,11,502,NULL,119671,'2025-05-01 21:06:26','2025-05-01 21:06:51',0,'Botble\\ACL\\Models\\User',NULL,'physical',NULL,NULL,0,0,0,0,2,2,0),(8,'Smart Televisions','<ul><li> Unrestrained and portable active stereo speaker</li>\n            <li> Free from the confines of wires and chords</li>\n            <li> 20 hours of portable capabilities</li>\n            <li> Double-ended Coil Cord with 3.5mm Stereo Plugs Included</li>\n            <li> 3/4″ Dome Tweeters: 2X and 4″ Woofer: 1X</li></ul>','<p>Short Hooded Coat features a straight body, large pockets with button flaps, ventilation air holes, and a string detail along the hemline. The style is completed with a drawstring hood, featuring Rains’ signature built-in cap. Made from waterproof, matte PU, this lightweight unisex rain jacket is an ode to nostalgia through its classic silhouette and utilitarian design details.</p>\n                                <p>- Casual unisex fit</p>\n\n                                <p>- 64% polyester, 36% polyurethane</p>\n\n                                <p>- Water column pressure: 4000 mm</p>\n\n                                <p>- Model is 187cm tall and wearing a size S / M</p>\n\n                                <p>- Unisex fit</p>\n\n                                <p>- Drawstring hood with built-in cap</p>\n\n                                <p>- Front placket with snap buttons</p>\n\n                                <p>- Ventilation under armpit</p>\n\n                                <p>- Adjustable cuffs</p>\n\n                                <p>- Double welted front pockets</p>\n\n                                <p>- Adjustable elastic string at hempen</p>\n\n                                <p>- Ultrasonically welded seams</p>\n\n                                <p>This is a unisex item, please check our clothing &amp; footwear sizing guide for specific Rains jacket sizing information. RAINS comes from the rainy nation of Denmark at the edge of the European continent, close to the ocean and with prevailing westerly winds; all factors that contribute to an average of 121 rain days each year. Arising from these rainy weather conditions comes the attitude that a quick rain shower may be beautiful, as well as moody- but first and foremost requires the right outfit. Rains focus on the whole experience of going outside on rainy days, issuing an invitation to explore even in the most mercurial weather.</p>','published','[\"products\\/8.jpg\",\"products\\/8-1.jpg\",\"products\\/8-2.jpg\",\"products\\/8-3.jpg\"]',NULL,'SW-154-A0',0,17,0,1,'in_stock',1,7,0,0,1235,913.9,NULL,NULL,15,14,13,595,NULL,106442,'2025-05-01 21:06:26','2025-05-01 21:06:51',0,'Botble\\ACL\\Models\\User',NULL,'physical',NULL,NULL,0,0,0,0,2,4,0),(9,'Samsung Smart Phone (Digital)','<ul><li> Unrestrained and portable active stereo speaker</li>\n            <li> Free from the confines of wires and chords</li>\n            <li> 20 hours of portable capabilities</li>\n            <li> Double-ended Coil Cord with 3.5mm Stereo Plugs Included</li>\n            <li> 3/4″ Dome Tweeters: 2X and 4″ Woofer: 1X</li></ul>','<p>Short Hooded Coat features a straight body, large pockets with button flaps, ventilation air holes, and a string detail along the hemline. The style is completed with a drawstring hood, featuring Rains’ signature built-in cap. Made from waterproof, matte PU, this lightweight unisex rain jacket is an ode to nostalgia through its classic silhouette and utilitarian design details.</p>\n                                <p>- Casual unisex fit</p>\n\n                                <p>- 64% polyester, 36% polyurethane</p>\n\n                                <p>- Water column pressure: 4000 mm</p>\n\n                                <p>- Model is 187cm tall and wearing a size S / M</p>\n\n                                <p>- Unisex fit</p>\n\n                                <p>- Drawstring hood with built-in cap</p>\n\n                                <p>- Front placket with snap buttons</p>\n\n                                <p>- Ventilation under armpit</p>\n\n                                <p>- Adjustable cuffs</p>\n\n                                <p>- Double welted front pockets</p>\n\n                                <p>- Adjustable elastic string at hempen</p>\n\n                                <p>- Ultrasonically welded seams</p>\n\n                                <p>This is a unisex item, please check our clothing &amp; footwear sizing guide for specific Rains jacket sizing information. RAINS comes from the rainy nation of Denmark at the edge of the European continent, close to the ocean and with prevailing westerly winds; all factors that contribute to an average of 121 rain days each year. Arising from these rainy weather conditions comes the attitude that a quick rain shower may be beautiful, as well as moody- but first and foremost requires the right outfit. Rains focus on the whole experience of going outside on rainy days, issuing an invitation to explore even in the most mercurial weather.</p>','published','[\"products\\/9.jpg\",\"products\\/9-1.jpg\",\"products\\/9-2.jpg\"]',NULL,'SW-125-A0',0,13,0,1,'in_stock',1,1,0,0,562,NULL,NULL,NULL,17,20,12,805,NULL,114666,'2025-05-01 21:06:26','2025-05-01 21:06:51',0,'Botble\\ACL\\Models\\User',NULL,'digital',NULL,NULL,0,0,0,0,1,2,0),(10,'Herschel Leather Duffle Bag In Brown Color','<ul><li> Unrestrained and portable active stereo speaker</li>\n            <li> Free from the confines of wires and chords</li>\n            <li> 20 hours of portable capabilities</li>\n            <li> Double-ended Coil Cord with 3.5mm Stereo Plugs Included</li>\n            <li> 3/4″ Dome Tweeters: 2X and 4″ Woofer: 1X</li></ul>','<p>Short Hooded Coat features a straight body, large pockets with button flaps, ventilation air holes, and a string detail along the hemline. The style is completed with a drawstring hood, featuring Rains’ signature built-in cap. Made from waterproof, matte PU, this lightweight unisex rain jacket is an ode to nostalgia through its classic silhouette and utilitarian design details.</p>\n                                <p>- Casual unisex fit</p>\n\n                                <p>- 64% polyester, 36% polyurethane</p>\n\n                                <p>- Water column pressure: 4000 mm</p>\n\n                                <p>- Model is 187cm tall and wearing a size S / M</p>\n\n                                <p>- Unisex fit</p>\n\n                                <p>- Drawstring hood with built-in cap</p>\n\n                                <p>- Front placket with snap buttons</p>\n\n                                <p>- Ventilation under armpit</p>\n\n                                <p>- Adjustable cuffs</p>\n\n                                <p>- Double welted front pockets</p>\n\n                                <p>- Adjustable elastic string at hempen</p>\n\n                                <p>- Ultrasonically welded seams</p>\n\n                                <p>This is a unisex item, please check our clothing &amp; footwear sizing guide for specific Rains jacket sizing information. RAINS comes from the rainy nation of Denmark at the edge of the European continent, close to the ocean and with prevailing westerly winds; all factors that contribute to an average of 121 rain days each year. Arising from these rainy weather conditions comes the attitude that a quick rain shower may be beautiful, as well as moody- but first and foremost requires the right outfit. Rains focus on the whole experience of going outside on rainy days, issuing an invitation to explore even in the most mercurial weather.</p>','published','[\"products\\/10.jpg\",\"products\\/10-1.jpg\",\"products\\/10-2.jpg\"]',NULL,'SW-177-A0',0,13,0,1,'in_stock',0,5,0,0,1256,NULL,NULL,NULL,17,17,10,858,NULL,162799,'2025-05-01 21:06:26','2025-05-01 21:06:51',0,'Botble\\ACL\\Models\\User',NULL,'physical',NULL,NULL,0,0,0,0,1,2,0),(11,'Xbox One Wireless Controller Black Color','<ul><li> Unrestrained and portable active stereo speaker</li>\n            <li> Free from the confines of wires and chords</li>\n            <li> 20 hours of portable capabilities</li>\n            <li> Double-ended Coil Cord with 3.5mm Stereo Plugs Included</li>\n            <li> 3/4″ Dome Tweeters: 2X and 4″ Woofer: 1X</li></ul>','<p>Short Hooded Coat features a straight body, large pockets with button flaps, ventilation air holes, and a string detail along the hemline. The style is completed with a drawstring hood, featuring Rains’ signature built-in cap. Made from waterproof, matte PU, this lightweight unisex rain jacket is an ode to nostalgia through its classic silhouette and utilitarian design details.</p>\n                                <p>- Casual unisex fit</p>\n\n                                <p>- 64% polyester, 36% polyurethane</p>\n\n                                <p>- Water column pressure: 4000 mm</p>\n\n                                <p>- Model is 187cm tall and wearing a size S / M</p>\n\n                                <p>- Unisex fit</p>\n\n                                <p>- Drawstring hood with built-in cap</p>\n\n                                <p>- Front placket with snap buttons</p>\n\n                                <p>- Ventilation under armpit</p>\n\n                                <p>- Adjustable cuffs</p>\n\n                                <p>- Double welted front pockets</p>\n\n                                <p>- Adjustable elastic string at hempen</p>\n\n                                <p>- Ultrasonically welded seams</p>\n\n                                <p>This is a unisex item, please check our clothing &amp; footwear sizing guide for specific Rains jacket sizing information. RAINS comes from the rainy nation of Denmark at the edge of the European continent, close to the ocean and with prevailing westerly winds; all factors that contribute to an average of 121 rain days each year. Arising from these rainy weather conditions comes the attitude that a quick rain shower may be beautiful, as well as moody- but first and foremost requires the right outfit. Rains focus on the whole experience of going outside on rainy days, issuing an invitation to explore even in the most mercurial weather.</p>','published','[\"products\\/11.jpg\",\"products\\/11-1.jpg\",\"products\\/11-2.jpg\",\"products\\/11-3.jpg\"]',NULL,'SW-190-A0',0,17,0,1,'in_stock',0,4,0,0,1188,NULL,NULL,NULL,13,11,18,835,NULL,114674,'2025-05-01 21:06:26','2025-05-01 21:06:51',0,'Botble\\ACL\\Models\\User',NULL,'physical',NULL,NULL,0,0,0,0,1,5,0),(12,'EPSION Plaster Printer','<ul><li> Unrestrained and portable active stereo speaker</li>\n            <li> Free from the confines of wires and chords</li>\n            <li> 20 hours of portable capabilities</li>\n            <li> Double-ended Coil Cord with 3.5mm Stereo Plugs Included</li>\n            <li> 3/4″ Dome Tweeters: 2X and 4″ Woofer: 1X</li></ul>','<p>Short Hooded Coat features a straight body, large pockets with button flaps, ventilation air holes, and a string detail along the hemline. The style is completed with a drawstring hood, featuring Rains’ signature built-in cap. Made from waterproof, matte PU, this lightweight unisex rain jacket is an ode to nostalgia through its classic silhouette and utilitarian design details.</p>\n                                <p>- Casual unisex fit</p>\n\n                                <p>- 64% polyester, 36% polyurethane</p>\n\n                                <p>- Water column pressure: 4000 mm</p>\n\n                                <p>- Model is 187cm tall and wearing a size S / M</p>\n\n                                <p>- Unisex fit</p>\n\n                                <p>- Drawstring hood with built-in cap</p>\n\n                                <p>- Front placket with snap buttons</p>\n\n                                <p>- Ventilation under armpit</p>\n\n                                <p>- Adjustable cuffs</p>\n\n                                <p>- Double welted front pockets</p>\n\n                                <p>- Adjustable elastic string at hempen</p>\n\n                                <p>- Ultrasonically welded seams</p>\n\n                                <p>This is a unisex item, please check our clothing &amp; footwear sizing guide for specific Rains jacket sizing information. RAINS comes from the rainy nation of Denmark at the edge of the European continent, close to the ocean and with prevailing westerly winds; all factors that contribute to an average of 121 rain days each year. Arising from these rainy weather conditions comes the attitude that a quick rain shower may be beautiful, as well as moody- but first and foremost requires the right outfit. Rains focus on the whole experience of going outside on rainy days, issuing an invitation to explore even in the most mercurial weather.</p>','published','[\"products\\/12.jpg\",\"products\\/12-1.jpg\",\"products\\/12-2.jpg\",\"products\\/12-3.jpg\"]',NULL,'SW-193-A0',0,10,0,1,'in_stock',0,6,0,0,571,405.41,NULL,NULL,15,20,12,562,NULL,52996,'2025-05-01 21:06:26','2025-05-01 21:06:51',0,'Botble\\ACL\\Models\\User',NULL,'physical',NULL,NULL,0,0,0,0,1,4,0),(13,'Sound Intone I65 Earphone White Version (Digital)','<ul><li> Unrestrained and portable active stereo speaker</li>\n            <li> Free from the confines of wires and chords</li>\n            <li> 20 hours of portable capabilities</li>\n            <li> Double-ended Coil Cord with 3.5mm Stereo Plugs Included</li>\n            <li> 3/4″ Dome Tweeters: 2X and 4″ Woofer: 1X</li></ul>','<p>Short Hooded Coat features a straight body, large pockets with button flaps, ventilation air holes, and a string detail along the hemline. The style is completed with a drawstring hood, featuring Rains’ signature built-in cap. Made from waterproof, matte PU, this lightweight unisex rain jacket is an ode to nostalgia through its classic silhouette and utilitarian design details.</p>\n                                <p>- Casual unisex fit</p>\n\n                                <p>- 64% polyester, 36% polyurethane</p>\n\n                                <p>- Water column pressure: 4000 mm</p>\n\n                                <p>- Model is 187cm tall and wearing a size S / M</p>\n\n                                <p>- Unisex fit</p>\n\n                                <p>- Drawstring hood with built-in cap</p>\n\n                                <p>- Front placket with snap buttons</p>\n\n                                <p>- Ventilation under armpit</p>\n\n                                <p>- Adjustable cuffs</p>\n\n                                <p>- Double welted front pockets</p>\n\n                                <p>- Adjustable elastic string at hempen</p>\n\n                                <p>- Ultrasonically welded seams</p>\n\n                                <p>This is a unisex item, please check our clothing &amp; footwear sizing guide for specific Rains jacket sizing information. RAINS comes from the rainy nation of Denmark at the edge of the European continent, close to the ocean and with prevailing westerly winds; all factors that contribute to an average of 121 rain days each year. Arising from these rainy weather conditions comes the attitude that a quick rain shower may be beautiful, as well as moody- but first and foremost requires the right outfit. Rains focus on the whole experience of going outside on rainy days, issuing an invitation to explore even in the most mercurial weather.</p>','published','[\"products\\/13.jpg\",\"products\\/13-1.jpg\"]',NULL,'SW-193-A0',0,14,0,1,'in_stock',0,3,0,0,594,NULL,NULL,NULL,15,20,18,591,NULL,173989,'2025-05-01 21:06:26','2025-05-01 21:06:51',0,'Botble\\ACL\\Models\\User',NULL,'digital',NULL,NULL,0,0,0,0,1,4,0),(14,'B&amp;O Play Mini Bluetooth Speaker','<ul><li> Unrestrained and portable active stereo speaker</li>\n            <li> Free from the confines of wires and chords</li>\n            <li> 20 hours of portable capabilities</li>\n            <li> Double-ended Coil Cord with 3.5mm Stereo Plugs Included</li>\n            <li> 3/4″ Dome Tweeters: 2X and 4″ Woofer: 1X</li></ul>','<p>Short Hooded Coat features a straight body, large pockets with button flaps, ventilation air holes, and a string detail along the hemline. The style is completed with a drawstring hood, featuring Rains’ signature built-in cap. Made from waterproof, matte PU, this lightweight unisex rain jacket is an ode to nostalgia through its classic silhouette and utilitarian design details.</p>\n                                <p>- Casual unisex fit</p>\n\n                                <p>- 64% polyester, 36% polyurethane</p>\n\n                                <p>- Water column pressure: 4000 mm</p>\n\n                                <p>- Model is 187cm tall and wearing a size S / M</p>\n\n                                <p>- Unisex fit</p>\n\n                                <p>- Drawstring hood with built-in cap</p>\n\n                                <p>- Front placket with snap buttons</p>\n\n                                <p>- Ventilation under armpit</p>\n\n                                <p>- Adjustable cuffs</p>\n\n                                <p>- Double welted front pockets</p>\n\n                                <p>- Adjustable elastic string at hempen</p>\n\n                                <p>- Ultrasonically welded seams</p>\n\n                                <p>This is a unisex item, please check our clothing &amp; footwear sizing guide for specific Rains jacket sizing information. RAINS comes from the rainy nation of Denmark at the edge of the European continent, close to the ocean and with prevailing westerly winds; all factors that contribute to an average of 121 rain days each year. Arising from these rainy weather conditions comes the attitude that a quick rain shower may be beautiful, as well as moody- but first and foremost requires the right outfit. Rains focus on the whole experience of going outside on rainy days, issuing an invitation to explore even in the most mercurial weather.</p>','published','[\"products\\/14.jpg\"]',NULL,'SW-180-A0',0,11,0,1,'in_stock',0,6,0,0,541,NULL,NULL,NULL,20,19,15,624,NULL,181793,'2025-05-01 21:06:26','2025-05-01 21:06:51',0,'Botble\\ACL\\Models\\User',NULL,'physical',NULL,NULL,0,0,0,0,2,1,0),(15,'Apple MacBook Air Retina 13.3-Inch Laptop','<ul><li> Unrestrained and portable active stereo speaker</li>\n            <li> Free from the confines of wires and chords</li>\n            <li> 20 hours of portable capabilities</li>\n            <li> Double-ended Coil Cord with 3.5mm Stereo Plugs Included</li>\n            <li> 3/4″ Dome Tweeters: 2X and 4″ Woofer: 1X</li></ul>','<p>Short Hooded Coat features a straight body, large pockets with button flaps, ventilation air holes, and a string detail along the hemline. The style is completed with a drawstring hood, featuring Rains’ signature built-in cap. Made from waterproof, matte PU, this lightweight unisex rain jacket is an ode to nostalgia through its classic silhouette and utilitarian design details.</p>\n                                <p>- Casual unisex fit</p>\n\n                                <p>- 64% polyester, 36% polyurethane</p>\n\n                                <p>- Water column pressure: 4000 mm</p>\n\n                                <p>- Model is 187cm tall and wearing a size S / M</p>\n\n                                <p>- Unisex fit</p>\n\n                                <p>- Drawstring hood with built-in cap</p>\n\n                                <p>- Front placket with snap buttons</p>\n\n                                <p>- Ventilation under armpit</p>\n\n                                <p>- Adjustable cuffs</p>\n\n                                <p>- Double welted front pockets</p>\n\n                                <p>- Adjustable elastic string at hempen</p>\n\n                                <p>- Ultrasonically welded seams</p>\n\n                                <p>This is a unisex item, please check our clothing &amp; footwear sizing guide for specific Rains jacket sizing information. RAINS comes from the rainy nation of Denmark at the edge of the European continent, close to the ocean and with prevailing westerly winds; all factors that contribute to an average of 121 rain days each year. Arising from these rainy weather conditions comes the attitude that a quick rain shower may be beautiful, as well as moody- but first and foremost requires the right outfit. Rains focus on the whole experience of going outside on rainy days, issuing an invitation to explore even in the most mercurial weather.</p>','published','[\"products\\/15.jpg\",\"products\\/15-1.jpg\"]',NULL,'SW-142-A0',0,13,0,1,'in_stock',0,5,0,0,600,NULL,NULL,NULL,15,20,18,675,NULL,181929,'2025-05-01 21:06:26','2025-05-01 21:06:51',0,'Botble\\ACL\\Models\\User',NULL,'physical',NULL,NULL,0,0,0,0,2,5,0),(16,'Apple MacBook Air Retina 12-Inch Laptop','<ul><li> Unrestrained and portable active stereo speaker</li>\n            <li> Free from the confines of wires and chords</li>\n            <li> 20 hours of portable capabilities</li>\n            <li> Double-ended Coil Cord with 3.5mm Stereo Plugs Included</li>\n            <li> 3/4″ Dome Tweeters: 2X and 4″ Woofer: 1X</li></ul>','<p>Short Hooded Coat features a straight body, large pockets with button flaps, ventilation air holes, and a string detail along the hemline. The style is completed with a drawstring hood, featuring Rains’ signature built-in cap. Made from waterproof, matte PU, this lightweight unisex rain jacket is an ode to nostalgia through its classic silhouette and utilitarian design details.</p>\n                                <p>- Casual unisex fit</p>\n\n                                <p>- 64% polyester, 36% polyurethane</p>\n\n                                <p>- Water column pressure: 4000 mm</p>\n\n                                <p>- Model is 187cm tall and wearing a size S / M</p>\n\n                                <p>- Unisex fit</p>\n\n                                <p>- Drawstring hood with built-in cap</p>\n\n                                <p>- Front placket with snap buttons</p>\n\n                                <p>- Ventilation under armpit</p>\n\n                                <p>- Adjustable cuffs</p>\n\n                                <p>- Double welted front pockets</p>\n\n                                <p>- Adjustable elastic string at hempen</p>\n\n                                <p>- Ultrasonically welded seams</p>\n\n                                <p>This is a unisex item, please check our clothing &amp; footwear sizing guide for specific Rains jacket sizing information. RAINS comes from the rainy nation of Denmark at the edge of the European continent, close to the ocean and with prevailing westerly winds; all factors that contribute to an average of 121 rain days each year. Arising from these rainy weather conditions comes the attitude that a quick rain shower may be beautiful, as well as moody- but first and foremost requires the right outfit. Rains focus on the whole experience of going outside on rainy days, issuing an invitation to explore even in the most mercurial weather.</p>','published','[\"products\\/16.jpg\"]',NULL,'SW-135-A0',0,19,0,1,'in_stock',0,3,0,0,564,485.04,NULL,NULL,10,12,10,646,NULL,199477,'2025-05-01 21:06:26','2025-05-01 21:06:51',0,'Botble\\ACL\\Models\\User',NULL,'physical',NULL,NULL,0,0,0,0,2,5,0),(17,'Samsung Gear VR Virtual Reality Headset (Digital)','<ul><li> Unrestrained and portable active stereo speaker</li>\n            <li> Free from the confines of wires and chords</li>\n            <li> 20 hours of portable capabilities</li>\n            <li> Double-ended Coil Cord with 3.5mm Stereo Plugs Included</li>\n            <li> 3/4″ Dome Tweeters: 2X and 4″ Woofer: 1X</li></ul>','<p>Short Hooded Coat features a straight body, large pockets with button flaps, ventilation air holes, and a string detail along the hemline. The style is completed with a drawstring hood, featuring Rains’ signature built-in cap. Made from waterproof, matte PU, this lightweight unisex rain jacket is an ode to nostalgia through its classic silhouette and utilitarian design details.</p>\n                                <p>- Casual unisex fit</p>\n\n                                <p>- 64% polyester, 36% polyurethane</p>\n\n                                <p>- Water column pressure: 4000 mm</p>\n\n                                <p>- Model is 187cm tall and wearing a size S / M</p>\n\n                                <p>- Unisex fit</p>\n\n                                <p>- Drawstring hood with built-in cap</p>\n\n                                <p>- Front placket with snap buttons</p>\n\n                                <p>- Ventilation under armpit</p>\n\n                                <p>- Adjustable cuffs</p>\n\n                                <p>- Double welted front pockets</p>\n\n                                <p>- Adjustable elastic string at hempen</p>\n\n                                <p>- Ultrasonically welded seams</p>\n\n                                <p>This is a unisex item, please check our clothing &amp; footwear sizing guide for specific Rains jacket sizing information. RAINS comes from the rainy nation of Denmark at the edge of the European continent, close to the ocean and with prevailing westerly winds; all factors that contribute to an average of 121 rain days each year. Arising from these rainy weather conditions comes the attitude that a quick rain shower may be beautiful, as well as moody- but first and foremost requires the right outfit. Rains focus on the whole experience of going outside on rainy days, issuing an invitation to explore even in the most mercurial weather.</p>','published','[\"products\\/17.jpg\",\"products\\/17-1.jpg\",\"products\\/17-2.jpg\",\"products\\/17-3.jpg\"]',NULL,'SW-178-A0',0,13,0,1,'in_stock',0,6,0,0,523,NULL,NULL,NULL,17,18,13,787,NULL,56589,'2025-05-01 21:06:26','2025-05-01 21:06:51',0,'Botble\\ACL\\Models\\User',NULL,'digital',NULL,NULL,0,0,0,0,1,3,0),(18,'Aveeno Moisturizing Body Shower 450ml','<ul><li> Unrestrained and portable active stereo speaker</li>\n            <li> Free from the confines of wires and chords</li>\n            <li> 20 hours of portable capabilities</li>\n            <li> Double-ended Coil Cord with 3.5mm Stereo Plugs Included</li>\n            <li> 3/4″ Dome Tweeters: 2X and 4″ Woofer: 1X</li></ul>','<p>Short Hooded Coat features a straight body, large pockets with button flaps, ventilation air holes, and a string detail along the hemline. The style is completed with a drawstring hood, featuring Rains’ signature built-in cap. Made from waterproof, matte PU, this lightweight unisex rain jacket is an ode to nostalgia through its classic silhouette and utilitarian design details.</p>\n                                <p>- Casual unisex fit</p>\n\n                                <p>- 64% polyester, 36% polyurethane</p>\n\n                                <p>- Water column pressure: 4000 mm</p>\n\n                                <p>- Model is 187cm tall and wearing a size S / M</p>\n\n                                <p>- Unisex fit</p>\n\n                                <p>- Drawstring hood with built-in cap</p>\n\n                                <p>- Front placket with snap buttons</p>\n\n                                <p>- Ventilation under armpit</p>\n\n                                <p>- Adjustable cuffs</p>\n\n                                <p>- Double welted front pockets</p>\n\n                                <p>- Adjustable elastic string at hempen</p>\n\n                                <p>- Ultrasonically welded seams</p>\n\n                                <p>This is a unisex item, please check our clothing &amp; footwear sizing guide for specific Rains jacket sizing information. RAINS comes from the rainy nation of Denmark at the edge of the European continent, close to the ocean and with prevailing westerly winds; all factors that contribute to an average of 121 rain days each year. Arising from these rainy weather conditions comes the attitude that a quick rain shower may be beautiful, as well as moody- but first and foremost requires the right outfit. Rains focus on the whole experience of going outside on rainy days, issuing an invitation to explore even in the most mercurial weather.</p>','published','[\"products\\/18.jpg\",\"products\\/18-1.jpg\",\"products\\/18-2.jpg\",\"products\\/18-3.jpg\"]',NULL,'SW-147-A0',0,17,0,1,'in_stock',0,7,0,0,1208,NULL,NULL,NULL,17,11,13,804,NULL,31437,'2025-05-01 21:06:26','2025-05-01 21:06:51',0,'Botble\\ACL\\Models\\User',NULL,'physical',NULL,NULL,0,0,0,0,2,2,0),(19,'NYX Beauty Couton Pallete Makeup 12','<ul><li> Unrestrained and portable active stereo speaker</li>\n            <li> Free from the confines of wires and chords</li>\n            <li> 20 hours of portable capabilities</li>\n            <li> Double-ended Coil Cord with 3.5mm Stereo Plugs Included</li>\n            <li> 3/4″ Dome Tweeters: 2X and 4″ Woofer: 1X</li></ul>','<p>Short Hooded Coat features a straight body, large pockets with button flaps, ventilation air holes, and a string detail along the hemline. The style is completed with a drawstring hood, featuring Rains’ signature built-in cap. Made from waterproof, matte PU, this lightweight unisex rain jacket is an ode to nostalgia through its classic silhouette and utilitarian design details.</p>\n                                <p>- Casual unisex fit</p>\n\n                                <p>- 64% polyester, 36% polyurethane</p>\n\n                                <p>- Water column pressure: 4000 mm</p>\n\n                                <p>- Model is 187cm tall and wearing a size S / M</p>\n\n                                <p>- Unisex fit</p>\n\n                                <p>- Drawstring hood with built-in cap</p>\n\n                                <p>- Front placket with snap buttons</p>\n\n                                <p>- Ventilation under armpit</p>\n\n                                <p>- Adjustable cuffs</p>\n\n                                <p>- Double welted front pockets</p>\n\n                                <p>- Adjustable elastic string at hempen</p>\n\n                                <p>- Ultrasonically welded seams</p>\n\n                                <p>This is a unisex item, please check our clothing &amp; footwear sizing guide for specific Rains jacket sizing information. RAINS comes from the rainy nation of Denmark at the edge of the European continent, close to the ocean and with prevailing westerly winds; all factors that contribute to an average of 121 rain days each year. Arising from these rainy weather conditions comes the attitude that a quick rain shower may be beautiful, as well as moody- but first and foremost requires the right outfit. Rains focus on the whole experience of going outside on rainy days, issuing an invitation to explore even in the most mercurial weather.</p>','published','[\"products\\/19.jpg\",\"products\\/19-1.jpg\",\"products\\/19-2.jpg\",\"products\\/19-3.jpg\"]',NULL,'SW-136-A0',0,17,0,1,'in_stock',0,4,0,0,1053,NULL,NULL,NULL,12,10,10,518,NULL,29884,'2025-05-01 21:06:26','2025-05-01 21:06:51',0,'Botble\\ACL\\Models\\User',NULL,'physical',NULL,NULL,0,0,0,0,1,5,0),(20,'NYX Beauty Couton Pallete Makeup 12','<ul><li> Unrestrained and portable active stereo speaker</li>\n            <li> Free from the confines of wires and chords</li>\n            <li> 20 hours of portable capabilities</li>\n            <li> Double-ended Coil Cord with 3.5mm Stereo Plugs Included</li>\n            <li> 3/4″ Dome Tweeters: 2X and 4″ Woofer: 1X</li></ul>','<p>Short Hooded Coat features a straight body, large pockets with button flaps, ventilation air holes, and a string detail along the hemline. The style is completed with a drawstring hood, featuring Rains’ signature built-in cap. Made from waterproof, matte PU, this lightweight unisex rain jacket is an ode to nostalgia through its classic silhouette and utilitarian design details.</p>\n                                <p>- Casual unisex fit</p>\n\n                                <p>- 64% polyester, 36% polyurethane</p>\n\n                                <p>- Water column pressure: 4000 mm</p>\n\n                                <p>- Model is 187cm tall and wearing a size S / M</p>\n\n                                <p>- Unisex fit</p>\n\n                                <p>- Drawstring hood with built-in cap</p>\n\n                                <p>- Front placket with snap buttons</p>\n\n                                <p>- Ventilation under armpit</p>\n\n                                <p>- Adjustable cuffs</p>\n\n                                <p>- Double welted front pockets</p>\n\n                                <p>- Adjustable elastic string at hempen</p>\n\n                                <p>- Ultrasonically welded seams</p>\n\n                                <p>This is a unisex item, please check our clothing &amp; footwear sizing guide for specific Rains jacket sizing information. RAINS comes from the rainy nation of Denmark at the edge of the European continent, close to the ocean and with prevailing westerly winds; all factors that contribute to an average of 121 rain days each year. Arising from these rainy weather conditions comes the attitude that a quick rain shower may be beautiful, as well as moody- but first and foremost requires the right outfit. Rains focus on the whole experience of going outside on rainy days, issuing an invitation to explore even in the most mercurial weather.</p>','published','[\"products\\/20.jpg\",\"products\\/20-1.jpg\",\"products\\/20-2.jpg\",\"products\\/20-3.jpg\"]',NULL,'SW-142-A0',0,14,0,1,'in_stock',0,3,0,0,712,640.8,NULL,NULL,16,20,11,630,NULL,58466,'2025-05-01 21:06:26','2025-05-01 21:06:52',0,'Botble\\ACL\\Models\\User',NULL,'physical',NULL,NULL,0,0,0,0,2,5,0),(21,'MVMTH Classical Leather Watch In Black (Digital)','<ul><li> Unrestrained and portable active stereo speaker</li>\n            <li> Free from the confines of wires and chords</li>\n            <li> 20 hours of portable capabilities</li>\n            <li> Double-ended Coil Cord with 3.5mm Stereo Plugs Included</li>\n            <li> 3/4″ Dome Tweeters: 2X and 4″ Woofer: 1X</li></ul>','<p>Short Hooded Coat features a straight body, large pockets with button flaps, ventilation air holes, and a string detail along the hemline. The style is completed with a drawstring hood, featuring Rains’ signature built-in cap. Made from waterproof, matte PU, this lightweight unisex rain jacket is an ode to nostalgia through its classic silhouette and utilitarian design details.</p>\n                                <p>- Casual unisex fit</p>\n\n                                <p>- 64% polyester, 36% polyurethane</p>\n\n                                <p>- Water column pressure: 4000 mm</p>\n\n                                <p>- Model is 187cm tall and wearing a size S / M</p>\n\n                                <p>- Unisex fit</p>\n\n                                <p>- Drawstring hood with built-in cap</p>\n\n                                <p>- Front placket with snap buttons</p>\n\n                                <p>- Ventilation under armpit</p>\n\n                                <p>- Adjustable cuffs</p>\n\n                                <p>- Double welted front pockets</p>\n\n                                <p>- Adjustable elastic string at hempen</p>\n\n                                <p>- Ultrasonically welded seams</p>\n\n                                <p>This is a unisex item, please check our clothing &amp; footwear sizing guide for specific Rains jacket sizing information. RAINS comes from the rainy nation of Denmark at the edge of the European continent, close to the ocean and with prevailing westerly winds; all factors that contribute to an average of 121 rain days each year. Arising from these rainy weather conditions comes the attitude that a quick rain shower may be beautiful, as well as moody- but first and foremost requires the right outfit. Rains focus on the whole experience of going outside on rainy days, issuing an invitation to explore even in the most mercurial weather.</p>','published','[\"products\\/21.jpg\",\"products\\/21-1.jpg\",\"products\\/21-2.jpg\"]',NULL,'SW-154-A0',0,16,0,1,'in_stock',0,4,0,0,838,NULL,NULL,NULL,12,18,14,641,NULL,141566,'2025-05-01 21:06:26','2025-05-01 21:06:52',0,'Botble\\ACL\\Models\\User',NULL,'digital',NULL,NULL,0,0,0,0,1,4,0),(22,'Baxter Care Hair Kit For Bearded Mens','<ul><li> Unrestrained and portable active stereo speaker</li>\n            <li> Free from the confines of wires and chords</li>\n            <li> 20 hours of portable capabilities</li>\n            <li> Double-ended Coil Cord with 3.5mm Stereo Plugs Included</li>\n            <li> 3/4″ Dome Tweeters: 2X and 4″ Woofer: 1X</li></ul>','<p>Short Hooded Coat features a straight body, large pockets with button flaps, ventilation air holes, and a string detail along the hemline. The style is completed with a drawstring hood, featuring Rains’ signature built-in cap. Made from waterproof, matte PU, this lightweight unisex rain jacket is an ode to nostalgia through its classic silhouette and utilitarian design details.</p>\n                                <p>- Casual unisex fit</p>\n\n                                <p>- 64% polyester, 36% polyurethane</p>\n\n                                <p>- Water column pressure: 4000 mm</p>\n\n                                <p>- Model is 187cm tall and wearing a size S / M</p>\n\n                                <p>- Unisex fit</p>\n\n                                <p>- Drawstring hood with built-in cap</p>\n\n                                <p>- Front placket with snap buttons</p>\n\n                                <p>- Ventilation under armpit</p>\n\n                                <p>- Adjustable cuffs</p>\n\n                                <p>- Double welted front pockets</p>\n\n                                <p>- Adjustable elastic string at hempen</p>\n\n                                <p>- Ultrasonically welded seams</p>\n\n                                <p>This is a unisex item, please check our clothing &amp; footwear sizing guide for specific Rains jacket sizing information. RAINS comes from the rainy nation of Denmark at the edge of the European continent, close to the ocean and with prevailing westerly winds; all factors that contribute to an average of 121 rain days each year. Arising from these rainy weather conditions comes the attitude that a quick rain shower may be beautiful, as well as moody- but first and foremost requires the right outfit. Rains focus on the whole experience of going outside on rainy days, issuing an invitation to explore even in the most mercurial weather.</p>','published','[\"products\\/22.jpg\",\"products\\/22-1.jpg\",\"products\\/22-2.jpg\",\"products\\/22-3.jpg\"]',NULL,'SW-101-A0',0,19,0,1,'in_stock',0,7,0,0,638,NULL,NULL,NULL,15,16,14,649,NULL,12162,'2025-05-01 21:06:26','2025-05-01 21:06:52',0,'Botble\\ACL\\Models\\User',NULL,'physical',NULL,NULL,0,0,0,0,2,2,0),(23,'Ciate Palemore Lipstick Bold Red Color','<ul><li> Unrestrained and portable active stereo speaker</li>\n            <li> Free from the confines of wires and chords</li>\n            <li> 20 hours of portable capabilities</li>\n            <li> Double-ended Coil Cord with 3.5mm Stereo Plugs Included</li>\n            <li> 3/4″ Dome Tweeters: 2X and 4″ Woofer: 1X</li></ul>','<p>Short Hooded Coat features a straight body, large pockets with button flaps, ventilation air holes, and a string detail along the hemline. The style is completed with a drawstring hood, featuring Rains’ signature built-in cap. Made from waterproof, matte PU, this lightweight unisex rain jacket is an ode to nostalgia through its classic silhouette and utilitarian design details.</p>\n                                <p>- Casual unisex fit</p>\n\n                                <p>- 64% polyester, 36% polyurethane</p>\n\n                                <p>- Water column pressure: 4000 mm</p>\n\n                                <p>- Model is 187cm tall and wearing a size S / M</p>\n\n                                <p>- Unisex fit</p>\n\n                                <p>- Drawstring hood with built-in cap</p>\n\n                                <p>- Front placket with snap buttons</p>\n\n                                <p>- Ventilation under armpit</p>\n\n                                <p>- Adjustable cuffs</p>\n\n                                <p>- Double welted front pockets</p>\n\n                                <p>- Adjustable elastic string at hempen</p>\n\n                                <p>- Ultrasonically welded seams</p>\n\n                                <p>This is a unisex item, please check our clothing &amp; footwear sizing guide for specific Rains jacket sizing information. RAINS comes from the rainy nation of Denmark at the edge of the European continent, close to the ocean and with prevailing westerly winds; all factors that contribute to an average of 121 rain days each year. Arising from these rainy weather conditions comes the attitude that a quick rain shower may be beautiful, as well as moody- but first and foremost requires the right outfit. Rains focus on the whole experience of going outside on rainy days, issuing an invitation to explore even in the most mercurial weather.</p>','published','[\"products\\/23.jpg\",\"products\\/23-1.jpg\",\"products\\/23-2.jpg\",\"products\\/23-3.jpg\"]',NULL,'SW-161-A0',0,10,0,1,'in_stock',0,7,0,0,847,NULL,NULL,NULL,15,20,13,807,NULL,29390,'2025-05-01 21:06:26','2025-05-01 21:06:52',0,'Botble\\ACL\\Models\\User',NULL,'physical',NULL,NULL,0,0,0,0,2,5,0),(24,'Dual Camera 20MP (Digital)',NULL,NULL,'published','[\"products\\/1.jpg\"]',NULL,'SW-120-A0',0,18,0,1,'in_stock',0,4,1,0,80.25,NULL,NULL,NULL,15,12,10,682,NULL,0,'2025-05-01 21:06:26','2025-05-01 21:06:51',0,'Botble\\ACL\\Models\\User',NULL,'digital',NULL,NULL,0,0,0,0,NULL,NULL,0),(25,'Smart Watches',NULL,NULL,'published','[\"products\\/2.jpg\"]',NULL,'SW-196-A0',0,17,0,1,'in_stock',0,3,1,0,40.5,NULL,NULL,NULL,18,17,14,629,NULL,0,'2025-05-01 21:06:26','2025-05-01 21:06:51',0,'Botble\\ACL\\Models\\User',NULL,'physical',NULL,NULL,0,0,0,0,NULL,NULL,0),(26,'Beat Headphone',NULL,NULL,'published','[\"products\\/3.jpg\"]',NULL,'SW-160-A0',0,16,0,1,'in_stock',0,6,1,0,20,NULL,NULL,NULL,17,20,12,591,NULL,0,'2025-05-01 21:06:26','2025-05-01 21:06:51',0,'Botble\\ACL\\Models\\User',NULL,'physical',NULL,NULL,0,0,0,0,NULL,NULL,0),(27,'Beat Headphone',NULL,NULL,'published','[\"products\\/3.jpg\"]',NULL,'SW-160-A0-A1',0,16,0,1,'in_stock',0,6,1,0,20,NULL,NULL,NULL,17,20,12,591,NULL,0,'2025-05-01 21:06:26','2025-05-01 21:06:51',0,'Botble\\ACL\\Models\\User',NULL,'physical',NULL,NULL,0,0,0,0,NULL,NULL,0),(28,'Beat Headphone',NULL,NULL,'published','[\"products\\/3.jpg\"]',NULL,'SW-160-A0-A2',0,16,0,1,'in_stock',0,6,1,0,20,NULL,NULL,NULL,17,20,12,591,NULL,0,'2025-05-01 21:06:26','2025-05-01 21:06:51',0,'Botble\\ACL\\Models\\User',NULL,'physical',NULL,NULL,0,0,0,0,NULL,NULL,0),(29,'Beat Headphone',NULL,NULL,'published','[\"products\\/3.jpg\"]',NULL,'SW-160-A0-A3',0,16,0,1,'in_stock',0,6,1,0,20,NULL,NULL,NULL,17,20,12,591,NULL,0,'2025-05-01 21:06:26','2025-05-01 21:06:51',0,'Botble\\ACL\\Models\\User',NULL,'physical',NULL,NULL,0,0,0,0,NULL,NULL,0),(30,'Red & Black Headphone',NULL,NULL,'published','[\"products\\/4.jpg\"]',NULL,'SW-157-A0',0,15,0,1,'in_stock',0,2,1,0,551,402.23,NULL,NULL,18,14,14,602,NULL,0,'2025-05-01 21:06:26','2025-05-01 21:06:51',0,'Botble\\ACL\\Models\\User',NULL,'physical',NULL,NULL,0,0,0,0,NULL,NULL,0),(31,'Red & Black Headphone',NULL,NULL,'published','[\"products\\/4-1.jpg\"]',NULL,'SW-157-A0-A1',0,15,0,1,'in_stock',0,2,1,0,551,473.86,NULL,NULL,18,14,14,602,NULL,0,'2025-05-01 21:06:27','2025-05-01 21:06:51',0,'Botble\\ACL\\Models\\User',NULL,'physical',NULL,NULL,0,0,0,0,NULL,NULL,0),(32,'Smart Watch External (Digital)',NULL,NULL,'published','[\"products\\/5.jpg\"]',NULL,'SW-175-A0',0,11,0,1,'in_stock',0,6,1,0,785,NULL,NULL,NULL,18,17,19,844,NULL,0,'2025-05-01 21:06:27','2025-05-01 21:06:51',0,'Botble\\ACL\\Models\\User',NULL,'digital',NULL,NULL,0,0,0,0,NULL,NULL,0),(33,'Smart Watch External (Digital)',NULL,NULL,'published','[\"products\\/5-1.jpg\"]',NULL,'SW-175-A0-A1',0,11,0,1,'in_stock',0,6,1,0,785,NULL,NULL,NULL,18,17,19,844,NULL,0,'2025-05-01 21:06:27','2025-05-01 21:06:51',0,'Botble\\ACL\\Models\\User',NULL,'digital',NULL,NULL,0,0,0,0,NULL,NULL,0),(34,'Nikon HD camera',NULL,NULL,'published','[\"products\\/6.jpg\"]',NULL,'SW-153-A0',0,12,0,1,'in_stock',0,5,1,0,420,NULL,NULL,NULL,17,11,15,571,NULL,0,'2025-05-01 21:06:27','2025-05-01 21:06:51',0,'Botble\\ACL\\Models\\User',NULL,'physical',NULL,NULL,0,0,0,0,NULL,NULL,0),(35,'Nikon HD camera',NULL,NULL,'published','[\"products\\/6.jpg\"]',NULL,'SW-153-A0-A1',0,12,0,1,'in_stock',0,5,1,0,420,NULL,NULL,NULL,17,11,15,571,NULL,0,'2025-05-01 21:06:27','2025-05-01 21:06:51',0,'Botble\\ACL\\Models\\User',NULL,'physical',NULL,NULL,0,0,0,0,NULL,NULL,0),(36,'Nikon HD camera',NULL,NULL,'published','[\"products\\/6.jpg\"]',NULL,'SW-153-A0-A2',0,12,0,1,'in_stock',0,5,1,0,420,NULL,NULL,NULL,17,11,15,571,NULL,0,'2025-05-01 21:06:27','2025-05-01 21:06:51',0,'Botble\\ACL\\Models\\User',NULL,'physical',NULL,NULL,0,0,0,0,NULL,NULL,0),(37,'Audio Equipment',NULL,NULL,'published','[\"products\\/7.jpg\"]',NULL,'SW-162-A0',0,11,0,1,'in_stock',0,3,1,0,510,NULL,NULL,NULL,14,13,11,502,NULL,0,'2025-05-01 21:06:27','2025-05-01 21:06:51',0,'Botble\\ACL\\Models\\User',NULL,'physical',NULL,NULL,0,0,0,0,NULL,NULL,0),(38,'Audio Equipment',NULL,NULL,'published','[\"products\\/7.jpg\"]',NULL,'SW-162-A0-A1',0,11,0,1,'in_stock',0,3,1,0,510,NULL,NULL,NULL,14,13,11,502,NULL,0,'2025-05-01 21:06:27','2025-05-01 21:06:51',0,'Botble\\ACL\\Models\\User',NULL,'physical',NULL,NULL,0,0,0,0,NULL,NULL,0),(39,'Smart Televisions',NULL,NULL,'published','[\"products\\/8.jpg\"]',NULL,'SW-154-A0',0,17,0,1,'in_stock',0,7,1,0,1235,913.9,NULL,NULL,15,14,13,595,NULL,0,'2025-05-01 21:06:27','2025-05-01 21:06:51',0,'Botble\\ACL\\Models\\User',NULL,'physical',NULL,NULL,0,0,0,0,NULL,NULL,0),(40,'Smart Televisions',NULL,NULL,'published','[\"products\\/8-1.jpg\"]',NULL,'SW-154-A0-A1',0,17,0,1,'in_stock',0,7,1,0,1235,864.5,NULL,NULL,15,14,13,595,NULL,0,'2025-05-01 21:06:27','2025-05-01 21:06:51',0,'Botble\\ACL\\Models\\User',NULL,'physical',NULL,NULL,0,0,0,0,NULL,NULL,0),(41,'Samsung Smart Phone (Digital)',NULL,NULL,'published','[\"products\\/9.jpg\"]',NULL,'SW-125-A0',0,13,0,1,'in_stock',0,1,1,0,562,NULL,NULL,NULL,17,20,12,805,NULL,0,'2025-05-01 21:06:27','2025-05-01 21:06:51',0,'Botble\\ACL\\Models\\User',NULL,'digital',NULL,NULL,0,0,0,0,NULL,NULL,0),(42,'Samsung Smart Phone (Digital)',NULL,NULL,'published','[\"products\\/9-1.jpg\"]',NULL,'SW-125-A0-A1',0,13,0,1,'in_stock',0,1,1,0,562,NULL,NULL,NULL,17,20,12,805,NULL,0,'2025-05-01 21:06:27','2025-05-01 21:06:51',0,'Botble\\ACL\\Models\\User',NULL,'digital',NULL,NULL,0,0,0,0,NULL,NULL,0),(43,'Samsung Smart Phone (Digital)',NULL,NULL,'published','[\"products\\/9-2.jpg\"]',NULL,'SW-125-A0-A2',0,13,0,1,'in_stock',0,1,1,0,562,NULL,NULL,NULL,17,20,12,805,NULL,0,'2025-05-01 21:06:27','2025-05-01 21:06:51',0,'Botble\\ACL\\Models\\User',NULL,'digital',NULL,NULL,0,0,0,0,NULL,NULL,0),(44,'Samsung Smart Phone (Digital)',NULL,NULL,'published','[\"products\\/9.jpg\"]',NULL,'SW-125-A0-A3',0,13,0,1,'in_stock',0,1,1,0,562,NULL,NULL,NULL,17,20,12,805,NULL,0,'2025-05-01 21:06:27','2025-05-01 21:06:51',0,'Botble\\ACL\\Models\\User',NULL,'digital',NULL,NULL,0,0,0,0,NULL,NULL,0),(45,'Herschel Leather Duffle Bag In Brown Color',NULL,NULL,'published','[\"products\\/10.jpg\"]',NULL,'SW-177-A0',0,13,0,1,'in_stock',0,5,1,0,1256,NULL,NULL,NULL,17,17,10,858,NULL,0,'2025-05-01 21:06:27','2025-05-01 21:06:51',0,'Botble\\ACL\\Models\\User',NULL,'physical',NULL,NULL,0,0,0,0,NULL,NULL,0),(46,'Herschel Leather Duffle Bag In Brown Color',NULL,NULL,'published','[\"products\\/10-1.jpg\"]',NULL,'SW-177-A0-A1',0,13,0,1,'in_stock',0,5,1,0,1256,NULL,NULL,NULL,17,17,10,858,NULL,0,'2025-05-01 21:06:27','2025-05-01 21:06:51',0,'Botble\\ACL\\Models\\User',NULL,'physical',NULL,NULL,0,0,0,0,NULL,NULL,0),(47,'Herschel Leather Duffle Bag In Brown Color',NULL,NULL,'published','[\"products\\/10-2.jpg\"]',NULL,'SW-177-A0-A2',0,13,0,1,'in_stock',0,5,1,0,1256,NULL,NULL,NULL,17,17,10,858,NULL,0,'2025-05-01 21:06:27','2025-05-01 21:06:51',0,'Botble\\ACL\\Models\\User',NULL,'physical',NULL,NULL,0,0,0,0,NULL,NULL,0),(48,'Xbox One Wireless Controller Black Color',NULL,NULL,'published','[\"products\\/11.jpg\"]',NULL,'SW-190-A0',0,17,0,1,'in_stock',0,4,1,0,1188,NULL,NULL,NULL,13,11,18,835,NULL,0,'2025-05-01 21:06:27','2025-05-01 21:06:51',0,'Botble\\ACL\\Models\\User',NULL,'physical',NULL,NULL,0,0,0,0,NULL,NULL,0),(49,'Xbox One Wireless Controller Black Color',NULL,NULL,'published','[\"products\\/11-1.jpg\"]',NULL,'SW-190-A0-A1',0,17,0,1,'in_stock',0,4,1,0,1188,NULL,NULL,NULL,13,11,18,835,NULL,0,'2025-05-01 21:06:27','2025-05-01 21:06:51',0,'Botble\\ACL\\Models\\User',NULL,'physical',NULL,NULL,0,0,0,0,NULL,NULL,0),(50,'EPSION Plaster Printer',NULL,NULL,'published','[\"products\\/12.jpg\"]',NULL,'SW-193-A0',0,10,0,1,'in_stock',0,6,1,0,571,405.41,NULL,NULL,15,20,12,562,NULL,0,'2025-05-01 21:06:27','2025-05-01 21:06:51',0,'Botble\\ACL\\Models\\User',NULL,'physical',NULL,NULL,0,0,0,0,NULL,NULL,0),(51,'EPSION Plaster Printer',NULL,NULL,'published','[\"products\\/12-1.jpg\"]',NULL,'SW-193-A0-A1',0,10,0,1,'in_stock',0,6,1,0,571,411.12,NULL,NULL,15,20,12,562,NULL,0,'2025-05-01 21:06:27','2025-05-01 21:06:51',0,'Botble\\ACL\\Models\\User',NULL,'physical',NULL,NULL,0,0,0,0,NULL,NULL,0),(52,'EPSION Plaster Printer',NULL,NULL,'published','[\"products\\/12-2.jpg\"]',NULL,'SW-193-A0-A2',0,10,0,1,'in_stock',0,6,1,0,571,405.41,NULL,NULL,15,20,12,562,NULL,0,'2025-05-01 21:06:27','2025-05-01 21:06:51',0,'Botble\\ACL\\Models\\User',NULL,'physical',NULL,NULL,0,0,0,0,NULL,NULL,0),(53,'Sound Intone I65 Earphone White Version (Digital)',NULL,NULL,'published','[\"products\\/13.jpg\"]',NULL,'SW-193-A0',0,14,0,1,'in_stock',0,3,1,0,594,NULL,NULL,NULL,15,20,18,591,NULL,0,'2025-05-01 21:06:27','2025-05-01 21:06:51',0,'Botble\\ACL\\Models\\User',NULL,'digital',NULL,NULL,0,0,0,0,NULL,NULL,0),(54,'Sound Intone I65 Earphone White Version (Digital)',NULL,NULL,'published','[\"products\\/13-1.jpg\"]',NULL,'SW-193-A0-A1',0,14,0,1,'in_stock',0,3,1,0,594,NULL,NULL,NULL,15,20,18,591,NULL,0,'2025-05-01 21:06:27','2025-05-01 21:06:51',0,'Botble\\ACL\\Models\\User',NULL,'digital',NULL,NULL,0,0,0,0,NULL,NULL,0),(55,'B&O Play Mini Bluetooth Speaker',NULL,NULL,'published','[\"products\\/14.jpg\"]',NULL,'SW-180-A0',0,11,0,1,'in_stock',0,6,1,0,541,NULL,NULL,NULL,20,19,15,624,NULL,0,'2025-05-01 21:06:27','2025-05-01 21:06:51',0,'Botble\\ACL\\Models\\User',NULL,'physical',NULL,NULL,0,0,0,0,NULL,NULL,0),(56,'Apple MacBook Air Retina 13.3-Inch Laptop',NULL,NULL,'published','[\"products\\/15.jpg\"]',NULL,'SW-142-A0',0,13,0,1,'in_stock',0,5,1,0,600,NULL,NULL,NULL,15,20,18,675,NULL,0,'2025-05-01 21:06:27','2025-05-01 21:06:51',0,'Botble\\ACL\\Models\\User',NULL,'physical',NULL,NULL,0,0,0,0,NULL,NULL,0),(57,'Apple MacBook Air Retina 12-Inch Laptop',NULL,NULL,'published','[\"products\\/16.jpg\"]',NULL,'SW-135-A0',0,19,0,1,'in_stock',0,3,1,0,564,485.04,NULL,NULL,10,12,10,646,NULL,0,'2025-05-01 21:06:27','2025-05-01 21:06:51',0,'Botble\\ACL\\Models\\User',NULL,'physical',NULL,NULL,0,0,0,0,NULL,NULL,0),(58,'Apple MacBook Air Retina 12-Inch Laptop',NULL,NULL,'published','[\"products\\/16.jpg\"]',NULL,'SW-135-A0-A1',0,19,0,1,'in_stock',0,3,1,0,564,501.96,NULL,NULL,10,12,10,646,NULL,0,'2025-05-01 21:06:27','2025-05-01 21:06:51',0,'Botble\\ACL\\Models\\User',NULL,'physical',NULL,NULL,0,0,0,0,NULL,NULL,0),(59,'Apple MacBook Air Retina 12-Inch Laptop',NULL,NULL,'published','[\"products\\/16.jpg\"]',NULL,'SW-135-A0-A2',0,19,0,1,'in_stock',0,3,1,0,564,479.4,NULL,NULL,10,12,10,646,NULL,0,'2025-05-01 21:06:27','2025-05-01 21:06:51',0,'Botble\\ACL\\Models\\User',NULL,'physical',NULL,NULL,0,0,0,0,NULL,NULL,0),(60,'Apple MacBook Air Retina 12-Inch Laptop',NULL,NULL,'published','[\"products\\/16.jpg\"]',NULL,'SW-135-A0-A3',0,19,0,1,'in_stock',0,3,1,0,564,479.4,NULL,NULL,10,12,10,646,NULL,0,'2025-05-01 21:06:27','2025-05-01 21:06:51',0,'Botble\\ACL\\Models\\User',NULL,'physical',NULL,NULL,0,0,0,0,NULL,NULL,0),(61,'Samsung Gear VR Virtual Reality Headset (Digital)',NULL,NULL,'published','[\"products\\/17.jpg\"]',NULL,'SW-178-A0',0,13,0,1,'in_stock',0,6,1,0,523,NULL,NULL,NULL,17,18,13,787,NULL,0,'2025-05-01 21:06:27','2025-05-01 21:06:51',0,'Botble\\ACL\\Models\\User',NULL,'digital',NULL,NULL,0,0,0,0,NULL,NULL,0),(62,'Samsung Gear VR Virtual Reality Headset (Digital)',NULL,NULL,'published','[\"products\\/17-1.jpg\"]',NULL,'SW-178-A0-A1',0,13,0,1,'in_stock',0,6,1,0,523,NULL,NULL,NULL,17,18,13,787,NULL,0,'2025-05-01 21:06:27','2025-05-01 21:06:51',0,'Botble\\ACL\\Models\\User',NULL,'digital',NULL,NULL,0,0,0,0,NULL,NULL,0),(63,'Aveeno Moisturizing Body Shower 450ml',NULL,NULL,'published','[\"products\\/18.jpg\"]',NULL,'SW-147-A0',0,17,0,1,'in_stock',0,7,1,0,1208,NULL,NULL,NULL,17,11,13,804,NULL,0,'2025-05-01 21:06:28','2025-05-01 21:06:51',0,'Botble\\ACL\\Models\\User',NULL,'physical',NULL,NULL,0,0,0,0,NULL,NULL,0),(64,'NYX Beauty Couton Pallete Makeup 12',NULL,NULL,'published','[\"products\\/19.jpg\"]',NULL,'SW-136-A0',0,17,0,1,'in_stock',0,4,1,0,1053,NULL,NULL,NULL,12,10,10,518,NULL,0,'2025-05-01 21:06:28','2025-05-01 21:06:52',0,'Botble\\ACL\\Models\\User',NULL,'physical',NULL,NULL,0,0,0,0,NULL,NULL,0),(65,'NYX Beauty Couton Pallete Makeup 12',NULL,NULL,'published','[\"products\\/20.jpg\"]',NULL,'SW-142-A0',0,14,0,1,'in_stock',0,3,1,0,712,640.8,NULL,NULL,16,20,11,630,NULL,0,'2025-05-01 21:06:28','2025-05-01 21:06:52',0,'Botble\\ACL\\Models\\User',NULL,'physical',NULL,NULL,0,0,0,0,NULL,NULL,0),(66,'NYX Beauty Couton Pallete Makeup 12',NULL,NULL,'published','[\"products\\/20-1.jpg\"]',NULL,'SW-142-A0-A1',0,14,0,1,'in_stock',0,3,1,0,712,519.76,NULL,NULL,16,20,11,630,NULL,0,'2025-05-01 21:06:28','2025-05-01 21:06:52',0,'Botble\\ACL\\Models\\User',NULL,'physical',NULL,NULL,0,0,0,0,NULL,NULL,0),(67,'NYX Beauty Couton Pallete Makeup 12',NULL,NULL,'published','[\"products\\/20-2.jpg\"]',NULL,'SW-142-A0-A2',0,14,0,1,'in_stock',0,3,1,0,712,626.56,NULL,NULL,16,20,11,630,NULL,0,'2025-05-01 21:06:28','2025-05-01 21:06:52',0,'Botble\\ACL\\Models\\User',NULL,'physical',NULL,NULL,0,0,0,0,NULL,NULL,0),(68,'MVMTH Classical Leather Watch In Black (Digital)',NULL,NULL,'published','[\"products\\/21.jpg\"]',NULL,'SW-154-A0',0,16,0,1,'in_stock',0,4,1,0,838,NULL,NULL,NULL,12,18,14,641,NULL,0,'2025-05-01 21:06:28','2025-05-01 21:06:52',0,'Botble\\ACL\\Models\\User',NULL,'digital',NULL,NULL,0,0,0,0,NULL,NULL,0),(69,'MVMTH Classical Leather Watch In Black (Digital)',NULL,NULL,'published','[\"products\\/21-1.jpg\"]',NULL,'SW-154-A0-A1',0,16,0,1,'in_stock',0,4,1,0,838,NULL,NULL,NULL,12,18,14,641,NULL,0,'2025-05-01 21:06:28','2025-05-01 21:06:52',0,'Botble\\ACL\\Models\\User',NULL,'digital',NULL,NULL,0,0,0,0,NULL,NULL,0),(70,'MVMTH Classical Leather Watch In Black (Digital)',NULL,NULL,'published','[\"products\\/21-2.jpg\"]',NULL,'SW-154-A0-A2',0,16,0,1,'in_stock',0,4,1,0,838,NULL,NULL,NULL,12,18,14,641,NULL,0,'2025-05-01 21:06:28','2025-05-01 21:06:52',0,'Botble\\ACL\\Models\\User',NULL,'digital',NULL,NULL,0,0,0,0,NULL,NULL,0),(71,'MVMTH Classical Leather Watch In Black (Digital)',NULL,NULL,'published','[\"products\\/21.jpg\"]',NULL,'SW-154-A0-A3',0,16,0,1,'in_stock',0,4,1,0,838,NULL,NULL,NULL,12,18,14,641,NULL,0,'2025-05-01 21:06:28','2025-05-01 21:06:52',0,'Botble\\ACL\\Models\\User',NULL,'digital',NULL,NULL,0,0,0,0,NULL,NULL,0),(72,'Baxter Care Hair Kit For Bearded Mens',NULL,NULL,'published','[\"products\\/22.jpg\"]',NULL,'SW-101-A0',0,19,0,1,'in_stock',0,7,1,0,638,NULL,NULL,NULL,15,16,14,649,NULL,0,'2025-05-01 21:06:28','2025-05-01 21:06:52',0,'Botble\\ACL\\Models\\User',NULL,'physical',NULL,NULL,0,0,0,0,NULL,NULL,0),(73,'Ciate Palemore Lipstick Bold Red Color',NULL,NULL,'published','[\"products\\/23.jpg\"]',NULL,'SW-161-A0',0,10,0,1,'in_stock',0,7,1,0,847,NULL,NULL,NULL,15,20,13,807,NULL,0,'2025-05-01 21:06:28','2025-05-01 21:06:52',0,'Botble\\ACL\\Models\\User',NULL,'physical',NULL,NULL,0,0,0,0,NULL,NULL,0),(74,'Ciate Palemore Lipstick Bold Red Color',NULL,NULL,'published','[\"products\\/23-1.jpg\"]',NULL,'SW-161-A0-A1',0,10,0,1,'in_stock',0,7,1,0,847,NULL,NULL,NULL,15,20,13,807,NULL,0,'2025-05-01 21:06:28','2025-05-01 21:06:52',0,'Botble\\ACL\\Models\\User',NULL,'physical',NULL,NULL,0,0,0,0,NULL,NULL,0);

--
-- Table structure for table `ec_products_translations`
--

CREATE TABLE `ec_products_translations` (
  `lang_code` varchar(191) COLLATE utf8mb4_unicode_ci NOT NULL,
  `ec_products_id` bigint unsigned NOT NULL,
  `name` varchar(191) COLLATE utf8mb4_unicode_ci DEFAULT NULL,
  `description` text COLLATE utf8mb4_unicode_ci,
  `content` text COLLATE utf8mb4_unicode_ci,
  PRIMARY KEY (`lang_code`,`ec_products_id`)
) ENGINE=InnoDB DEFAULT CHARSET=utf8mb4 COLLATE=utf8mb4_unicode_ci;

--
-- Dumping data for table `ec_products_translations`
--


--
-- Table structure for table `ec_review_replies`
--

CREATE TABLE `ec_review_replies` (
  `id` bigint unsigned NOT NULL AUTO_INCREMENT,
  `user_id` bigint unsigned NOT NULL,
  `review_id` bigint unsigned NOT NULL,
  `message` text COLLATE utf8mb4_unicode_ci NOT NULL,
  `created_at` timestamp NULL DEFAULT NULL,
  `updated_at` timestamp NULL DEFAULT NULL,
  PRIMARY KEY (`id`),
  UNIQUE KEY `ec_review_replies_review_id_user_id_unique` (`review_id`,`user_id`)
) ENGINE=InnoDB DEFAULT CHARSET=utf8mb4 COLLATE=utf8mb4_unicode_ci;

--
-- Dumping data for table `ec_review_replies`
--


--
-- Table structure for table `ec_reviews`
--

CREATE TABLE `ec_reviews` (
  `id` bigint unsigned NOT NULL AUTO_INCREMENT,
  `customer_id` bigint unsigned DEFAULT NULL,
  `customer_name` varchar(191) COLLATE utf8mb4_unicode_ci DEFAULT NULL,
  `customer_email` varchar(191) COLLATE utf8mb4_unicode_ci DEFAULT NULL,
  `product_id` bigint unsigned NOT NULL,
  `star` double NOT NULL,
  `comment` text COLLATE utf8mb4_unicode_ci NOT NULL,
  `status` varchar(60) COLLATE utf8mb4_unicode_ci NOT NULL DEFAULT 'published',
  `created_at` timestamp NULL DEFAULT NULL,
  `updated_at` timestamp NULL DEFAULT NULL,
  `images` text COLLATE utf8mb4_unicode_ci,
  PRIMARY KEY (`id`),
  UNIQUE KEY `ec_reviews_product_id_customer_id_unique` (`product_id`,`customer_id`),
  KEY `ec_reviews_product_id_customer_id_status_created_at_index` (`product_id`,`customer_id`,`status`,`created_at`),
  KEY `review_relation_index` (`product_id`,`customer_id`,`status`)
) ENGINE=InnoDB AUTO_INCREMENT=1001 DEFAULT CHARSET=utf8mb4 COLLATE=utf8mb4_unicode_ci;

--
-- Dumping data for table `ec_reviews`
--

INSERT INTO `ec_reviews` VALUES (1,5,NULL,NULL,4,4,'Customer Support are grade (A*), however the code is a way too over engineered for it\'s purpose.','published','2025-05-01 21:06:36','2025-05-01 21:06:36','[\"products\\/2.jpg\",\"products\\/9-1.jpg\",\"products\\/17-3.jpg\"]'),(2,3,NULL,NULL,1,1,'Cool template. Excellent code quality. The support responds very quickly, which is very rare on themeforest and codecanyon.net, I buy a lot of templates, and everyone will have a response from technical support for two or three days. Thanks to tech support. I recommend to buy.','published','2025-05-01 21:06:36','2025-05-01 21:06:36','[\"products\\/10-1.jpg\",\"products\\/11.jpg\",\"products\\/23-2.jpg\"]'),(3,5,NULL,NULL,13,3,'The best store template! Excellent coding! Very good support! Thank you so much for all the help, I really appreciated.','published','2025-05-01 21:06:36','2025-05-01 21:06:36','[\"products\\/2-2.jpg\",\"products\\/11-1.jpg\"]'),(4,10,NULL,NULL,20,5,'Customer Support are grade (A*), however the code is a way too over engineered for it\'s purpose.','published','2025-05-01 21:06:36','2025-05-01 21:06:36','[\"products\\/5-2.jpg\",\"products\\/7.jpg\",\"products\\/13-1.jpg\"]'),(5,3,NULL,NULL,16,5,'For me the best eCommerce script on Envato at this moment: modern, clean code, a lot of great features. The customer support is great too: I always get an answer within hours!','published','2025-05-01 21:06:36','2025-05-01 21:06:36','[\"products\\/8-1.jpg\"]'),(6,5,NULL,NULL,11,1,'The code is good, in general, if you like it, can you give it 5 stars?','published','2025-05-01 21:06:36','2025-05-01 21:06:36','[\"products\\/6.jpg\",\"products\\/8.jpg\",\"products\\/10-2.jpg\"]'),(7,7,NULL,NULL,22,2,'For me the best eCommerce script on Envato at this moment: modern, clean code, a lot of great features. The customer support is great too: I always get an answer within hours!','published','2025-05-01 21:06:36','2025-05-01 21:06:36','[\"products\\/4.jpg\",\"products\\/17-3.jpg\",\"products\\/19-1.jpg\",\"products\\/22-2.jpg\"]'),(8,6,NULL,NULL,20,3,'Solution is too robust for our purpose so we didn\'t use it at the end. But I appreciate customer support during initial configuration.','published','2025-05-01 21:06:36','2025-05-01 21:06:36','[\"products\\/11-2.jpg\",\"products\\/13.jpg\",\"products\\/18-1.jpg\",\"products\\/21-2.jpg\"]'),(9,9,NULL,NULL,19,5,'For me the best eCommerce script on Envato at this moment: modern, clean code, a lot of great features. The customer support is great too: I always get an answer within hours!','published','2025-05-01 21:06:36','2025-05-01 21:06:36','[\"products\\/10-2.jpg\",\"products\\/11-3.jpg\",\"products\\/11.jpg\"]'),(10,1,NULL,NULL,14,5,'Clean & perfect source code','published','2025-05-01 21:06:36','2025-05-01 21:06:36','[\"products\\/1.jpg\",\"products\\/8-1.jpg\",\"products\\/16.jpg\"]'),(11,4,NULL,NULL,5,3,'The script is the best of its class, fast, easy to implement and work with , and the most important thing is the great support team , Recommend with no doubt.','published','2025-05-01 21:06:36','2025-05-01 21:06:36','[\"products\\/12-1.jpg\",\"products\\/19-1.jpg\"]'),(12,7,NULL,NULL,9,5,'The best store template! Excellent coding! Very good support! Thank you so much for all the help, I really appreciated.','published','2025-05-01 21:06:36','2025-05-01 21:06:36','[\"products\\/11-1.jpg\",\"products\\/19-2.jpg\"]'),(13,6,NULL,NULL,14,3,'Those guys now what they are doing, the release such a good product that it\'s a pleasure to work with ! Even when I was stuck on the project, I created a ticket and the next day it was replied by the team. GOOD JOB guys. I love working with them :)','published','2025-05-01 21:06:36','2025-05-01 21:06:36','[\"products\\/2-1.jpg\",\"products\\/8-2.jpg\"]'),(14,6,NULL,NULL,8,2,'Good app, good backup service and support. Good documentation.','published','2025-05-01 21:06:36','2025-05-01 21:06:36','[\"products\\/10-1.jpg\"]'),(15,4,NULL,NULL,8,1,'Those guys now what they are doing, the release such a good product that it\'s a pleasure to work with ! Even when I was stuck on the project, I created a ticket and the next day it was replied by the team. GOOD JOB guys. I love working with them :)','published','2025-05-01 21:06:36','2025-05-01 21:06:36','[\"products\\/12-1.jpg\"]'),(16,1,NULL,NULL,22,4,'Very enthusiastic support! Excellent code is written. It\'s a true pleasure working with.','published','2025-05-01 21:06:36','2025-05-01 21:06:36','[\"products\\/5-2.jpg\"]'),(17,7,NULL,NULL,13,5,'The best store template! Excellent coding! Very good support! Thank you so much for all the help, I really appreciated.','published','2025-05-01 21:06:36','2025-05-01 21:06:36','[\"products\\/3.jpg\",\"products\\/4-2.jpg\",\"products\\/11.jpg\",\"products\\/20-1.jpg\"]'),(18,5,NULL,NULL,20,1,'Solution is too robust for our purpose so we didn\'t use it at the end. But I appreciate customer support during initial configuration.','published','2025-05-01 21:06:36','2025-05-01 21:06:36','[\"products\\/8-2.jpg\",\"products\\/12-2.jpg\",\"products\\/13-1.jpg\"]'),(19,7,NULL,NULL,1,4,'This script is well coded and is super fast. The support is pretty quick. Very patient and helpful team. I strongly recommend it and they deserve more than 5 stars.','published','2025-05-01 21:06:36','2025-05-01 21:06:36','[\"products\\/13.jpg\",\"products\\/18-1.jpg\"]'),(20,7,NULL,NULL,15,5,'Solution is too robust for our purpose so we didn\'t use it at the end. But I appreciate customer support during initial configuration.','published','2025-05-01 21:06:36','2025-05-01 21:06:36','[\"products\\/2-2.jpg\",\"products\\/9-1.jpg\"]'),(21,10,NULL,NULL,9,5,'Those guys now what they are doing, the release such a good product that it\'s a pleasure to work with ! Even when I was stuck on the project, I created a ticket and the next day it was replied by the team. GOOD JOB guys. I love working with them :)','published','2025-05-01 21:06:36','2025-05-01 21:06:36','[\"products\\/9-1.jpg\",\"products\\/10.jpg\",\"products\\/12-1.jpg\",\"products\\/15.jpg\"]'),(22,5,NULL,NULL,15,1,'The script is the best of its class, fast, easy to implement and work with , and the most important thing is the great support team , Recommend with no doubt.','published','2025-05-01 21:06:36','2025-05-01 21:06:36','[\"products\\/20.jpg\",\"products\\/23-2.jpg\"]'),(23,2,NULL,NULL,19,4,'It\'s not my first experience here on Codecanyon and I can honestly tell you all that Botble puts a LOT of effort into the support. They answer so fast, they helped me tons of times. REALLY by far THE BEST EXPERIENCE on Codecanyon. Those guys at Botble are so good that they deserve 5 stars. I recommend them, I trust them and I can\'t wait to see what they will sell in a near future. Thank you Botble :)','published','2025-05-01 21:06:36','2025-05-01 21:06:36','[\"products\\/19-2.jpg\",\"products\\/19.jpg\"]'),(24,9,NULL,NULL,11,3,'As a developer I reviewed this script. This is really awesome ecommerce script. I have convinced when I noticed that it\'s built on fully WordPress concept.','published','2025-05-01 21:06:36','2025-05-01 21:06:36','[\"products\\/16.jpg\",\"products\\/17.jpg\"]'),(25,4,NULL,NULL,20,4,'Those guys now what they are doing, the release such a good product that it\'s a pleasure to work with ! Even when I was stuck on the project, I created a ticket and the next day it was replied by the team. GOOD JOB guys. I love working with them :)','published','2025-05-01 21:06:36','2025-05-01 21:06:36','[\"products\\/5-3.jpg\",\"products\\/6.jpg\",\"products\\/9.jpg\"]'),(26,10,NULL,NULL,6,4,'Best ecommerce CMS online store!','published','2025-05-01 21:06:36','2025-05-01 21:06:36','[\"products\\/4-3.jpg\"]'),(27,3,NULL,NULL,4,2,'Best ecommerce CMS online store!','published','2025-05-01 21:06:36','2025-05-01 21:06:36','[\"products\\/5.jpg\"]'),(29,2,NULL,NULL,5,5,'The code is good, in general, if you like it, can you give it 5 stars?','published','2025-05-01 21:06:36','2025-05-01 21:06:36','[\"products\\/18.jpg\"]'),(30,4,NULL,NULL,12,5,'Best ecommerce CMS online store!','published','2025-05-01 21:06:36','2025-05-01 21:06:36','[\"products\\/8-2.jpg\"]'),(31,8,NULL,NULL,7,2,'I Love this Script. I also found how to add other fees. Now I just wait the BIG update for the Marketplace with the Bulk Import. Just do not forget to make it to be Multi-language for us the Botble Fans.','published','2025-05-01 21:06:36','2025-05-01 21:06:36','[\"products\\/22.jpg\"]'),(32,10,NULL,NULL,1,5,'The best store template! Excellent coding! Very good support! Thank you so much for all the help, I really appreciated.','published','2025-05-01 21:06:36','2025-05-01 21:06:36','[\"products\\/2-1.jpg\",\"products\\/2-3.jpg\",\"products\\/13.jpg\",\"products\\/17-3.jpg\"]'),(33,4,NULL,NULL,11,3,'Very enthusiastic support! Excellent code is written. It\'s a true pleasure working with.','published','2025-05-01 21:06:36','2025-05-01 21:06:36','[\"products\\/10-1.jpg\",\"products\\/19-1.jpg\",\"products\\/23-1.jpg\"]'),(34,7,NULL,NULL,16,3,'We have received brilliant service support and will be expanding the features with the developer. Nice product!','published','2025-05-01 21:06:36','2025-05-01 21:06:36','[\"products\\/12-3.jpg\",\"products\\/21-1.jpg\"]'),(37,7,NULL,NULL,14,1,'Those guys now what they are doing, the release such a good product that it\'s a pleasure to work with ! Even when I was stuck on the project, I created a ticket and the next day it was replied by the team. GOOD JOB guys. I love working with them :)','published','2025-05-01 21:06:36','2025-05-01 21:06:36','[\"products\\/5-1.jpg\"]'),(39,3,NULL,NULL,20,5,'For me the best eCommerce script on Envato at this moment: modern, clean code, a lot of great features. The customer support is great too: I always get an answer within hours!','published','2025-05-01 21:06:36','2025-05-01 21:06:36','[\"products\\/5-1.jpg\",\"products\\/21.jpg\"]'),(41,2,NULL,NULL,18,4,'The script is the best of its class, fast, easy to implement and work with , and the most important thing is the great support team , Recommend with no doubt.','published','2025-05-01 21:06:36','2025-05-01 21:06:36','[\"products\\/8.jpg\",\"products\\/13.jpg\"]'),(42,9,NULL,NULL,23,4,'Clean & perfect source code','published','2025-05-01 21:06:36','2025-05-01 21:06:36','[\"products\\/17-3.jpg\"]'),(43,8,NULL,NULL,15,2,'This web app is really good in design, code quality & features. Besides, the customer support provided by the Botble team was really fast & helpful. You guys are awesome!','published','2025-05-01 21:06:36','2025-05-01 21:06:36','[\"products\\/17-1.jpg\"]'),(44,8,NULL,NULL,16,3,'Customer Support are grade (A*), however the code is a way too over engineered for it\'s purpose.','published','2025-05-01 21:06:36','2025-05-01 21:06:36','[\"products\\/17.jpg\"]'),(46,6,NULL,NULL,12,3,'We have received brilliant service support and will be expanding the features with the developer. Nice product!','published','2025-05-01 21:06:36','2025-05-01 21:06:36','[\"products\\/9-2.jpg\",\"products\\/12-3.jpg\",\"products\\/14.jpg\"]'),(47,9,NULL,NULL,13,2,'Good app, good backup service and support. Good documentation.','published','2025-05-01 21:06:36','2025-05-01 21:06:36','[\"products\\/5-2.jpg\",\"products\\/5-3.jpg\",\"products\\/13.jpg\",\"products\\/19.jpg\"]'),(48,5,NULL,NULL,19,4,'Good app, good backup service and support. Good documentation.','published','2025-05-01 21:06:36','2025-05-01 21:06:36','[\"products\\/2-1.jpg\",\"products\\/21-1.jpg\",\"products\\/23-2.jpg\"]'),(49,1,NULL,NULL,6,3,'Best ecommerce CMS online store!','published','2025-05-01 21:06:36','2025-05-01 21:06:36','[\"products\\/8-3.jpg\"]'),(52,3,NULL,NULL,3,4,'This web app is really good in design, code quality & features. Besides, the customer support provided by the Botble team was really fast & helpful. You guys are awesome!','published','2025-05-01 21:06:36','2025-05-01 21:06:36','[\"products\\/5.jpg\",\"products\\/8-2.jpg\",\"products\\/11-1.jpg\",\"products\\/14.jpg\"]'),(53,1,NULL,NULL,21,5,'I Love this Script. I also found how to add other fees. Now I just wait the BIG update for the Marketplace with the Bulk Import. Just do not forget to make it to be Multi-language for us the Botble Fans.','published','2025-05-01 21:06:36','2025-05-01 21:06:36','[\"products\\/8-1.jpg\",\"products\\/17-1.jpg\",\"products\\/23.jpg\"]'),(55,4,NULL,NULL,22,5,'The best ecommerce CMS! Excellent coding! best support service! Thank you so much..... I really like your hard work.','published','2025-05-01 21:06:36','2025-05-01 21:06:36','[\"products\\/4.jpg\",\"products\\/17.jpg\"]'),(57,6,NULL,NULL,23,2,'Customer Support are grade (A*), however the code is a way too over engineered for it\'s purpose.','published','2025-05-01 21:06:36','2025-05-01 21:06:36','[\"products\\/4-1.jpg\",\"products\\/5-1.jpg\",\"products\\/21.jpg\",\"products\\/23.jpg\"]'),(58,2,NULL,NULL,4,2,'Great E-commerce system. And much more : Wonderful Customer Support.','published','2025-05-01 21:06:36','2025-05-01 21:06:36','[\"products\\/8-1.jpg\",\"products\\/13.jpg\",\"products\\/20.jpg\",\"products\\/22-3.jpg\"]'),(59,2,NULL,NULL,9,4,'Those guys now what they are doing, the release such a good product that it\'s a pleasure to work with ! Even when I was stuck on the project, I created a ticket and the next day it was replied by the team. GOOD JOB guys. I love working with them :)','published','2025-05-01 21:06:36','2025-05-01 21:06:36','[\"products\\/4.jpg\",\"products\\/9.jpg\",\"products\\/10-2.jpg\",\"products\\/14.jpg\"]'),(61,6,NULL,NULL,18,4,'Second or third time that I buy a Botble product, happy with the products and support. You guys do a good job :)','published','2025-05-01 21:06:36','2025-05-01 21:06:36','[\"products\\/9-1.jpg\",\"products\\/9.jpg\",\"products\\/13-1.jpg\"]'),(62,3,NULL,NULL,10,4,'Great system, great support, good job Botble. I\'m looking forward to more great functional plugins.','published','2025-05-01 21:06:36','2025-05-01 21:06:36','[\"products\\/19-2.jpg\",\"products\\/20-2.jpg\",\"products\\/23-2.jpg\"]'),(63,7,NULL,NULL,19,5,'The best ecommerce CMS! Excellent coding! best support service! Thank you so much..... I really like your hard work.','published','2025-05-01 21:06:36','2025-05-01 21:06:36','[\"products\\/23-3.jpg\"]'),(64,3,NULL,NULL,6,1,'Great system, great support, good job Botble. I\'m looking forward to more great functional plugins.','published','2025-05-01 21:06:36','2025-05-01 21:06:36','[\"products\\/3.jpg\",\"products\\/10-1.jpg\"]'),(66,3,NULL,NULL,9,2,'The best ecommerce CMS! Excellent coding! best support service! Thank you so much..... I really like your hard work.','published','2025-05-01 21:06:36','2025-05-01 21:06:36','[\"products\\/4.jpg\",\"products\\/22.jpg\",\"products\\/23-3.jpg\"]'),(67,2,NULL,NULL,20,3,'This script is well coded and is super fast. The support is pretty quick. Very patient and helpful team. I strongly recommend it and they deserve more than 5 stars.','published','2025-05-01 21:06:36','2025-05-01 21:06:36','[\"products\\/15-1.jpg\"]'),(68,9,NULL,NULL,14,4,'This web app is really good in design, code quality & features. Besides, the customer support provided by the Botble team was really fast & helpful. You guys are awesome!','published','2025-05-01 21:06:36','2025-05-01 21:06:36','[\"products\\/4-1.jpg\",\"products\\/16.jpg\",\"products\\/19-1.jpg\",\"products\\/21.jpg\"]'),(69,9,NULL,NULL,21,2,'Cool template. Excellent code quality. The support responds very quickly, which is very rare on themeforest and codecanyon.net, I buy a lot of templates, and everyone will have a response from technical support for two or three days. Thanks to tech support. I recommend to buy.','published','2025-05-01 21:06:36','2025-05-01 21:06:36','[\"products\\/11.jpg\",\"products\\/17-3.jpg\",\"products\\/18-2.jpg\",\"products\\/21.jpg\"]'),(70,10,NULL,NULL,2,4,'I Love this Script. I also found how to add other fees. Now I just wait the BIG update for the Marketplace with the Bulk Import. Just do not forget to make it to be Multi-language for us the Botble Fans.','published','2025-05-01 21:06:36','2025-05-01 21:06:36','[\"products\\/10.jpg\",\"products\\/12-3.jpg\",\"products\\/18-2.jpg\",\"products\\/21-1.jpg\"]'),(72,10,NULL,NULL,16,1,'Great E-commerce system. And much more : Wonderful Customer Support.','published','2025-05-01 21:06:36','2025-05-01 21:06:36','[\"products\\/5.jpg\",\"products\\/10-2.jpg\",\"products\\/19-2.jpg\",\"products\\/22.jpg\"]'),(75,8,NULL,NULL,12,3,'Second or third time that I buy a Botble product, happy with the products and support. You guys do a good job :)','published','2025-05-01 21:06:36','2025-05-01 21:06:36','[\"products\\/17.jpg\"]'),(76,10,NULL,NULL,5,1,'This web app is really good in design, code quality & features. Besides, the customer support provided by the Botble team was really fast & helpful. You guys are awesome!','published','2025-05-01 21:06:36','2025-05-01 21:06:36','[\"products\\/6.jpg\",\"products\\/11.jpg\",\"products\\/20-1.jpg\"]'),(77,4,NULL,NULL,18,1,'Those guys now what they are doing, the release such a good product that it\'s a pleasure to work with ! Even when I was stuck on the project, I created a ticket and the next day it was replied by the team. GOOD JOB guys. I love working with them :)','published','2025-05-01 21:06:36','2025-05-01 21:06:36','[\"products\\/4-1.jpg\",\"products\\/18-2.jpg\",\"products\\/23.jpg\"]'),(78,8,NULL,NULL,4,1,'It\'s not my first experience here on Codecanyon and I can honestly tell you all that Botble puts a LOT of effort into the support. They answer so fast, they helped me tons of times. REALLY by far THE BEST EXPERIENCE on Codecanyon. Those guys at Botble are so good that they deserve 5 stars. I recommend them, I trust them and I can\'t wait to see what they will sell in a near future. Thank you Botble :)','published','2025-05-01 21:06:36','2025-05-01 21:06:36','[\"products\\/2.jpg\",\"products\\/9.jpg\",\"products\\/17-1.jpg\"]'),(79,6,NULL,NULL,17,1,'Customer Support are grade (A*), however the code is a way too over engineered for it\'s purpose.','published','2025-05-01 21:06:36','2025-05-01 21:06:36','[\"products\\/19-2.jpg\"]'),(81,1,NULL,NULL,15,3,'Very enthusiastic support! Excellent code is written. It\'s a true pleasure working with.','published','2025-05-01 21:06:36','2025-05-01 21:06:36','[\"products\\/2-3.jpg\",\"products\\/12-3.jpg\",\"products\\/15.jpg\",\"products\\/23-1.jpg\"]'),(82,1,NULL,NULL,4,3,'I Love this Script. I also found how to add other fees. Now I just wait the BIG update for the Marketplace with the Bulk Import. Just do not forget to make it to be Multi-language for us the Botble Fans.','published','2025-05-01 21:06:36','2025-05-01 21:06:36','[\"products\\/17-1.jpg\",\"products\\/19-1.jpg\"]'),(85,6,NULL,NULL,19,3,'These guys are amazing! Responses immediately, amazing support and help... I immediately feel at ease after Purchasing..','published','2025-05-01 21:06:36','2025-05-01 21:06:36','[\"products\\/4-3.jpg\",\"products\\/9-2.jpg\",\"products\\/12-3.jpg\",\"products\\/18.jpg\"]'),(87,9,NULL,NULL,5,5,'Those guys now what they are doing, the release such a good product that it\'s a pleasure to work with ! Even when I was stuck on the project, I created a ticket and the next day it was replied by the team. GOOD JOB guys. I love working with them :)','published','2025-05-01 21:06:36','2025-05-01 21:06:36','[\"products\\/14.jpg\"]'),(88,7,NULL,NULL,23,2,'This web app is really good in design, code quality & features. Besides, the customer support provided by the Botble team was really fast & helpful. You guys are awesome!','published','2025-05-01 21:06:36','2025-05-01 21:06:36','[\"products\\/2-2.jpg\",\"products\\/22-3.jpg\"]'),(90,2,NULL,NULL,12,3,'Solution is too robust for our purpose so we didn\'t use it at the end. But I appreciate customer support during initial configuration.','published','2025-05-01 21:06:36','2025-05-01 21:06:36','[\"products\\/9-1.jpg\"]'),(91,10,NULL,NULL,19,1,'Clean & perfect source code','published','2025-05-01 21:06:36','2025-05-01 21:06:36','[\"products\\/5-2.jpg\",\"products\\/12.jpg\",\"products\\/19-3.jpg\",\"products\\/20-3.jpg\"]'),(92,2,NULL,NULL,22,3,'Great E-commerce system. And much more : Wonderful Customer Support.','published','2025-05-01 21:06:36','2025-05-01 21:06:36','[\"products\\/8-1.jpg\",\"products\\/23-2.jpg\"]'),(94,6,NULL,NULL,22,3,'Great E-commerce system. And much more : Wonderful Customer Support.','published','2025-05-01 21:06:36','2025-05-01 21:06:36','[\"products\\/9-1.jpg\",\"products\\/10-1.jpg\",\"products\\/20-2.jpg\"]'),(95,8,NULL,NULL,13,4,'For me the best eCommerce script on Envato at this moment: modern, clean code, a lot of great features. The customer support is great too: I always get an answer within hours!','published','2025-05-01 21:06:36','2025-05-01 21:06:36','[\"products\\/2.jpg\",\"products\\/11.jpg\",\"products\\/18.jpg\"]'),(96,3,NULL,NULL,17,4,'As a developer I reviewed this script. This is really awesome ecommerce script. I have convinced when I noticed that it\'s built on fully WordPress concept.','published','2025-05-01 21:06:36','2025-05-01 21:06:36','[\"products\\/15.jpg\"]'),(97,7,NULL,NULL,7,5,'Good app, good backup service and support. Good documentation.','published','2025-05-01 21:06:36','2025-05-01 21:06:36','[\"products\\/20.jpg\"]'),(98,6,NULL,NULL,16,1,'We have received brilliant service support and will be expanding the features with the developer. Nice product!','published','2025-05-01 21:06:36','2025-05-01 21:06:36','[\"products\\/11-3.jpg\",\"products\\/13-1.jpg\"]'),(99,8,NULL,NULL,14,5,'Great E-commerce system. And much more : Wonderful Customer Support.','published','2025-05-01 21:06:36','2025-05-01 21:06:36','[\"products\\/12-2.jpg\",\"products\\/22-3.jpg\"]'),(100,9,NULL,NULL,12,3,'Clean & perfect source code','published','2025-05-01 21:06:36','2025-05-01 21:06:36','[\"products\\/4-1.jpg\",\"products\\/4-2.jpg\"]'),(101,5,NULL,NULL,7,4,'These guys are amazing! Responses immediately, amazing support and help... I immediately feel at ease after Purchasing..','published','2025-05-01 21:06:36','2025-05-01 21:06:36','[\"products\\/8.jpg\",\"products\\/13.jpg\",\"products\\/15.jpg\",\"products\\/18-3.jpg\"]'),(102,4,NULL,NULL,9,2,'This script is well coded and is super fast. The support is pretty quick. Very patient and helpful team. I strongly recommend it and they deserve more than 5 stars.','published','2025-05-01 21:06:36','2025-05-01 21:06:36','[\"products\\/5-2.jpg\",\"products\\/15.jpg\",\"products\\/20-3.jpg\"]'),(103,4,NULL,NULL,16,2,'These guys are amazing! Responses immediately, amazing support and help... I immediately feel at ease after Purchasing..','published','2025-05-01 21:06:36','2025-05-01 21:06:36','[\"products\\/11-3.jpg\",\"products\\/15-1.jpg\",\"products\\/23-3.jpg\"]'),(104,5,NULL,NULL,3,4,'The best ecommerce CMS! Excellent coding! best support service! Thank you so much..... I really like your hard work.','published','2025-05-01 21:06:36','2025-05-01 21:06:36','[\"products\\/7.jpg\",\"products\\/23-1.jpg\"]'),(105,3,NULL,NULL,7,2,'Clean & perfect source code','published','2025-05-01 21:06:36','2025-05-01 21:06:36','[\"products\\/5-1.jpg\",\"products\\/12.jpg\",\"products\\/17.jpg\"]'),(107,3,NULL,NULL,18,2,'The best ecommerce CMS! Excellent coding! best support service! Thank you so much..... I really like your hard work.','published','2025-05-01 21:06:36','2025-05-01 21:06:36','[\"products\\/5-3.jpg\",\"products\\/11-3.jpg\",\"products\\/20-3.jpg\",\"products\\/23-2.jpg\"]'),(108,5,NULL,NULL,2,1,'It\'s not my first experience here on Codecanyon and I can honestly tell you all that Botble puts a LOT of effort into the support. They answer so fast, they helped me tons of times. REALLY by far THE BEST EXPERIENCE on Codecanyon. Those guys at Botble are so good that they deserve 5 stars. I recommend them, I trust them and I can\'t wait to see what they will sell in a near future. Thank you Botble :)','published','2025-05-01 21:06:36','2025-05-01 21:06:36','[\"products\\/3.jpg\",\"products\\/4.jpg\",\"products\\/17-3.jpg\",\"products\\/22-1.jpg\"]'),(110,10,NULL,NULL,11,2,'Best ecommerce CMS online store!','published','2025-05-01 21:06:36','2025-05-01 21:06:36','[\"products\\/4.jpg\",\"products\\/20-3.jpg\"]'),(111,4,NULL,NULL,15,2,'It\'s not my first experience here on Codecanyon and I can honestly tell you all that Botble puts a LOT of effort into the support. They answer so fast, they helped me tons of times. REALLY by far THE BEST EXPERIENCE on Codecanyon. Those guys at Botble are so good that they deserve 5 stars. I recommend them, I trust them and I can\'t wait to see what they will sell in a near future. Thank you Botble :)','published','2025-05-01 21:06:36','2025-05-01 21:06:36','[\"products\\/6.jpg\",\"products\\/20-1.jpg\",\"products\\/20.jpg\",\"products\\/21-2.jpg\"]'),(112,4,NULL,NULL,1,1,'The best ecommerce CMS! Excellent coding! best support service! Thank you so much..... I really like your hard work.','published','2025-05-01 21:06:36','2025-05-01 21:06:36','[\"products\\/2.jpg\",\"products\\/6.jpg\"]'),(113,5,NULL,NULL,17,5,'Great E-commerce system. And much more : Wonderful Customer Support.','published','2025-05-01 21:06:36','2025-05-01 21:06:36','[\"products\\/12-1.jpg\"]'),(114,8,NULL,NULL,17,2,'Ok good product. I have some issues in customizations. But its not correct to blame the developer. The product is good. Good luck for your business.','published','2025-05-01 21:06:36','2025-05-01 21:06:36','[\"products\\/12-2.jpg\",\"products\\/13.jpg\"]'),(116,8,NULL,NULL,5,5,'Cool template. Excellent code quality. The support responds very quickly, which is very rare on themeforest and codecanyon.net, I buy a lot of templates, and everyone will have a response from technical support for two or three days. Thanks to tech support. I recommend to buy.','published','2025-05-01 21:06:36','2025-05-01 21:06:36','[\"products\\/2-2.jpg\",\"products\\/4-1.jpg\",\"products\\/8-3.jpg\",\"products\\/22-3.jpg\"]'),(117,8,NULL,NULL,6,4,'This web app is really good in design, code quality & features. Besides, the customer support provided by the Botble team was really fast & helpful. You guys are awesome!','published','2025-05-01 21:06:36','2025-05-01 21:06:36','[\"products\\/22-2.jpg\"]'),(118,8,NULL,NULL,1,5,'These guys are amazing! Responses immediately, amazing support and help... I immediately feel at ease after Purchasing..','published','2025-05-01 21:06:36','2025-05-01 21:06:36','[\"products\\/13-1.jpg\",\"products\\/18-1.jpg\",\"products\\/23-1.jpg\"]'),(120,2,NULL,NULL,7,2,'Perfect +++++++++ i love it really also i get to fast ticket answers... Thanks Lot BOTBLE Teams','published','2025-05-01 21:06:36','2025-05-01 21:06:36','[\"products\\/7.jpg\",\"products\\/9-2.jpg\",\"products\\/18-2.jpg\",\"products\\/23-3.jpg\"]'),(123,1,NULL,NULL,23,3,'The code is good, in general, if you like it, can you give it 5 stars?','published','2025-05-01 21:06:36','2025-05-01 21:06:36','[\"products\\/4-1.jpg\",\"products\\/11-2.jpg\",\"products\\/23-1.jpg\",\"products\\/23.jpg\"]'),(124,9,NULL,NULL,16,2,'Amazing code, amazing support. Overall, im really confident in Botble and im happy I made the right choice! Thank you so much guys for coding this masterpiece','published','2025-05-01 21:06:36','2025-05-01 21:06:36','[\"products\\/2-2.jpg\",\"products\\/13.jpg\",\"products\\/21-2.jpg\",\"products\\/23-1.jpg\"]'),(125,7,NULL,NULL,20,3,'This script is well coded and is super fast. The support is pretty quick. Very patient and helpful team. I strongly recommend it and they deserve more than 5 stars.','published','2025-05-01 21:06:36','2025-05-01 21:06:36','[\"products\\/4-1.jpg\",\"products\\/17.jpg\",\"products\\/19-1.jpg\",\"products\\/21-2.jpg\"]'),(127,6,NULL,NULL,4,5,'I Love this Script. I also found how to add other fees. Now I just wait the BIG update for the Marketplace with the Bulk Import. Just do not forget to make it to be Multi-language for us the Botble Fans.','published','2025-05-01 21:06:36','2025-05-01 21:06:36','[\"products\\/4-1.jpg\",\"products\\/17-3.jpg\",\"products\\/18-3.jpg\",\"products\\/22-2.jpg\"]'),(128,4,NULL,NULL,10,3,'This script is well coded and is super fast. The support is pretty quick. Very patient and helpful team. I strongly recommend it and they deserve more than 5 stars.','published','2025-05-01 21:06:36','2025-05-01 21:06:36','[\"products\\/13-1.jpg\"]'),(129,10,NULL,NULL,12,4,'Great E-commerce system. And much more : Wonderful Customer Support.','published','2025-05-01 21:06:36','2025-05-01 21:06:36','[\"products\\/5-2.jpg\",\"products\\/19-3.jpg\"]'),(133,5,NULL,NULL,23,5,'Best ecommerce CMS online store!','published','2025-05-01 21:06:36','2025-05-01 21:06:36','[\"products\\/7.jpg\",\"products\\/15.jpg\",\"products\\/20-3.jpg\"]'),(134,7,NULL,NULL,5,3,'The script is the best of its class, fast, easy to implement and work with , and the most important thing is the great support team , Recommend with no doubt.','published','2025-05-01 21:06:36','2025-05-01 21:06:36','[\"products\\/1.jpg\",\"products\\/2.jpg\",\"products\\/22-1.jpg\"]'),(135,7,NULL,NULL,8,1,'For me the best eCommerce script on Envato at this moment: modern, clean code, a lot of great features. The customer support is great too: I always get an answer within hours!','published','2025-05-01 21:06:36','2025-05-01 21:06:36','[\"products\\/23-3.jpg\"]'),(136,2,NULL,NULL,17,5,'Second or third time that I buy a Botble product, happy with the products and support. You guys do a good job :)','published','2025-05-01 21:06:36','2025-05-01 21:06:36','[\"products\\/5-1.jpg\",\"products\\/17.jpg\",\"products\\/20-1.jpg\"]'),(137,3,NULL,NULL,5,2,'Amazing code, amazing support. Overall, im really confident in Botble and im happy I made the right choice! Thank you so much guys for coding this masterpiece','published','2025-05-01 21:06:36','2025-05-01 21:06:36','[\"products\\/5-3.jpg\",\"products\\/19.jpg\"]'),(138,4,NULL,NULL,2,2,'Customer Support are grade (A*), however the code is a way too over engineered for it\'s purpose.','published','2025-05-01 21:06:36','2025-05-01 21:06:36','[\"products\\/8-2.jpg\",\"products\\/19-3.jpg\",\"products\\/20-2.jpg\"]'),(142,10,NULL,NULL,14,5,'I Love this Script. I also found how to add other fees. Now I just wait the BIG update for the Marketplace with the Bulk Import. Just do not forget to make it to be Multi-language for us the Botble Fans.','published','2025-05-01 21:06:36','2025-05-01 21:06:36','[\"products\\/2.jpg\",\"products\\/15.jpg\"]'),(146,3,NULL,NULL,15,1,'Good app, good backup service and support. Good documentation.','published','2025-05-01 21:06:36','2025-05-01 21:06:36','[\"products\\/6.jpg\",\"products\\/12.jpg\"]'),(148,7,NULL,NULL,11,5,'Very enthusiastic support! Excellent code is written. It\'s a true pleasure working with.','published','2025-05-01 21:06:36','2025-05-01 21:06:36','[\"products\\/8.jpg\",\"products\\/18-1.jpg\",\"products\\/21.jpg\"]'),(149,7,NULL,NULL,6,2,'It\'s not my first experience here on Codecanyon and I can honestly tell you all that Botble puts a LOT of effort into the support. They answer so fast, they helped me tons of times. REALLY by far THE BEST EXPERIENCE on Codecanyon. Those guys at Botble are so good that they deserve 5 stars. I recommend them, I trust them and I can\'t wait to see what they will sell in a near future. Thank you Botble :)','published','2025-05-01 21:06:36','2025-05-01 21:06:36','[\"products\\/12-3.jpg\",\"products\\/12.jpg\",\"products\\/15-1.jpg\",\"products\\/23.jpg\"]'),(151,9,NULL,NULL,8,4,'For me the best eCommerce script on Envato at this moment: modern, clean code, a lot of great features. The customer support is great too: I always get an answer within hours!','published','2025-05-01 21:06:36','2025-05-01 21:06:36','[\"products\\/7.jpg\",\"products\\/8.jpg\",\"products\\/18.jpg\",\"products\\/19-1.jpg\"]'),(153,2,NULL,NULL,1,4,'Clean & perfect source code','published','2025-05-01 21:06:36','2025-05-01 21:06:36','[\"products\\/5-3.jpg\",\"products\\/9-1.jpg\",\"products\\/23-2.jpg\"]'),(155,3,NULL,NULL,14,1,'The script is the best of its class, fast, easy to implement and work with , and the most important thing is the great support team , Recommend with no doubt.','published','2025-05-01 21:06:36','2025-05-01 21:06:36','[\"products\\/4-3.jpg\",\"products\\/5.jpg\",\"products\\/22-1.jpg\"]'),(156,9,NULL,NULL,1,2,'Perfect +++++++++ i love it really also i get to fast ticket answers... Thanks Lot BOTBLE Teams','published','2025-05-01 21:06:36','2025-05-01 21:06:36','[\"products\\/3.jpg\",\"products\\/20-3.jpg\",\"products\\/21.jpg\",\"products\\/23-1.jpg\"]'),(158,2,NULL,NULL,15,2,'For me the best eCommerce script on Envato at this moment: modern, clean code, a lot of great features. The customer support is great too: I always get an answer within hours!','published','2025-05-01 21:06:36','2025-05-01 21:06:36','[\"products\\/5-3.jpg\",\"products\\/5.jpg\"]'),(159,3,NULL,NULL,23,5,'We have received brilliant service support and will be expanding the features with the developer. Nice product!','published','2025-05-01 21:06:36','2025-05-01 21:06:36','[\"products\\/1.jpg\",\"products\\/4.jpg\",\"products\\/11-3.jpg\"]'),(160,7,NULL,NULL,10,3,'It\'s not my first experience here on Codecanyon and I can honestly tell you all that Botble puts a LOT of effort into the support. They answer so fast, they helped me tons of times. REALLY by far THE BEST EXPERIENCE on Codecanyon. Those guys at Botble are so good that they deserve 5 stars. I recommend them, I trust them and I can\'t wait to see what they will sell in a near future. Thank you Botble :)','published','2025-05-01 21:06:36','2025-05-01 21:06:36','[\"products\\/9-1.jpg\",\"products\\/9-2.jpg\",\"products\\/19.jpg\"]'),(161,5,NULL,NULL,16,5,'For me the best eCommerce script on Envato at this moment: modern, clean code, a lot of great features. The customer support is great too: I always get an answer within hours!','published','2025-05-01 21:06:36','2025-05-01 21:06:36','[\"products\\/18-3.jpg\",\"products\\/21-1.jpg\"]'),(164,4,NULL,NULL,17,1,'The script is the best of its class, fast, easy to implement and work with , and the most important thing is the great support team , Recommend with no doubt.','published','2025-05-01 21:06:36','2025-05-01 21:06:36','[\"products\\/8-3.jpg\",\"products\\/16.jpg\",\"products\\/23.jpg\"]'),(165,1,NULL,NULL,1,4,'Ok good product. I have some issues in customizations. But its not correct to blame the developer. The product is good. Good luck for your business.','published','2025-05-01 21:06:36','2025-05-01 21:06:36','[\"products\\/9.jpg\",\"products\\/10-1.jpg\",\"products\\/20-1.jpg\"]'),(167,7,NULL,NULL,4,5,'Clean & perfect source code','published','2025-05-01 21:06:36','2025-05-01 21:06:36','[\"products\\/2-3.jpg\",\"products\\/9.jpg\"]'),(169,3,NULL,NULL,12,1,'The best ecommerce CMS! Excellent coding! best support service! Thank you so much..... I really like your hard work.','published','2025-05-01 21:06:36','2025-05-01 21:06:36','[\"products\\/18-3.jpg\",\"products\\/21.jpg\",\"products\\/23.jpg\"]'),(171,1,NULL,NULL,17,5,'Ok good product. I have some issues in customizations. But its not correct to blame the developer. The product is good. Good luck for your business.','published','2025-05-01 21:06:36','2025-05-01 21:06:36','[\"products\\/18-1.jpg\"]'),(175,1,NULL,NULL,7,1,'The best ecommerce CMS! Excellent coding! best support service! Thank you so much..... I really like your hard work.','published','2025-05-01 21:06:36','2025-05-01 21:06:36','[\"products\\/2-1.jpg\",\"products\\/15.jpg\"]'),(177,3,NULL,NULL,19,2,'As a developer I reviewed this script. This is really awesome ecommerce script. I have convinced when I noticed that it\'s built on fully WordPress concept.','published','2025-05-01 21:06:36','2025-05-01 21:06:36','[\"products\\/4-3.jpg\",\"products\\/5.jpg\",\"products\\/10-2.jpg\"]'),(179,4,NULL,NULL,19,2,'Customer Support are grade (A*), however the code is a way too over engineered for it\'s purpose.','published','2025-05-01 21:06:36','2025-05-01 21:06:36','[\"products\\/14.jpg\",\"products\\/17-2.jpg\"]'),(182,8,NULL,NULL,22,3,'Solution is too robust for our purpose so we didn\'t use it at the end. But I appreciate customer support during initial configuration.','published','2025-05-01 21:06:36','2025-05-01 21:06:36','[\"products\\/9.jpg\",\"products\\/13.jpg\",\"products\\/22-1.jpg\"]'),(184,3,NULL,NULL,21,2,'Perfect +++++++++ i love it really also i get to fast ticket answers... Thanks Lot BOTBLE Teams','published','2025-05-01 21:06:36','2025-05-01 21:06:36','[\"products\\/11-3.jpg\"]'),(185,2,NULL,NULL,8,4,'The best store template! Excellent coding! Very good support! Thank you so much for all the help, I really appreciated.','published','2025-05-01 21:06:36','2025-05-01 21:06:36','[\"products\\/5-1.jpg\",\"products\\/9.jpg\",\"products\\/16.jpg\",\"products\\/23-1.jpg\"]'),(187,1,NULL,NULL,2,1,'Good app, good backup service and support. Good documentation.','published','2025-05-01 21:06:36','2025-05-01 21:06:36','[\"products\\/1.jpg\",\"products\\/4-1.jpg\",\"products\\/8-2.jpg\",\"products\\/13.jpg\"]'),(189,8,NULL,NULL,18,1,'I Love this Script. I also found how to add other fees. Now I just wait the BIG update for the Marketplace with the Bulk Import. Just do not forget to make it to be Multi-language for us the Botble Fans.','published','2025-05-01 21:06:36','2025-05-01 21:06:36','[\"products\\/8-3.jpg\",\"products\\/19-3.jpg\"]'),(194,8,NULL,NULL,11,3,'Perfect +++++++++ i love it really also i get to fast ticket answers... Thanks Lot BOTBLE Teams','published','2025-05-01 21:06:36','2025-05-01 21:06:36','[\"products\\/15-1.jpg\",\"products\\/19-3.jpg\"]'),(195,9,NULL,NULL,2,4,'These guys are amazing! Responses immediately, amazing support and help... I immediately feel at ease after Purchasing..','published','2025-05-01 21:06:36','2025-05-01 21:06:36','[\"products\\/17-3.jpg\"]'),(210,6,NULL,NULL,9,4,'The script is the best of its class, fast, easy to implement and work with , and the most important thing is the great support team , Recommend with no doubt.','published','2025-05-01 21:06:36','2025-05-01 21:06:36','[\"products\\/4.jpg\"]'),(213,6,NULL,NULL,1,5,'Clean & perfect source code','published','2025-05-01 21:06:36','2025-05-01 21:06:36','[\"products\\/9-2.jpg\",\"products\\/17-3.jpg\"]'),(214,8,NULL,NULL,20,3,'Perfect +++++++++ i love it really also i get to fast ticket answers... Thanks Lot BOTBLE Teams','published','2025-05-01 21:06:36','2025-05-01 21:06:36','[\"products\\/2-1.jpg\",\"products\\/19-2.jpg\"]'),(216,6,NULL,NULL,15,3,'Good app, good backup service and support. Good documentation.','published','2025-05-01 21:06:36','2025-05-01 21:06:36','[\"products\\/5-1.jpg\",\"products\\/10-1.jpg\",\"products\\/12-3.jpg\",\"products\\/23-2.jpg\"]'),(217,5,NULL,NULL,8,5,'This web app is really good in design, code quality & features. Besides, the customer support provided by the Botble team was really fast & helpful. You guys are awesome!','published','2025-05-01 21:06:36','2025-05-01 21:06:36','[\"products\\/5-3.jpg\",\"products\\/9-1.jpg\",\"products\\/10.jpg\",\"products\\/21-1.jpg\"]'),(220,1,NULL,NULL,3,3,'Second or third time that I buy a Botble product, happy with the products and support. You guys do a good job :)','published','2025-05-01 21:06:36','2025-05-01 21:06:36','[\"products\\/4-3.jpg\"]'),(222,1,NULL,NULL,5,3,'This web app is really good in design, code quality & features. Besides, the customer support provided by the Botble team was really fast & helpful. You guys are awesome!','published','2025-05-01 21:06:36','2025-05-01 21:06:36','[\"products\\/4-1.jpg\"]'),(228,10,NULL,NULL,21,2,'The script is the best of its class, fast, easy to implement and work with , and the most important thing is the great support team , Recommend with no doubt.','published','2025-05-01 21:06:36','2025-05-01 21:06:36','[\"products\\/16.jpg\"]'),(230,3,NULL,NULL,22,3,'This script is well coded and is super fast. The support is pretty quick. Very patient and helpful team. I strongly recommend it and they deserve more than 5 stars.','published','2025-05-01 21:06:36','2025-05-01 21:06:36','[\"products\\/10-2.jpg\",\"products\\/18-2.jpg\",\"products\\/20-2.jpg\"]'),(231,4,NULL,NULL,14,3,'Those guys now what they are doing, the release such a good product that it\'s a pleasure to work with ! Even when I was stuck on the project, I created a ticket and the next day it was replied by the team. GOOD JOB guys. I love working with them :)','published','2025-05-01 21:06:36','2025-05-01 21:06:36','[\"products\\/11-3.jpg\",\"products\\/18-3.jpg\"]'),(232,6,NULL,NULL,10,2,'Customer Support are grade (A*), however the code is a way too over engineered for it\'s purpose.','published','2025-05-01 21:06:36','2025-05-01 21:06:36','[\"products\\/2-1.jpg\",\"products\\/20-1.jpg\"]'),(235,9,NULL,NULL,20,5,'Ok good product. I have some issues in customizations. But its not correct to blame the developer. The product is good. Good luck for your business.','published','2025-05-01 21:06:36','2025-05-01 21:06:36','[\"products\\/21-1.jpg\"]'),(236,7,NULL,NULL,2,1,'Good app, good backup service and support. Good documentation.','published','2025-05-01 21:06:36','2025-05-01 21:06:36','[\"products\\/2-2.jpg\",\"products\\/6.jpg\"]'),(238,8,NULL,NULL,21,3,'Perfect +++++++++ i love it really also i get to fast ticket answers... Thanks Lot BOTBLE Teams','published','2025-05-01 21:06:36','2025-05-01 21:06:36','[\"products\\/22.jpg\"]'),(241,9,NULL,NULL,10,5,'Good app, good backup service and support. Good documentation.','published','2025-05-01 21:06:36','2025-05-01 21:06:36','[\"products\\/1.jpg\",\"products\\/22-3.jpg\"]'),(243,1,NULL,NULL,10,1,'Cool template. Excellent code quality. The support responds very quickly, which is very rare on themeforest and codecanyon.net, I buy a lot of templates, and everyone will have a response from technical support for two or three days. Thanks to tech support. I recommend to buy.','published','2025-05-01 21:06:36','2025-05-01 21:06:36','[\"products\\/5-1.jpg\",\"products\\/10-1.jpg\",\"products\\/11-2.jpg\"]'),(246,10,NULL,NULL,7,2,'Amazing code, amazing support. Overall, im really confident in Botble and im happy I made the right choice! Thank you so much guys for coding this masterpiece','published','2025-05-01 21:06:36','2025-05-01 21:06:36','[\"products\\/8-2.jpg\"]'),(259,9,NULL,NULL,9,5,'The best ecommerce CMS! Excellent coding! best support service! Thank you so much..... I really like your hard work.','published','2025-05-01 21:06:36','2025-05-01 21:06:36','[\"products\\/3.jpg\",\"products\\/4.jpg\",\"products\\/10.jpg\",\"products\\/19.jpg\"]'),(260,7,NULL,NULL,12,3,'Very enthusiastic support! Excellent code is written. It\'s a true pleasure working with.','published','2025-05-01 21:06:36','2025-05-01 21:06:36','[\"products\\/4-1.jpg\",\"products\\/8-1.jpg\",\"products\\/8.jpg\"]'),(263,9,NULL,NULL,4,2,'It\'s not my first experience here on Codecanyon and I can honestly tell you all that Botble puts a LOT of effort into the support. They answer so fast, they helped me tons of times. REALLY by far THE BEST EXPERIENCE on Codecanyon. Those guys at Botble are so good that they deserve 5 stars. I recommend them, I trust them and I can\'t wait to see what they will sell in a near future. Thank you Botble :)','published','2025-05-01 21:06:36','2025-05-01 21:06:36','[\"products\\/5-2.jpg\",\"products\\/10-2.jpg\",\"products\\/18-1.jpg\",\"products\\/18-2.jpg\"]'),(269,5,NULL,NULL,10,2,'Very enthusiastic support! Excellent code is written. It\'s a true pleasure working with.','published','2025-05-01 21:06:36','2025-05-01 21:06:36','[\"products\\/8.jpg\",\"products\\/9-2.jpg\",\"products\\/15.jpg\"]'),(273,5,NULL,NULL,5,5,'These guys are amazing! Responses immediately, amazing support and help... I immediately feel at ease after Purchasing..','published','2025-05-01 21:06:36','2025-05-01 21:06:36','[\"products\\/2-2.jpg\",\"products\\/18-1.jpg\",\"products\\/18.jpg\",\"products\\/22.jpg\"]'),(276,2,NULL,NULL,3,3,'Amazing code, amazing support. Overall, im really confident in Botble and im happy I made the right choice! Thank you so much guys for coding this masterpiece','published','2025-05-01 21:06:36','2025-05-01 21:06:36','[\"products\\/13-1.jpg\",\"products\\/14.jpg\",\"products\\/17.jpg\",\"products\\/21.jpg\"]'),(279,2,NULL,NULL,10,3,'Cool template. Excellent code quality. The support responds very quickly, which is very rare on themeforest and codecanyon.net, I buy a lot of templates, and everyone will have a response from technical support for two or three days. Thanks to tech support. I recommend to buy.','published','2025-05-01 21:06:36','2025-05-01 21:06:36','[\"products\\/3.jpg\",\"products\\/10.jpg\",\"products\\/14.jpg\",\"products\\/23-3.jpg\"]'),(280,1,NULL,NULL,12,3,'Very enthusiastic support! Excellent code is written. It\'s a true pleasure working with.','published','2025-05-01 21:06:36','2025-05-01 21:06:36','[\"products\\/7.jpg\",\"products\\/16.jpg\",\"products\\/20-2.jpg\"]'),(282,10,NULL,NULL,18,2,'As a developer I reviewed this script. This is really awesome ecommerce script. I have convinced when I noticed that it\'s built on fully WordPress concept.','published','2025-05-01 21:06:36','2025-05-01 21:06:36','[\"products\\/6.jpg\",\"products\\/10-2.jpg\",\"products\\/18-1.jpg\",\"products\\/20.jpg\"]'),(289,1,NULL,NULL,18,5,'Very enthusiastic support! Excellent code is written. It\'s a true pleasure working with.','published','2025-05-01 21:06:36','2025-05-01 21:06:36','[\"products\\/5.jpg\",\"products\\/13-1.jpg\",\"products\\/17.jpg\"]'),(295,2,NULL,NULL,6,5,'Second or third time that I buy a Botble product, happy with the products and support. You guys do a good job :)','published','2025-05-01 21:06:36','2025-05-01 21:06:36','[\"products\\/4-1.jpg\",\"products\\/12.jpg\"]'),(300,1,NULL,NULL,11,2,'Ok good product. I have some issues in customizations. But its not correct to blame the developer. The product is good. Good luck for your business.','published','2025-05-01 21:06:36','2025-05-01 21:06:36','[\"products\\/3.jpg\"]'),(305,8,NULL,NULL,10,5,'Very enthusiastic support! Excellent code is written. It\'s a true pleasure working with.','published','2025-05-01 21:06:36','2025-05-01 21:06:36','[\"products\\/9-1.jpg\",\"products\\/9.jpg\"]'),(310,7,NULL,NULL,3,4,'Solution is too robust for our purpose so we didn\'t use it at the end. But I appreciate customer support during initial configuration.','published','2025-05-01 21:06:36','2025-05-01 21:06:36','[\"products\\/22.jpg\"]'),(312,10,NULL,NULL,8,4,'Cool template. Excellent code quality. The support responds very quickly, which is very rare on themeforest and codecanyon.net, I buy a lot of templates, and everyone will have a response from technical support for two or three days. Thanks to tech support. I recommend to buy.','published','2025-05-01 21:06:36','2025-05-01 21:06:36','[\"products\\/1.jpg\",\"products\\/20-2.jpg\"]'),(318,9,NULL,NULL,22,5,'Customer Support are grade (A*), however the code is a way too over engineered for it\'s purpose.','published','2025-05-01 21:06:36','2025-05-01 21:06:36','[\"products\\/4-2.jpg\",\"products\\/5-3.jpg\",\"products\\/21-1.jpg\",\"products\\/23-2.jpg\"]'),(319,3,NULL,NULL,11,3,'Solution is too robust for our purpose so we didn\'t use it at the end. But I appreciate customer support during initial configuration.','published','2025-05-01 21:06:36','2025-05-01 21:06:36','[\"products\\/4-3.jpg\",\"products\\/10-1.jpg\",\"products\\/19-3.jpg\"]'),(320,5,NULL,NULL,18,5,'Customer Support are grade (A*), however the code is a way too over engineered for it\'s purpose.','published','2025-05-01 21:06:36','2025-05-01 21:06:36','[\"products\\/4.jpg\",\"products\\/8.jpg\",\"products\\/12-3.jpg\",\"products\\/12.jpg\"]'),(323,1,NULL,NULL,8,1,'Customer Support are grade (A*), however the code is a way too over engineered for it\'s purpose.','published','2025-05-01 21:06:36','2025-05-01 21:06:36','[\"products\\/2-3.jpg\",\"products\\/8-2.jpg\"]'),(328,6,NULL,NULL,5,2,'Clean & perfect source code','published','2025-05-01 21:06:36','2025-05-01 21:06:36','[\"products\\/12-1.jpg\",\"products\\/17.jpg\",\"products\\/23-1.jpg\"]'),(329,6,NULL,NULL,21,4,'The best store template! Excellent coding! Very good support! Thank you so much for all the help, I really appreciated.','published','2025-05-01 21:06:36','2025-05-01 21:06:36','[\"products\\/2-2.jpg\",\"products\\/5.jpg\",\"products\\/11.jpg\"]'),(332,6,NULL,NULL,3,1,'Those guys now what they are doing, the release such a good product that it\'s a pleasure to work with ! Even when I was stuck on the project, I created a ticket and the next day it was replied by the team. GOOD JOB guys. I love working with them :)','published','2025-05-01 21:06:36','2025-05-01 21:06:36','[\"products\\/8-2.jpg\",\"products\\/12-2.jpg\",\"products\\/18-2.jpg\"]'),(333,3,NULL,NULL,2,1,'The best store template! Excellent coding! Very good support! Thank you so much for all the help, I really appreciated.','published','2025-05-01 21:06:36','2025-05-01 21:06:36','[\"products\\/10.jpg\"]'),(334,1,NULL,NULL,9,4,'Cool template. Excellent code quality. The support responds very quickly, which is very rare on themeforest and codecanyon.net, I buy a lot of templates, and everyone will have a response from technical support for two or three days. Thanks to tech support. I recommend to buy.','published','2025-05-01 21:06:36','2025-05-01 21:06:36','[\"products\\/10-1.jpg\",\"products\\/20-3.jpg\"]'),(338,3,NULL,NULL,13,3,'Customer Support are grade (A*), however the code is a way too over engineered for it\'s purpose.','published','2025-05-01 21:06:36','2025-05-01 21:06:36','[\"products\\/3.jpg\",\"products\\/4-3.jpg\",\"products\\/20-3.jpg\",\"products\\/22-1.jpg\"]'),(343,10,NULL,NULL,22,1,'As a developer I reviewed this script. This is really awesome ecommerce script. I have convinced when I noticed that it\'s built on fully WordPress concept.','published','2025-05-01 21:06:36','2025-05-01 21:06:36','[\"products\\/17-3.jpg\",\"products\\/20.jpg\"]'),(344,4,NULL,NULL,3,4,'Good app, good backup service and support. Good documentation.','published','2025-05-01 21:06:36','2025-05-01 21:06:36','[\"products\\/4-1.jpg\",\"products\\/13-1.jpg\"]'),(353,10,NULL,NULL,17,3,'This script is well coded and is super fast. The support is pretty quick. Very patient and helpful team. I strongly recommend it and they deserve more than 5 stars.','published','2025-05-01 21:06:36','2025-05-01 21:06:36','[\"products\\/3.jpg\",\"products\\/4-2.jpg\",\"products\\/20.jpg\"]'),(354,6,NULL,NULL,6,1,'Best ecommerce CMS online store!','published','2025-05-01 21:06:36','2025-05-01 21:06:36','[\"products\\/20.jpg\"]'),(358,4,NULL,NULL,23,5,'As a developer I reviewed this script. This is really awesome ecommerce script. I have convinced when I noticed that it\'s built on fully WordPress concept.','published','2025-05-01 21:06:36','2025-05-01 21:06:36','[\"products\\/8-2.jpg\",\"products\\/11-3.jpg\",\"products\\/20.jpg\",\"products\\/21-2.jpg\"]'),(365,10,NULL,NULL,15,4,'As a developer I reviewed this script. This is really awesome ecommerce script. I have convinced when I noticed that it\'s built on fully WordPress concept.','published','2025-05-01 21:06:36','2025-05-01 21:06:36','[\"products\\/2-1.jpg\"]'),(367,5,NULL,NULL,9,2,'The best ecommerce CMS! Excellent coding! best support service! Thank you so much..... I really like your hard work.','published','2025-05-01 21:06:36','2025-05-01 21:06:36','[\"products\\/4.jpg\"]'),(369,10,NULL,NULL,3,1,'I Love this Script. I also found how to add other fees. Now I just wait the BIG update for the Marketplace with the Bulk Import. Just do not forget to make it to be Multi-language for us the Botble Fans.','published','2025-05-01 21:06:36','2025-05-01 21:06:36','[\"products\\/3.jpg\",\"products\\/11-2.jpg\",\"products\\/17-2.jpg\"]'),(379,2,NULL,NULL,23,1,'This web app is really good in design, code quality & features. Besides, the customer support provided by the Botble team was really fast & helpful. You guys are awesome!','published','2025-05-01 21:06:36','2025-05-01 21:06:36','[\"products\\/18-1.jpg\",\"products\\/20-1.jpg\"]'),(380,2,NULL,NULL,21,4,'Great system, great support, good job Botble. I\'m looking forward to more great functional plugins.','published','2025-05-01 21:06:36','2025-05-01 21:06:36','[\"products\\/9.jpg\",\"products\\/17-1.jpg\"]'),(391,1,NULL,NULL,16,2,'Great E-commerce system. And much more : Wonderful Customer Support.','published','2025-05-01 21:06:36','2025-05-01 21:06:36','[\"products\\/2-3.jpg\",\"products\\/8-1.jpg\",\"products\\/19-1.jpg\",\"products\\/21-2.jpg\"]'),(407,10,NULL,NULL,10,4,'Great system, great support, good job Botble. I\'m looking forward to more great functional plugins.','published','2025-05-01 21:06:36','2025-05-01 21:06:36','[\"products\\/5.jpg\",\"products\\/20-3.jpg\"]'),(410,1,NULL,NULL,13,5,'Those guys now what they are doing, the release such a good product that it\'s a pleasure to work with ! Even when I was stuck on the project, I created a ticket and the next day it was replied by the team. GOOD JOB guys. I love working with them :)','published','2025-05-01 21:06:36','2025-05-01 21:06:36','[\"products\\/1.jpg\",\"products\\/6.jpg\",\"products\\/18.jpg\",\"products\\/22-3.jpg\"]'),(414,4,NULL,NULL,13,2,'Ok good product. I have some issues in customizations. But its not correct to blame the developer. The product is good. Good luck for your business.','published','2025-05-01 21:06:36','2025-05-01 21:06:36','[\"products\\/4-3.jpg\",\"products\\/17.jpg\",\"products\\/22-1.jpg\"]'),(415,3,NULL,NULL,8,3,'Good app, good backup service and support. Good documentation.','published','2025-05-01 21:06:36','2025-05-01 21:06:36','[\"products\\/16.jpg\"]'),(421,10,NULL,NULL,4,5,'Ok good product. I have some issues in customizations. But its not correct to blame the developer. The product is good. Good luck for your business.','published','2025-05-01 21:06:36','2025-05-01 21:06:36','[\"products\\/23-2.jpg\"]'),(435,4,NULL,NULL,7,2,'For me the best eCommerce script on Envato at this moment: modern, clean code, a lot of great features. The customer support is great too: I always get an answer within hours!','published','2025-05-01 21:06:36','2025-05-01 21:06:36','[\"products\\/5-1.jpg\",\"products\\/8-1.jpg\",\"products\\/20-2.jpg\",\"products\\/20-3.jpg\"]'),(440,5,NULL,NULL,14,5,'Very enthusiastic support! Excellent code is written. It\'s a true pleasure working with.','published','2025-05-01 21:06:36','2025-05-01 21:06:36','[\"products\\/2-3.jpg\",\"products\\/11.jpg\",\"products\\/18-2.jpg\"]'),(448,7,NULL,NULL,17,5,'Cool template. Excellent code quality. The support responds very quickly, which is very rare on themeforest and codecanyon.net, I buy a lot of templates, and everyone will have a response from technical support for two or three days. Thanks to tech support. I recommend to buy.','published','2025-05-01 21:06:36','2025-05-01 21:06:36','[\"products\\/2-1.jpg\",\"products\\/11-3.jpg\",\"products\\/19-1.jpg\"]'),(455,4,NULL,NULL,4,5,'Perfect +++++++++ i love it really also i get to fast ticket answers... Thanks Lot BOTBLE Teams','published','2025-05-01 21:06:36','2025-05-01 21:06:36','[\"products\\/22-1.jpg\"]'),(456,6,NULL,NULL,11,5,'Good app, good backup service and support. Good documentation.','published','2025-05-01 21:06:36','2025-05-01 21:06:36','[\"products\\/4-1.jpg\",\"products\\/8-3.jpg\",\"products\\/17-3.jpg\"]'),(472,8,NULL,NULL,2,4,'Those guys now what they are doing, the release such a good product that it\'s a pleasure to work with ! Even when I was stuck on the project, I created a ticket and the next day it was replied by the team. GOOD JOB guys. I love working with them :)','published','2025-05-01 21:06:36','2025-05-01 21:06:36','[\"products\\/19-2.jpg\"]'),(477,9,NULL,NULL,17,3,'Clean & perfect source code','published','2025-05-01 21:06:36','2025-05-01 21:06:36','[\"products\\/13.jpg\"]'),(488,9,NULL,NULL,18,2,'Great E-commerce system. And much more : Wonderful Customer Support.','published','2025-05-01 21:06:36','2025-05-01 21:06:36','[\"products\\/2-2.jpg\",\"products\\/9-1.jpg\",\"products\\/12.jpg\",\"products\\/15-1.jpg\"]'),(497,9,NULL,NULL,6,5,'The best ecommerce CMS! Excellent coding! best support service! Thank you so much..... I really like your hard work.','published','2025-05-01 21:06:36','2025-05-01 21:06:36','[\"products\\/12-1.jpg\",\"products\\/23.jpg\"]'),(499,6,NULL,NULL,7,2,'The code is good, in general, if you like it, can you give it 5 stars?','published','2025-05-01 21:06:36','2025-05-01 21:06:36','[\"products\\/4-1.jpg\",\"products\\/4-2.jpg\",\"products\\/13-1.jpg\"]'),(500,5,NULL,NULL,21,4,'Very enthusiastic support! Excellent code is written. It\'s a true pleasure working with.','published','2025-05-01 21:06:36','2025-05-01 21:06:36','[\"products\\/2-1.jpg\",\"products\\/15.jpg\",\"products\\/17-2.jpg\"]'),(502,2,NULL,NULL,11,4,'It\'s not my first experience here on Codecanyon and I can honestly tell you all that Botble puts a LOT of effort into the support. They answer so fast, they helped me tons of times. REALLY by far THE BEST EXPERIENCE on Codecanyon. Those guys at Botble are so good that they deserve 5 stars. I recommend them, I trust them and I can\'t wait to see what they will sell in a near future. Thank you Botble :)','published','2025-05-01 21:06:36','2025-05-01 21:06:36','[\"products\\/5-1.jpg\",\"products\\/7.jpg\",\"products\\/11.jpg\"]'),(513,6,NULL,NULL,2,4,'The best ecommerce CMS! Excellent coding! best support service! Thank you so much..... I really like your hard work.','published','2025-05-01 21:06:36','2025-05-01 21:06:36','[\"products\\/8-1.jpg\"]'),(534,7,NULL,NULL,18,3,'Good app, good backup service and support. Good documentation.','published','2025-05-01 21:06:36','2025-05-01 21:06:36','[\"products\\/12-1.jpg\",\"products\\/13.jpg\"]'),(535,1,NULL,NULL,20,1,'Ok good product. I have some issues in customizations. But its not correct to blame the developer. The product is good. Good luck for your business.','published','2025-05-01 21:06:36','2025-05-01 21:06:36','[\"products\\/10-2.jpg\",\"products\\/17-3.jpg\",\"products\\/20-1.jpg\"]'),(545,8,NULL,NULL,9,2,'Solution is too robust for our purpose so we didn\'t use it at the end. But I appreciate customer support during initial configuration.','published','2025-05-01 21:06:36','2025-05-01 21:06:36','[\"products\\/7.jpg\",\"products\\/9.jpg\",\"products\\/12-1.jpg\",\"products\\/20-1.jpg\"]'),(556,1,NULL,NULL,19,1,'Cool template. Excellent code quality. The support responds very quickly, which is very rare on themeforest and codecanyon.net, I buy a lot of templates, and everyone will have a response from technical support for two or three days. Thanks to tech support. I recommend to buy.','published','2025-05-01 21:06:36','2025-05-01 21:06:36','[\"products\\/3.jpg\",\"products\\/9-1.jpg\"]'),(578,9,NULL,NULL,15,3,'Solution is too robust for our purpose so we didn\'t use it at the end. But I appreciate customer support during initial configuration.','published','2025-05-01 21:06:36','2025-05-01 21:06:36','[\"products\\/11-2.jpg\",\"products\\/11.jpg\"]'),(591,8,NULL,NULL,8,1,'Customer Support are grade (A*), however the code is a way too over engineered for it\'s purpose.','published','2025-05-01 21:06:36','2025-05-01 21:06:36','[\"products\\/7.jpg\",\"products\\/12-2.jpg\",\"products\\/22-3.jpg\"]'),(594,5,NULL,NULL,12,3,'Great E-commerce system. And much more : Wonderful Customer Support.','published','2025-05-01 21:06:36','2025-05-01 21:06:36','[\"products\\/4-3.jpg\",\"products\\/5.jpg\",\"products\\/10.jpg\"]'),(613,6,NULL,NULL,13,4,'As a developer I reviewed this script. This is really awesome ecommerce script. I have convinced when I noticed that it\'s built on fully WordPress concept.','published','2025-05-01 21:06:36','2025-05-01 21:06:36','[\"products\\/9-1.jpg\",\"products\\/12-1.jpg\"]'),(636,5,NULL,NULL,22,2,'I Love this Script. I also found how to add other fees. Now I just wait the BIG update for the Marketplace with the Bulk Import. Just do not forget to make it to be Multi-language for us the Botble Fans.','published','2025-05-01 21:06:36','2025-05-01 21:06:36','[\"products\\/3.jpg\",\"products\\/17-1.jpg\",\"products\\/22-1.jpg\",\"products\\/22.jpg\"]'),(641,2,NULL,NULL,2,5,'I Love this Script. I also found how to add other fees. Now I just wait the BIG update for the Marketplace with the Bulk Import. Just do not forget to make it to be Multi-language for us the Botble Fans.','published','2025-05-01 21:06:36','2025-05-01 21:06:36','[\"products\\/2-3.jpg\",\"products\\/4-1.jpg\",\"products\\/4.jpg\"]'),(646,5,NULL,NULL,1,1,'Ok good product. I have some issues in customizations. But its not correct to blame the developer. The product is good. Good luck for your business.','published','2025-05-01 21:06:36','2025-05-01 21:06:36','[\"products\\/18-3.jpg\"]'),(647,10,NULL,NULL,13,1,'This script is well coded and is super fast. The support is pretty quick. Very patient and helpful team. I strongly recommend it and they deserve more than 5 stars.','published','2025-05-01 21:06:36','2025-05-01 21:06:36','[\"products\\/8-1.jpg\",\"products\\/21-2.jpg\",\"products\\/22.jpg\"]'),(667,2,NULL,NULL,13,2,'The code is good, in general, if you like it, can you give it 5 stars?','published','2025-05-01 21:06:36','2025-05-01 21:06:36','[\"products\\/9.jpg\",\"products\\/13.jpg\"]'),(697,8,NULL,NULL,19,4,'Ok good product. I have some issues in customizations. But its not correct to blame the developer. The product is good. Good luck for your business.','published','2025-05-01 21:06:36','2025-05-01 21:06:36','[\"products\\/7.jpg\",\"products\\/9-2.jpg\",\"products\\/18-1.jpg\",\"products\\/20-1.jpg\"]'),(701,10,NULL,NULL,23,2,'Solution is too robust for our purpose so we didn\'t use it at the end. But I appreciate customer support during initial configuration.','published','2025-05-01 21:06:36','2025-05-01 21:06:36','[\"products\\/8-2.jpg\",\"products\\/9-1.jpg\",\"products\\/15-1.jpg\",\"products\\/21-1.jpg\"]'),(708,2,NULL,NULL,14,3,'This script is well coded and is super fast. The support is pretty quick. Very patient and helpful team. I strongly recommend it and they deserve more than 5 stars.','published','2025-05-01 21:06:36','2025-05-01 21:06:36','[\"products\\/10-1.jpg\",\"products\\/11-3.jpg\"]'),(721,8,NULL,NULL,3,3,'Second or third time that I buy a Botble product, happy with the products and support. You guys do a good job :)','published','2025-05-01 21:06:36','2025-05-01 21:06:36','[\"products\\/4.jpg\",\"products\\/5-3.jpg\",\"products\\/8-2.jpg\",\"products\\/13-1.jpg\"]'),(742,4,NULL,NULL,21,1,'This script is well coded and is super fast. The support is pretty quick. Very patient and helpful team. I strongly recommend it and they deserve more than 5 stars.','published','2025-05-01 21:06:36','2025-05-01 21:06:36','[\"products\\/5-1.jpg\",\"products\\/10-1.jpg\",\"products\\/20.jpg\"]'),(780,5,NULL,NULL,6,2,'Amazing code, amazing support. Overall, im really confident in Botble and im happy I made the right choice! Thank you so much guys for coding this masterpiece','published','2025-05-01 21:06:36','2025-05-01 21:06:36','[\"products\\/5-1.jpg\",\"products\\/14.jpg\",\"products\\/18.jpg\",\"products\\/19-1.jpg\"]'),(904,9,NULL,NULL,3,5,'It\'s not my first experience here on Codecanyon and I can honestly tell you all that Botble puts a LOT of effort into the support. They answer so fast, they helped me tons of times. REALLY by far THE BEST EXPERIENCE on Codecanyon. Those guys at Botble are so good that they deserve 5 stars. I recommend them, I trust them and I can\'t wait to see what they will sell in a near future. Thank you Botble :)','published','2025-05-01 21:06:36','2025-05-01 21:06:36','[\"products\\/11-2.jpg\"]'),(940,4,NULL,NULL,6,5,'Clean & perfect source code','published','2025-05-01 21:06:36','2025-05-01 21:06:36','[\"products\\/8-3.jpg\",\"products\\/11-2.jpg\"]'),(958,2,NULL,NULL,16,1,'The best ecommerce CMS! Excellent coding! best support service! Thank you so much..... I really like your hard work.','published','2025-05-01 21:06:36','2025-05-01 21:06:36','[\"products\\/8-2.jpg\",\"products\\/11-1.jpg\"]');

--
